--
-- Host: localhost    Database: oznukdud_oc
-- ------------------------------------------------------


--
-- Table structure for table `address`
--

CREATE TABLE `address` (
  `address_id` int(11) NOT NULL AUTO_INCREMENT,
  `customer_id` int(11) NOT NULL,
  `firstname` varchar(32) NOT NULL,
  `lastname` varchar(32) NOT NULL,
  `company` varchar(40) NOT NULL,
  `address_1` varchar(128) NOT NULL,
  `address_2` varchar(128) NOT NULL,
  `city` varchar(128) NOT NULL,
  `postcode` varchar(10) NOT NULL,
  `country_id` int(11) NOT NULL DEFAULT '0',
  `zone_id` int(11) NOT NULL DEFAULT '0',
  `custom_field` text NOT NULL,
  PRIMARY KEY (`address_id`),
  KEY `customer_id` (`customer_id`)
) ENGINE=MyISAM DEFAULT CHARSET=utf8;

--
-- Dumping data for table `address`
--


--
-- Table structure for table `api`
--

CREATE TABLE `api` (
  `api_id` int(11) NOT NULL AUTO_INCREMENT,
  `username` varchar(64) NOT NULL,
  `key` text NOT NULL,
  `status` tinyint(1) NOT NULL,
  `date_added` datetime NOT NULL,
  `date_modified` datetime NOT NULL,
  PRIMARY KEY (`api_id`)
) ENGINE=MyISAM AUTO_INCREMENT=2 DEFAULT CHARSET=utf8;

--
-- Dumping data for table `api`
--

INSERT INTO `api` VALUES (1,'Default','eK3igHuvaf17xkvA8Jm1s5rxJPYV5CjWXYtDQQkyhOQFjPxeqSjunaleZ3Lq4PQo8oUI6G1WWRqTjhBfutyhr5NNUweIoj2c5SQMDqSTdpVR2u1dtWigWxq8s1iK7dBq35J6YUAlOKM5m7p4Anmgh1LhSMHbSCwo8xxit0BnqjTuvcs8Kj5iWhhmn7ZFNh7Sn3oWg5t2F0z75F7Gi3XweyLmvAWH3aW3gcDxBH9l3sEhG4cnylAwKFxrXEdKai1o',1,'2018-11-01 11:29:29','2018-11-01 11:29:29');

--
-- Table structure for table `api_ip`
--

CREATE TABLE `api_ip` (
  `api_ip_id` int(11) NOT NULL AUTO_INCREMENT,
  `api_id` int(11) NOT NULL,
  `ip` varchar(40) NOT NULL,
  PRIMARY KEY (`api_ip_id`)
) ENGINE=MyISAM DEFAULT CHARSET=utf8;

--
-- Dumping data for table `api_ip`
--


--
-- Table structure for table `api_session`
--

CREATE TABLE `api_session` (
  `api_session_id` int(11) NOT NULL AUTO_INCREMENT,
  `api_id` int(11) NOT NULL,
  `session_id` varchar(32) NOT NULL,
  `ip` varchar(40) NOT NULL,
  `date_added` datetime NOT NULL,
  `date_modified` datetime NOT NULL,
  PRIMARY KEY (`api_session_id`)
) ENGINE=MyISAM DEFAULT CHARSET=utf8;

--
-- Dumping data for table `api_session`
--


--
-- Table structure for table `attribute`
--

CREATE TABLE `attribute` (
  `attribute_id` int(11) NOT NULL AUTO_INCREMENT,
  `attribute_group_id` int(11) NOT NULL,
  `sort_order` int(3) NOT NULL,
  PRIMARY KEY (`attribute_id`)
) ENGINE=MyISAM AUTO_INCREMENT=12 DEFAULT CHARSET=utf8;

--
-- Dumping data for table `attribute`
--

INSERT INTO `attribute` VALUES (1,6,1),(2,6,5),(3,6,3),(4,3,1),(5,3,2),(6,3,3),(7,3,4),(8,3,5),(9,3,6),(10,3,7),(11,3,8);

--
-- Table structure for table `attribute_description`
--

CREATE TABLE `attribute_description` (
  `attribute_id` int(11) NOT NULL,
  `language_id` int(11) NOT NULL,
  `name` varchar(64) NOT NULL,
  PRIMARY KEY (`attribute_id`,`language_id`)
) ENGINE=MyISAM DEFAULT CHARSET=utf8;

--
-- Dumping data for table `attribute_description`
--

INSERT INTO `attribute_description` VALUES (1,1,'Description'),(2,1,'No. of Cores'),(4,1,'test 1'),(5,1,'test 2'),(6,1,'test 3'),(7,1,'test 4'),(8,1,'test 5'),(9,1,'test 6'),(10,1,'test 7'),(11,1,'test 8'),(3,1,'Clockspeed');

--
-- Table structure for table `attribute_group`
--

CREATE TABLE `attribute_group` (
  `attribute_group_id` int(11) NOT NULL AUTO_INCREMENT,
  `sort_order` int(3) NOT NULL,
  PRIMARY KEY (`attribute_group_id`)
) ENGINE=MyISAM AUTO_INCREMENT=7 DEFAULT CHARSET=utf8;

--
-- Dumping data for table `attribute_group`
--

INSERT INTO `attribute_group` VALUES (3,2),(4,1),(5,3),(6,4);

--
-- Table structure for table `attribute_group_description`
--

CREATE TABLE `attribute_group_description` (
  `attribute_group_id` int(11) NOT NULL,
  `language_id` int(11) NOT NULL,
  `name` varchar(64) NOT NULL,
  PRIMARY KEY (`attribute_group_id`,`language_id`)
) ENGINE=MyISAM DEFAULT CHARSET=utf8;

--
-- Dumping data for table `attribute_group_description`
--

INSERT INTO `attribute_group_description` VALUES (3,1,'Memory'),(4,1,'Technical'),(5,1,'Motherboard'),(6,1,'Processor');

--
-- Table structure for table `banner`
--

CREATE TABLE `banner` (
  `banner_id` int(11) NOT NULL AUTO_INCREMENT,
  `name` varchar(64) NOT NULL,
  `status` tinyint(1) NOT NULL,
  PRIMARY KEY (`banner_id`)
) ENGINE=MyISAM AUTO_INCREMENT=9 DEFAULT CHARSET=utf8;

--
-- Dumping data for table `banner`
--

INSERT INTO `banner` VALUES (6,'HP Products',1),(7,'Home Page Slideshow',1),(8,'Manufacturers',1);

--
-- Table structure for table `banner_image`
--

CREATE TABLE `banner_image` (
  `banner_image_id` int(11) NOT NULL AUTO_INCREMENT,
  `banner_id` int(11) NOT NULL,
  `language_id` int(11) NOT NULL,
  `title` varchar(64) NOT NULL,
  `link` varchar(255) NOT NULL,
  `image` varchar(255) NOT NULL,
  `sort_order` int(3) NOT NULL DEFAULT '0',
  PRIMARY KEY (`banner_image_id`)
) ENGINE=MyISAM AUTO_INCREMENT=99 DEFAULT CHARSET=utf8;

--
-- Dumping data for table `banner_image`
--

INSERT INTO `banner_image` VALUES (79,7,1,'iPhone 6','index.php?route=product/product&amp;path=57&amp;product_id=49','catalog/demo/banners/iPhone6.jpg',0),(87,6,1,'HP Banner','index.php?route=product/manufacturer/info&amp;manufacturer_id=7','catalog/demo/compaq_presario.jpg',0),(94,8,1,'NFL','','catalog/demo/manufacturer/nfl.png',0),(95,8,1,'RedBull','','catalog/demo/manufacturer/redbull.png',0),(96,8,1,'Sony','','catalog/demo/manufacturer/sony.png',0),(91,8,1,'Coca Cola','','catalog/demo/manufacturer/cocacola.png',0),(92,8,1,'Burger King','','catalog/demo/manufacturer/burgerking.png',0),(93,8,1,'Canon','','catalog/demo/manufacturer/canon.png',0),(88,8,1,'Harley Davidson','','catalog/demo/manufacturer/harley.png',0),(89,8,1,'Dell','','catalog/demo/manufacturer/dell.png',0),(90,8,1,'Disney','','catalog/demo/manufacturer/disney.png',0),(80,7,1,'MacBookAir','','catalog/demo/banners/MacBookAir.jpg',0),(97,8,1,'Starbucks','','catalog/demo/manufacturer/starbucks.png',0),(98,8,1,'Nintendo','','catalog/demo/manufacturer/nintendo.png',0);

--
-- Table structure for table `cart`
--

CREATE TABLE `cart` (
  `cart_id` int(11) unsigned NOT NULL AUTO_INCREMENT,
  `api_id` int(11) NOT NULL,
  `customer_id` int(11) NOT NULL,
  `session_id` varchar(32) NOT NULL,
  `product_id` int(11) NOT NULL,
  `recurring_id` int(11) NOT NULL,
  `option` text NOT NULL,
  `quantity` int(5) NOT NULL,
  `date_added` datetime NOT NULL,
  PRIMARY KEY (`cart_id`),
  KEY `cart_id` (`api_id`,`customer_id`,`session_id`,`product_id`,`recurring_id`)
) ENGINE=InnoDB DEFAULT CHARSET=utf8;

--
-- Dumping data for table `cart`
--


--
-- Table structure for table `category`
--

CREATE TABLE `category` (
  `category_id` int(11) NOT NULL AUTO_INCREMENT,
  `image` varchar(255) DEFAULT NULL,
  `parent_id` int(11) NOT NULL DEFAULT '0',
  `top` tinyint(1) NOT NULL,
  `column` int(3) NOT NULL,
  `sort_order` int(3) NOT NULL DEFAULT '0',
  `status` tinyint(1) NOT NULL,
  `date_added` datetime NOT NULL,
  `date_modified` datetime NOT NULL,
  PRIMARY KEY (`category_id`),
  KEY `parent_id` (`parent_id`)
) ENGINE=MyISAM AUTO_INCREMENT=59 DEFAULT CHARSET=utf8;

--
-- Dumping data for table `category`
--

INSERT INTO `category` VALUES (25,'',0,1,1,3,1,'2009-01-31 01:04:25','2011-05-30 12:14:55'),(27,'',20,0,0,2,1,'2009-01-31 01:55:34','2010-08-22 06:32:15'),(20,'catalog/demo/compaq_presario.jpg',0,1,1,1,1,'2009-01-05 21:49:43','2011-07-16 02:14:42'),(24,'',0,1,1,5,1,'2009-01-20 02:36:26','2011-05-30 12:15:18'),(18,'catalog/demo/hp_2.jpg',0,1,0,2,1,'2009-01-05 21:49:15','2011-05-30 12:13:55'),(17,'',0,1,1,4,1,'2009-01-03 21:08:57','2011-05-30 12:15:11'),(28,'',25,0,0,1,1,'2009-02-02 13:11:12','2010-08-22 06:32:46'),(26,'',20,0,0,1,1,'2009-01-31 01:55:14','2010-08-22 06:31:45'),(29,'',25,0,0,1,1,'2009-02-02 13:11:37','2010-08-22 06:32:39'),(30,'',25,0,0,1,1,'2009-02-02 13:11:59','2010-08-22 06:33:00'),(31,'',25,0,0,1,1,'2009-02-03 14:17:24','2010-08-22 06:33:06'),(32,'',25,0,0,1,1,'2009-02-03 14:17:34','2010-08-22 06:33:12'),(33,'',0,1,1,6,1,'2009-02-03 14:17:55','2011-05-30 12:15:25'),(34,'catalog/demo/ipod_touch_4.jpg',0,1,4,7,1,'2009-02-03 14:18:11','2011-05-30 12:15:31'),(35,'',28,0,0,0,1,'2010-09-17 10:06:48','2010-09-18 14:02:42'),(36,'',28,0,0,0,1,'2010-09-17 10:07:13','2010-09-18 14:02:55'),(37,'',34,0,0,0,1,'2010-09-18 14:03:39','2011-04-22 01:55:08'),(38,'',34,0,0,0,1,'2010-09-18 14:03:51','2010-09-18 14:03:51'),(39,'',34,0,0,0,1,'2010-09-18 14:04:17','2011-04-22 01:55:20'),(40,'',34,0,0,0,1,'2010-09-18 14:05:36','2010-09-18 14:05:36'),(41,'',34,0,0,0,1,'2010-09-18 14:05:49','2011-04-22 01:55:30'),(42,'',34,0,0,0,1,'2010-09-18 14:06:34','2010-11-07 20:31:04'),(43,'',34,0,0,0,1,'2010-09-18 14:06:49','2011-04-22 01:55:40'),(44,'',34,0,0,0,1,'2010-09-21 15:39:21','2010-11-07 20:30:55'),(45,'',18,0,0,0,1,'2010-09-24 18:29:16','2011-04-26 08:52:11'),(46,'',18,0,0,0,1,'2010-09-24 18:29:31','2011-04-26 08:52:23'),(47,'',34,0,0,0,1,'2010-11-07 11:13:16','2010-11-07 11:13:16'),(48,'',34,0,0,0,1,'2010-11-07 11:13:33','2010-11-07 11:13:33'),(49,'',34,0,0,0,1,'2010-11-07 11:14:04','2010-11-07 11:14:04'),(50,'',34,0,0,0,1,'2010-11-07 11:14:23','2011-04-22 01:16:01'),(51,'',34,0,0,0,1,'2010-11-07 11:14:38','2011-04-22 01:16:13'),(52,'',34,0,0,0,1,'2010-11-07 11:16:09','2011-04-22 01:54:57'),(53,'',34,0,0,0,1,'2010-11-07 11:28:53','2011-04-22 01:14:36'),(54,'',34,0,0,0,1,'2010-11-07 11:29:16','2011-04-22 01:16:50'),(55,'',34,0,0,0,1,'2010-11-08 10:31:32','2010-11-08 10:31:32'),(56,'',34,0,0,0,1,'2010-11-08 10:31:50','2011-04-22 01:16:37'),(57,'',0,1,1,3,1,'2011-04-26 08:53:16','2011-05-30 12:15:05'),(58,'',52,0,0,0,1,'2011-05-08 13:44:16','2011-05-08 13:44:16');

--
-- Table structure for table `category_description`
--

CREATE TABLE `category_description` (
  `category_id` int(11) NOT NULL,
  `language_id` int(11) NOT NULL,
  `name` varchar(255) NOT NULL,
  `description` text NOT NULL,
  `meta_title` varchar(255) NOT NULL,
  `meta_description` varchar(255) NOT NULL,
  `meta_keyword` varchar(255) NOT NULL,
  PRIMARY KEY (`category_id`,`language_id`),
  KEY `name` (`name`)
) ENGINE=MyISAM DEFAULT CHARSET=utf8;

--
-- Dumping data for table `category_description`
--

INSERT INTO `category_description` VALUES (28,1,'Monitors','','Monitors','',''),(33,1,'Cameras','','Cameras','',''),(32,1,'Web Cameras','','Web Cameras','',''),(31,1,'Scanners','','Scanners','',''),(30,1,'Printers','','Printers','',''),(29,1,'Mice and Trackballs','','Mice and Trackballs','',''),(27,1,'Mac','','Mac','',''),(26,1,'PC','','PC','',''),(17,1,'Software','','Software','',''),(25,1,'Components','','Components','',''),(24,1,'Phones &amp; PDAs','','Phones &amp; PDAs','',''),(20,1,'Desktops','&lt;p&gt;\r\n	Example of category description text&lt;/p&gt;\r\n','Desktops','Example of category description',''),(35,1,'test 1','','test 1','',''),(36,1,'test 2','','test 2','',''),(37,1,'test 5','','test 5','',''),(38,1,'test 4','','test 4','',''),(39,1,'test 6','','test 6','',''),(40,1,'test 7','','test 7','',''),(41,1,'test 8','','test 8','',''),(42,1,'test 9','','test 9','',''),(43,1,'test 11','','test 11','',''),(34,1,'MP3 Players','&lt;p&gt;\r\n	Shop Laptop feature only the best laptop deals on the market. By comparing laptop deals from the likes of PC World, Comet, Dixons, The Link and Carphone Warehouse, Shop Laptop has the most comprehensive selection of laptops on the internet. At Shop Laptop, we pride ourselves on offering customers the very best laptop deals. From refurbished laptops to netbooks, Shop Laptop ensures that every laptop - in every colour, style, size and technical spec - is featured on the site at the lowest possible price.&lt;/p&gt;\r\n','MP3 Players','',''),(18,1,'Laptops &amp; Notebooks','&lt;p&gt;\r\n	Shop Laptop feature only the best laptop deals on the market. By comparing laptop deals from the likes of PC World, Comet, Dixons, The Link and Carphone Warehouse, Shop Laptop has the most comprehensive selection of laptops on the internet. At Shop Laptop, we pride ourselves on offering customers the very best laptop deals. From refurbished laptops to netbooks, Shop Laptop ensures that every laptop - in every colour, style, size and technical spec - is featured on the site at the lowest possible price.&lt;/p&gt;\r\n','Laptops &amp; Notebooks','',''),(44,1,'test 12','','test 12','',''),(45,1,'Windows','','Windows','',''),(46,1,'Macs','','Macs','',''),(47,1,'test 15','','test 15','',''),(48,1,'test 16','','test 16','',''),(49,1,'test 17','','test 17','',''),(50,1,'test 18','','test 18','',''),(51,1,'test 19','','test 19','',''),(52,1,'test 20','','test 20','',''),(53,1,'test 21','','test 21','',''),(54,1,'test 22','','test 22','',''),(55,1,'test 23','','test 23','',''),(56,1,'test 24','','test 24','',''),(57,1,'Tablets','','Tablets','',''),(58,1,'test 25','','test 25','','');

--
-- Table structure for table `category_filter`
--

CREATE TABLE `category_filter` (
  `category_id` int(11) NOT NULL,
  `filter_id` int(11) NOT NULL,
  PRIMARY KEY (`category_id`,`filter_id`)
) ENGINE=MyISAM DEFAULT CHARSET=utf8;

--
-- Dumping data for table `category_filter`
--


--
-- Table structure for table `category_path`
--

CREATE TABLE `category_path` (
  `category_id` int(11) NOT NULL,
  `path_id` int(11) NOT NULL,
  `level` int(11) NOT NULL,
  PRIMARY KEY (`category_id`,`path_id`)
) ENGINE=MyISAM DEFAULT CHARSET=utf8;

--
-- Dumping data for table `category_path`
--

INSERT INTO `category_path` VALUES (25,25,0),(28,25,0),(28,28,1),(35,25,0),(35,28,1),(35,35,2),(36,25,0),(36,28,1),(36,36,2),(29,25,0),(29,29,1),(30,25,0),(30,30,1),(31,25,0),(31,31,1),(32,25,0),(32,32,1),(20,20,0),(27,20,0),(27,27,1),(26,20,0),(26,26,1),(24,24,0),(18,18,0),(45,18,0),(45,45,1),(46,18,0),(46,46,1),(17,17,0),(33,33,0),(34,34,0),(37,34,0),(37,37,1),(38,34,0),(38,38,1),(39,34,0),(39,39,1),(40,34,0),(40,40,1),(41,34,0),(41,41,1),(42,34,0),(42,42,1),(43,34,0),(43,43,1),(44,34,0),(44,44,1),(47,34,0),(47,47,1),(48,34,0),(48,48,1),(49,34,0),(49,49,1),(50,34,0),(50,50,1),(51,34,0),(51,51,1),(52,34,0),(52,52,1),(58,34,0),(58,52,1),(58,58,2),(53,34,0),(53,53,1),(54,34,0),(54,54,1),(55,34,0),(55,55,1),(56,34,0),(56,56,1),(57,57,0);

--
-- Table structure for table `category_to_layout`
--

CREATE TABLE `category_to_layout` (
  `category_id` int(11) NOT NULL,
  `store_id` int(11) NOT NULL,
  `layout_id` int(11) NOT NULL,
  PRIMARY KEY (`category_id`,`store_id`)
) ENGINE=MyISAM DEFAULT CHARSET=utf8;

--
-- Dumping data for table `category_to_layout`
--


--
-- Table structure for table `category_to_store`
--

CREATE TABLE `category_to_store` (
  `category_id` int(11) NOT NULL,
  `store_id` int(11) NOT NULL,
  PRIMARY KEY (`category_id`,`store_id`)
) ENGINE=MyISAM DEFAULT CHARSET=utf8;

--
-- Dumping data for table `category_to_store`
--

INSERT INTO `category_to_store` VALUES (17,0),(18,0),(20,0),(24,0),(25,0),(26,0),(27,0),(28,0),(29,0),(30,0),(31,0),(32,0),(33,0),(34,0),(35,0),(36,0),(37,0),(38,0),(39,0),(40,0),(41,0),(42,0),(43,0),(44,0),(45,0),(46,0),(47,0),(48,0),(49,0),(50,0),(51,0),(52,0),(53,0),(54,0),(55,0),(56,0),(57,0),(58,0);

--
-- Table structure for table `country`
--

CREATE TABLE `country` (
  `country_id` int(11) NOT NULL AUTO_INCREMENT,
  `name` varchar(128) NOT NULL,
  `iso_code_2` varchar(2) NOT NULL,
  `iso_code_3` varchar(3) NOT NULL,
  `address_format` text NOT NULL,
  `postcode_required` tinyint(1) NOT NULL,
  `status` tinyint(1) NOT NULL DEFAULT '1',
  PRIMARY KEY (`country_id`)
) ENGINE=MyISAM AUTO_INCREMENT=258 DEFAULT CHARSET=utf8;

--
-- Dumping data for table `country`
--

INSERT INTO `country` VALUES (1,'Afghanistan','AF','AFG','',0,1),(2,'Albania','AL','ALB','',0,1),(3,'Algeria','DZ','DZA','',0,1),(4,'American Samoa','AS','ASM','',0,1),(5,'Andorra','AD','AND','',0,1),(6,'Angola','AO','AGO','',0,1),(7,'Anguilla','AI','AIA','',0,1),(8,'Antarctica','AQ','ATA','',0,1),(9,'Antigua and Barbuda','AG','ATG','',0,1),(10,'Argentina','AR','ARG','',0,1),(11,'Armenia','AM','ARM','',0,1),(12,'Aruba','AW','ABW','',0,1),(13,'Australia','AU','AUS','',0,1),(14,'Austria','AT','AUT','',0,1),(15,'Azerbaijan','AZ','AZE','',0,1),(16,'Bahamas','BS','BHS','',0,1),(17,'Bahrain','BH','BHR','',0,1),(18,'Bangladesh','BD','BGD','',0,1),(19,'Barbados','BB','BRB','',0,1),(20,'Belarus','BY','BLR','',0,1),(21,'Belgium','BE','BEL','{firstname} {lastname}\r\n{company}\r\n{address_1}\r\n{address_2}\r\n{postcode} {city}\r\n{country}',0,1),(22,'Belize','BZ','BLZ','',0,1),(23,'Benin','BJ','BEN','',0,1),(24,'Bermuda','BM','BMU','',0,1),(25,'Bhutan','BT','BTN','',0,1),(26,'Bolivia','BO','BOL','',0,1),(27,'Bosnia and Herzegovina','BA','BIH','',0,1),(28,'Botswana','BW','BWA','',0,1),(29,'Bouvet Island','BV','BVT','',0,1),(30,'Brazil','BR','BRA','',0,1),(31,'British Indian Ocean Territory','IO','IOT','',0,1),(32,'Brunei Darussalam','BN','BRN','',0,1),(33,'Bulgaria','BG','BGR','',0,1),(34,'Burkina Faso','BF','BFA','',0,1),(35,'Burundi','BI','BDI','',0,1),(36,'Cambodia','KH','KHM','',0,1),(37,'Cameroon','CM','CMR','',0,1),(38,'Canada','CA','CAN','',0,1),(39,'Cape Verde','CV','CPV','',0,1),(40,'Cayman Islands','KY','CYM','',0,1),(41,'Central African Republic','CF','CAF','',0,1),(42,'Chad','TD','TCD','',0,1),(43,'Chile','CL','CHL','',0,1),(44,'China','CN','CHN','',0,1),(45,'Christmas Island','CX','CXR','',0,1),(46,'Cocos (Keeling) Islands','CC','CCK','',0,1),(47,'Colombia','CO','COL','',0,1),(48,'Comoros','KM','COM','',0,1),(49,'Congo','CG','COG','',0,1),(50,'Cook Islands','CK','COK','',0,1),(51,'Costa Rica','CR','CRI','',0,1),(52,'Cote D\'Ivoire','CI','CIV','',0,1),(53,'Croatia','HR','HRV','',0,1),(54,'Cuba','CU','CUB','',0,1),(55,'Cyprus','CY','CYP','',0,1),(56,'Czech Republic','CZ','CZE','',0,1),(57,'Denmark','DK','DNK','',0,1),(58,'Djibouti','DJ','DJI','',0,1),(59,'Dominica','DM','DMA','',0,1),(60,'Dominican Republic','DO','DOM','',0,1),(61,'East Timor','TL','TLS','',0,1),(62,'Ecuador','EC','ECU','',0,1),(63,'Egypt','EG','EGY','',0,1),(64,'El Salvador','SV','SLV','',0,1),(65,'Equatorial Guinea','GQ','GNQ','',0,1),(66,'Eritrea','ER','ERI','',0,1),(67,'Estonia','EE','EST','',0,1),(68,'Ethiopia','ET','ETH','',0,1),(69,'Falkland Islands (Malvinas)','FK','FLK','',0,1),(70,'Faroe Islands','FO','FRO','',0,1),(71,'Fiji','FJ','FJI','',0,1),(72,'Finland','FI','FIN','',0,1),(74,'France, Metropolitan','FR','FRA','{firstname} {lastname}\r\n{company}\r\n{address_1}\r\n{address_2}\r\n{postcode} {city}\r\n{country}',1,1),(75,'French Guiana','GF','GUF','',0,1),(76,'French Polynesia','PF','PYF','',0,1),(77,'French Southern Territories','TF','ATF','',0,1),(78,'Gabon','GA','GAB','',0,1),(79,'Gambia','GM','GMB','',0,1),(80,'Georgia','GE','GEO','',0,1),(81,'Germany','DE','DEU','{company}\r\n{firstname} {lastname}\r\n{address_1}\r\n{address_2}\r\n{postcode} {city}\r\n{country}',1,1),(82,'Ghana','GH','GHA','',0,1),(83,'Gibraltar','GI','GIB','',0,1),(84,'Greece','GR','GRC','',0,1),(85,'Greenland','GL','GRL','',0,1),(86,'Grenada','GD','GRD','',0,1),(87,'Guadeloupe','GP','GLP','',0,1),(88,'Guam','GU','GUM','',0,1),(89,'Guatemala','GT','GTM','',0,1),(90,'Guinea','GN','GIN','',0,1),(91,'Guinea-Bissau','GW','GNB','',0,1),(92,'Guyana','GY','GUY','',0,1),(93,'Haiti','HT','HTI','',0,1),(94,'Heard and Mc Donald Islands','HM','HMD','',0,1),(95,'Honduras','HN','HND','',0,1),(96,'Hong Kong','HK','HKG','',0,1),(97,'Hungary','HU','HUN','',0,1),(98,'Iceland','IS','ISL','',0,1),(99,'India','IN','IND','',0,1),(100,'Indonesia','ID','IDN','',0,1),(101,'Iran (Islamic Republic of)','IR','IRN','',0,1),(102,'Iraq','IQ','IRQ','',0,1),(103,'Ireland','IE','IRL','',0,1),(104,'Israel','IL','ISR','',0,1),(105,'Italy','IT','ITA','',0,1),(106,'Jamaica','JM','JAM','',0,1),(107,'Japan','JP','JPN','',0,1),(108,'Jordan','JO','JOR','',0,1),(109,'Kazakhstan','KZ','KAZ','',0,1),(110,'Kenya','KE','KEN','',0,1),(111,'Kiribati','KI','KIR','',0,1),(112,'North Korea','KP','PRK','',0,1),(113,'South Korea','KR','KOR','',0,1),(114,'Kuwait','KW','KWT','',0,1),(115,'Kyrgyzstan','KG','KGZ','',0,1),(116,'Lao People\'s Democratic Republic','LA','LAO','',0,1),(117,'Latvia','LV','LVA','',0,1),(118,'Lebanon','LB','LBN','',0,1),(119,'Lesotho','LS','LSO','',0,1),(120,'Liberia','LR','LBR','',0,1),(121,'Libyan Arab Jamahiriya','LY','LBY','',0,1),(122,'Liechtenstein','LI','LIE','',0,1),(123,'Lithuania','LT','LTU','',0,1),(124,'Luxembourg','LU','LUX','',0,1),(125,'Macau','MO','MAC','',0,1),(126,'FYROM','MK','MKD','',0,1),(127,'Madagascar','MG','MDG','',0,1),(128,'Malawi','MW','MWI','',0,1),(129,'Malaysia','MY','MYS','',0,1),(130,'Maldives','MV','MDV','',0,1),(131,'Mali','ML','MLI','',0,1),(132,'Malta','MT','MLT','',0,1),(133,'Marshall Islands','MH','MHL','',0,1),(134,'Martinique','MQ','MTQ','',0,1),(135,'Mauritania','MR','MRT','',0,1),(136,'Mauritius','MU','MUS','',0,1),(137,'Mayotte','YT','MYT','',0,1),(138,'Mexico','MX','MEX','',0,1),(139,'Micronesia, Federated States of','FM','FSM','',0,1),(140,'Moldova, Republic of','MD','MDA','',0,1),(141,'Monaco','MC','MCO','',0,1),(142,'Mongolia','MN','MNG','',0,1),(143,'Montserrat','MS','MSR','',0,1),(144,'Morocco','MA','MAR','',0,1),(145,'Mozambique','MZ','MOZ','',0,1),(146,'Myanmar','MM','MMR','',0,1),(147,'Namibia','NA','NAM','',0,1),(148,'Nauru','NR','NRU','',0,1),(149,'Nepal','NP','NPL','',0,1),(150,'Netherlands','NL','NLD','',0,1),(151,'Netherlands Antilles','AN','ANT','',0,1),(152,'New Caledonia','NC','NCL','',0,1),(153,'New Zealand','NZ','NZL','',0,1),(154,'Nicaragua','NI','NIC','',0,1),(155,'Niger','NE','NER','',0,1),(156,'Nigeria','NG','NGA','',0,1),(157,'Niue','NU','NIU','',0,1),(158,'Norfolk Island','NF','NFK','',0,1),(159,'Northern Mariana Islands','MP','MNP','',0,1),(160,'Norway','NO','NOR','',0,1),(161,'Oman','OM','OMN','',0,1),(162,'Pakistan','PK','PAK','',0,1),(163,'Palau','PW','PLW','',0,1),(164,'Panama','PA','PAN','',0,1),(165,'Papua New Guinea','PG','PNG','',0,1),(166,'Paraguay','PY','PRY','',0,1),(167,'Peru','PE','PER','',0,1),(168,'Philippines','PH','PHL','',0,1),(169,'Pitcairn','PN','PCN','',0,1),(170,'Poland','PL','POL','',0,1),(171,'Portugal','PT','PRT','',0,1),(172,'Puerto Rico','PR','PRI','',0,1),(173,'Qatar','QA','QAT','',0,1),(174,'Reunion','RE','REU','',0,1),(175,'Romania','RO','ROM','',0,1),(176,'Russian Federation','RU','RUS','',0,1),(177,'Rwanda','RW','RWA','',0,1),(178,'Saint Kitts and Nevis','KN','KNA','',0,1),(179,'Saint Lucia','LC','LCA','',0,1),(180,'Saint Vincent and the Grenadines','VC','VCT','',0,1),(181,'Samoa','WS','WSM','',0,1),(182,'San Marino','SM','SMR','',0,1),(183,'Sao Tome and Principe','ST','STP','',0,1),(184,'Saudi Arabia','SA','SAU','',0,1),(185,'Senegal','SN','SEN','',0,1),(186,'Seychelles','SC','SYC','',0,1),(187,'Sierra Leone','SL','SLE','',0,1),(188,'Singapore','SG','SGP','',0,1),(189,'Slovak Republic','SK','SVK','{firstname} {lastname}\r\n{company}\r\n{address_1}\r\n{address_2}\r\n{city} {postcode}\r\n{zone}\r\n{country}',0,1),(190,'Slovenia','SI','SVN','',0,1),(191,'Solomon Islands','SB','SLB','',0,1),(192,'Somalia','SO','SOM','',0,1),(193,'South Africa','ZA','ZAF','',0,1),(194,'South Georgia &amp; South Sandwich Islands','GS','SGS','',0,1),(195,'Spain','ES','ESP','',0,1),(196,'Sri Lanka','LK','LKA','',0,1),(197,'St. Helena','SH','SHN','',0,1),(198,'St. Pierre and Miquelon','PM','SPM','',0,1),(199,'Sudan','SD','SDN','',0,1),(200,'Suriname','SR','SUR','',0,1),(201,'Svalbard and Jan Mayen Islands','SJ','SJM','',0,1),(202,'Swaziland','SZ','SWZ','',0,1),(203,'Sweden','SE','SWE','{company}\r\n{firstname} {lastname}\r\n{address_1}\r\n{address_2}\r\n{postcode} {city}\r\n{country}',1,1),(204,'Switzerland','CH','CHE','',0,1),(205,'Syrian Arab Republic','SY','SYR','',0,1),(206,'Taiwan','TW','TWN','',0,1),(207,'Tajikistan','TJ','TJK','',0,1),(208,'Tanzania, United Republic of','TZ','TZA','',0,1),(209,'Thailand','TH','THA','',0,1),(210,'Togo','TG','TGO','',0,1),(211,'Tokelau','TK','TKL','',0,1),(212,'Tonga','TO','TON','',0,1),(213,'Trinidad and Tobago','TT','TTO','',0,1),(214,'Tunisia','TN','TUN','',0,1),(215,'Turkey','TR','TUR','',0,1),(216,'Turkmenistan','TM','TKM','',0,1),(217,'Turks and Caicos Islands','TC','TCA','',0,1),(218,'Tuvalu','TV','TUV','',0,1),(219,'Uganda','UG','UGA','',0,1),(220,'Ukraine','UA','UKR','',0,1),(221,'United Arab Emirates','AE','ARE','',0,1),(222,'United Kingdom','GB','GBR','',1,1),(223,'United States','US','USA','{firstname} {lastname}\r\n{company}\r\n{address_1}\r\n{address_2}\r\n{city}, {zone} {postcode}\r\n{country}',0,1),(224,'United States Minor Outlying Islands','UM','UMI','',0,1),(225,'Uruguay','UY','URY','',0,1),(226,'Uzbekistan','UZ','UZB','',0,1),(227,'Vanuatu','VU','VUT','',0,1),(228,'Vatican City State (Holy See)','VA','VAT','',0,1),(229,'Venezuela','VE','VEN','',0,1),(230,'Viet Nam','VN','VNM','',0,1),(231,'Virgin Islands (British)','VG','VGB','',0,1),(232,'Virgin Islands (U.S.)','VI','VIR','',0,1),(233,'Wallis and Futuna Islands','WF','WLF','',0,1),(234,'Western Sahara','EH','ESH','',0,1),(235,'Yemen','YE','YEM','',0,1),(237,'Democratic Republic of Congo','CD','COD','',0,1),(238,'Zambia','ZM','ZMB','',0,1),(239,'Zimbabwe','ZW','ZWE','',0,1),(242,'Montenegro','ME','MNE','',0,1),(243,'Serbia','RS','SRB','',0,1),(244,'Aaland Islands','AX','ALA','',0,1),(245,'Bonaire, Sint Eustatius and Saba','BQ','BES','',0,1),(246,'Curacao','CW','CUW','',0,1),(247,'Palestinian Territory, Occupied','PS','PSE','',0,1),(248,'South Sudan','SS','SSD','',0,1),(249,'St. Barthelemy','BL','BLM','',0,1),(250,'St. Martin (French part)','MF','MAF','',0,1),(251,'Canary Islands','IC','ICA','',0,1),(252,'Ascension Island (British)','AC','ASC','',0,1),(253,'Kosovo, Republic of','XK','UNK','',0,1),(254,'Isle of Man','IM','IMN','',0,1),(255,'Tristan da Cunha','TA','SHN','',0,1),(256,'Guernsey','GG','GGY','',0,1),(257,'Jersey','JE','JEY','',0,1);

--
-- Table structure for table `coupon`
--

CREATE TABLE `coupon` (
  `coupon_id` int(11) NOT NULL AUTO_INCREMENT,
  `name` varchar(128) NOT NULL,
  `code` varchar(20) NOT NULL,
  `type` char(1) NOT NULL,
  `discount` decimal(15,4) NOT NULL,
  `logged` tinyint(1) NOT NULL,
  `shipping` tinyint(1) NOT NULL,
  `total` decimal(15,4) NOT NULL,
  `date_start` date NOT NULL DEFAULT '0000-00-00',
  `date_end` date NOT NULL DEFAULT '0000-00-00',
  `uses_total` int(11) NOT NULL,
  `uses_customer` varchar(11) NOT NULL,
  `status` tinyint(1) NOT NULL,
  `date_added` datetime NOT NULL,
  PRIMARY KEY (`coupon_id`)
) ENGINE=MyISAM AUTO_INCREMENT=7 DEFAULT CHARSET=utf8;

--
-- Dumping data for table `coupon`
--

INSERT INTO `coupon` VALUES (4,'-10% Discount','2222','P',10.0000,0,0,0.0000,'2014-01-01','2020-01-01',10,'10',0,'2009-01-27 13:55:03'),(5,'Free Shipping','3333','P',0.0000,0,1,100.0000,'2014-01-01','2014-02-01',10,'10',0,'2009-03-14 21:13:53'),(6,'-10.00 Discount','1111','F',10.0000,0,0,10.0000,'2014-01-01','2020-01-01',100000,'10000',0,'2009-03-14 21:15:18');

--
-- Table structure for table `coupon_category`
--

CREATE TABLE `coupon_category` (
  `coupon_id` int(11) NOT NULL,
  `category_id` int(11) NOT NULL,
  PRIMARY KEY (`coupon_id`,`category_id`)
) ENGINE=MyISAM DEFAULT CHARSET=utf8;

--
-- Dumping data for table `coupon_category`
--


--
-- Table structure for table `coupon_history`
--

CREATE TABLE `coupon_history` (
  `coupon_history_id` int(11) NOT NULL AUTO_INCREMENT,
  `coupon_id` int(11) NOT NULL,
  `order_id` int(11) NOT NULL,
  `customer_id` int(11) NOT NULL,
  `amount` decimal(15,4) NOT NULL,
  `date_added` datetime NOT NULL,
  PRIMARY KEY (`coupon_history_id`)
) ENGINE=MyISAM DEFAULT CHARSET=utf8;

--
-- Dumping data for table `coupon_history`
--


--
-- Table structure for table `coupon_product`
--

CREATE TABLE `coupon_product` (
  `coupon_product_id` int(11) NOT NULL AUTO_INCREMENT,
  `coupon_id` int(11) NOT NULL,
  `product_id` int(11) NOT NULL,
  PRIMARY KEY (`coupon_product_id`)
) ENGINE=MyISAM DEFAULT CHARSET=utf8;

--
-- Dumping data for table `coupon_product`
--


--
-- Table structure for table `currency`
--

CREATE TABLE `currency` (
  `currency_id` int(11) NOT NULL AUTO_INCREMENT,
  `title` varchar(32) NOT NULL,
  `code` varchar(3) NOT NULL,
  `symbol_left` varchar(12) NOT NULL,
  `symbol_right` varchar(12) NOT NULL,
  `decimal_place` char(1) NOT NULL,
  `value` double(15,8) NOT NULL,
  `status` tinyint(1) NOT NULL,
  `date_modified` datetime NOT NULL,
  PRIMARY KEY (`currency_id`)
) ENGINE=MyISAM AUTO_INCREMENT=4 DEFAULT CHARSET=utf8;

--
-- Dumping data for table `currency`
--

INSERT INTO `currency` VALUES (1,'Pound Sterling','GBP','£','','2',0.61250001,1,'2014-09-25 14:40:00'),(2,'US Dollar','USD','$','','2',1.00000000,1,'2018-11-01 09:30:13'),(3,'Euro','EUR','','€','2',0.78460002,1,'2014-09-25 14:40:00');

--
-- Table structure for table `custom_field`
--

CREATE TABLE `custom_field` (
  `custom_field_id` int(11) NOT NULL AUTO_INCREMENT,
  `type` varchar(32) NOT NULL,
  `value` text NOT NULL,
  `validation` varchar(255) NOT NULL,
  `location` varchar(10) NOT NULL,
  `status` tinyint(1) NOT NULL,
  `sort_order` int(3) NOT NULL,
  PRIMARY KEY (`custom_field_id`)
) ENGINE=MyISAM DEFAULT CHARSET=utf8;

--
-- Dumping data for table `custom_field`
--


--
-- Table structure for table `custom_field_customer_group`
--

CREATE TABLE `custom_field_customer_group` (
  `custom_field_id` int(11) NOT NULL,
  `customer_group_id` int(11) NOT NULL,
  `required` tinyint(1) NOT NULL,
  PRIMARY KEY (`custom_field_id`,`customer_group_id`)
) ENGINE=MyISAM DEFAULT CHARSET=utf8;

--
-- Dumping data for table `custom_field_customer_group`
--


--
-- Table structure for table `custom_field_description`
--

CREATE TABLE `custom_field_description` (
  `custom_field_id` int(11) NOT NULL,
  `language_id` int(11) NOT NULL,
  `name` varchar(128) NOT NULL,
  PRIMARY KEY (`custom_field_id`,`language_id`)
) ENGINE=MyISAM DEFAULT CHARSET=utf8;

--
-- Dumping data for table `custom_field_description`
--


--
-- Table structure for table `custom_field_value`
--

CREATE TABLE `custom_field_value` (
  `custom_field_value_id` int(11) NOT NULL AUTO_INCREMENT,
  `custom_field_id` int(11) NOT NULL,
  `sort_order` int(3) NOT NULL,
  PRIMARY KEY (`custom_field_value_id`)
) ENGINE=MyISAM DEFAULT CHARSET=utf8;

--
-- Dumping data for table `custom_field_value`
--


--
-- Table structure for table `custom_field_value_description`
--

CREATE TABLE `custom_field_value_description` (
  `custom_field_value_id` int(11) NOT NULL,
  `language_id` int(11) NOT NULL,
  `custom_field_id` int(11) NOT NULL,
  `name` varchar(128) NOT NULL,
  PRIMARY KEY (`custom_field_value_id`,`language_id`)
) ENGINE=MyISAM DEFAULT CHARSET=utf8;

--
-- Dumping data for table `custom_field_value_description`
--


--
-- Table structure for table `customer`
--

CREATE TABLE `customer` (
  `customer_id` int(11) NOT NULL AUTO_INCREMENT,
  `customer_group_id` int(11) NOT NULL,
  `store_id` int(11) NOT NULL DEFAULT '0',
  `language_id` int(11) NOT NULL,
  `firstname` varchar(32) NOT NULL,
  `lastname` varchar(32) NOT NULL,
  `email` varchar(96) NOT NULL,
  `telephone` varchar(32) NOT NULL,
  `fax` varchar(32) NOT NULL,
  `password` varchar(40) NOT NULL,
  `salt` varchar(9) NOT NULL,
  `cart` text,
  `wishlist` text,
  `newsletter` tinyint(1) NOT NULL DEFAULT '0',
  `address_id` int(11) NOT NULL DEFAULT '0',
  `custom_field` text NOT NULL,
  `ip` varchar(40) NOT NULL,
  `status` tinyint(1) NOT NULL,
  `safe` tinyint(1) NOT NULL,
  `token` text NOT NULL,
  `code` varchar(40) NOT NULL,
  `date_added` datetime NOT NULL,
  PRIMARY KEY (`customer_id`)
) ENGINE=MyISAM DEFAULT CHARSET=utf8;

--
-- Dumping data for table `customer`
--


--
-- Table structure for table `customer_activity`
--

CREATE TABLE `customer_activity` (
  `customer_activity_id` int(11) NOT NULL AUTO_INCREMENT,
  `customer_id` int(11) NOT NULL,
  `key` varchar(64) NOT NULL,
  `data` text NOT NULL,
  `ip` varchar(40) NOT NULL,
  `date_added` datetime NOT NULL,
  PRIMARY KEY (`customer_activity_id`)
) ENGINE=MyISAM DEFAULT CHARSET=utf8;

--
-- Dumping data for table `customer_activity`
--


--
-- Table structure for table `customer_affiliate`
--

CREATE TABLE `customer_affiliate` (
  `customer_id` int(11) NOT NULL,
  `company` varchar(40) NOT NULL,
  `website` varchar(255) NOT NULL,
  `tracking` varchar(64) NOT NULL,
  `commission` decimal(4,2) NOT NULL DEFAULT '0.00',
  `tax` varchar(64) NOT NULL,
  `payment` varchar(6) NOT NULL,
  `cheque` varchar(100) NOT NULL,
  `paypal` varchar(64) NOT NULL,
  `bank_name` varchar(64) NOT NULL,
  `bank_branch_number` varchar(64) NOT NULL,
  `bank_swift_code` varchar(64) NOT NULL,
  `bank_account_name` varchar(64) NOT NULL,
  `bank_account_number` varchar(64) NOT NULL,
  `custom_field` text NOT NULL,
  `status` tinyint(1) NOT NULL,
  `date_added` datetime NOT NULL,
  PRIMARY KEY (`customer_id`)
) ENGINE=MyISAM DEFAULT CHARSET=utf8;

--
-- Dumping data for table `customer_affiliate`
--


--
-- Table structure for table `customer_approval`
--

CREATE TABLE `customer_approval` (
  `customer_approval_id` int(11) NOT NULL AUTO_INCREMENT,
  `customer_id` int(11) NOT NULL,
  `type` varchar(9) NOT NULL,
  `date_added` datetime NOT NULL,
  PRIMARY KEY (`customer_approval_id`)
) ENGINE=MyISAM DEFAULT CHARSET=utf8;

--
-- Dumping data for table `customer_approval`
--


--
-- Table structure for table `customer_group`
--

CREATE TABLE `customer_group` (
  `customer_group_id` int(11) NOT NULL AUTO_INCREMENT,
  `approval` int(1) NOT NULL,
  `sort_order` int(3) NOT NULL,
  PRIMARY KEY (`customer_group_id`)
) ENGINE=MyISAM AUTO_INCREMENT=2 DEFAULT CHARSET=utf8;

--
-- Dumping data for table `customer_group`
--

INSERT INTO `customer_group` VALUES (1,0,1);

--
-- Table structure for table `customer_group_description`
--

CREATE TABLE `customer_group_description` (
  `customer_group_id` int(11) NOT NULL,
  `language_id` int(11) NOT NULL,
  `name` varchar(32) NOT NULL,
  `description` text NOT NULL,
  PRIMARY KEY (`customer_group_id`,`language_id`)
) ENGINE=MyISAM DEFAULT CHARSET=utf8;

--
-- Dumping data for table `customer_group_description`
--

INSERT INTO `customer_group_description` VALUES (1,1,'Default','test');

--
-- Table structure for table `customer_history`
--

CREATE TABLE `customer_history` (
  `customer_history_id` int(11) NOT NULL AUTO_INCREMENT,
  `customer_id` int(11) NOT NULL,
  `comment` text NOT NULL,
  `date_added` datetime NOT NULL,
  PRIMARY KEY (`customer_history_id`)
) ENGINE=MyISAM DEFAULT CHARSET=utf8;

--
-- Dumping data for table `customer_history`
--


--
-- Table structure for table `customer_ip`
--

CREATE TABLE `customer_ip` (
  `customer_ip_id` int(11) NOT NULL AUTO_INCREMENT,
  `customer_id` int(11) NOT NULL,
  `ip` varchar(40) NOT NULL,
  `date_added` datetime NOT NULL,
  PRIMARY KEY (`customer_ip_id`),
  KEY `ip` (`ip`)
) ENGINE=MyISAM DEFAULT CHARSET=utf8;

--
-- Dumping data for table `customer_ip`
--


--
-- Table structure for table `customer_login`
--

CREATE TABLE `customer_login` (
  `customer_login_id` int(11) NOT NULL AUTO_INCREMENT,
  `email` varchar(96) NOT NULL,
  `ip` varchar(40) NOT NULL,
  `total` int(4) NOT NULL,
  `date_added` datetime NOT NULL,
  `date_modified` datetime NOT NULL,
  PRIMARY KEY (`customer_login_id`),
  KEY `email` (`email`),
  KEY `ip` (`ip`)
) ENGINE=MyISAM DEFAULT CHARSET=utf8;

--
-- Dumping data for table `customer_login`
--


--
-- Table structure for table `customer_online`
--

CREATE TABLE `customer_online` (
  `ip` varchar(40) NOT NULL,
  `customer_id` int(11) NOT NULL,
  `url` text NOT NULL,
  `referer` text NOT NULL,
  `date_added` datetime NOT NULL,
  PRIMARY KEY (`ip`)
) ENGINE=MyISAM DEFAULT CHARSET=utf8;

--
-- Dumping data for table `customer_online`
--


--
-- Table structure for table `customer_reward`
--

CREATE TABLE `customer_reward` (
  `customer_reward_id` int(11) NOT NULL AUTO_INCREMENT,
  `customer_id` int(11) NOT NULL DEFAULT '0',
  `order_id` int(11) NOT NULL DEFAULT '0',
  `description` text NOT NULL,
  `points` int(8) NOT NULL DEFAULT '0',
  `date_added` datetime NOT NULL,
  PRIMARY KEY (`customer_reward_id`)
) ENGINE=MyISAM DEFAULT CHARSET=utf8;

--
-- Dumping data for table `customer_reward`
--


--
-- Table structure for table `customer_search`
--

CREATE TABLE `customer_search` (
  `customer_search_id` int(11) NOT NULL AUTO_INCREMENT,
  `store_id` int(11) NOT NULL,
  `language_id` int(11) NOT NULL,
  `customer_id` int(11) NOT NULL,
  `keyword` varchar(255) NOT NULL,
  `category_id` int(11) DEFAULT NULL,
  `sub_category` tinyint(1) NOT NULL,
  `description` tinyint(1) NOT NULL,
  `products` int(11) NOT NULL,
  `ip` varchar(40) NOT NULL,
  `date_added` datetime NOT NULL,
  PRIMARY KEY (`customer_search_id`)
) ENGINE=MyISAM DEFAULT CHARSET=utf8;

--
-- Dumping data for table `customer_search`
--


--
-- Table structure for table `customer_transaction`
--

CREATE TABLE `customer_transaction` (
  `customer_transaction_id` int(11) NOT NULL AUTO_INCREMENT,
  `customer_id` int(11) NOT NULL,
  `order_id` int(11) NOT NULL,
  `description` text NOT NULL,
  `amount` decimal(15,4) NOT NULL,
  `date_added` datetime NOT NULL,
  PRIMARY KEY (`customer_transaction_id`)
) ENGINE=MyISAM DEFAULT CHARSET=utf8;

--
-- Dumping data for table `customer_transaction`
--


--
-- Table structure for table `customer_wishlist`
--

CREATE TABLE `customer_wishlist` (
  `customer_id` int(11) NOT NULL,
  `product_id` int(11) NOT NULL,
  `date_added` datetime NOT NULL,
  PRIMARY KEY (`customer_id`,`product_id`)
) ENGINE=MyISAM DEFAULT CHARSET=utf8;

--
-- Dumping data for table `customer_wishlist`
--


--
-- Table structure for table `download`
--

CREATE TABLE `download` (
  `download_id` int(11) NOT NULL AUTO_INCREMENT,
  `filename` varchar(160) NOT NULL,
  `mask` varchar(128) NOT NULL,
  `date_added` datetime NOT NULL,
  PRIMARY KEY (`download_id`)
) ENGINE=MyISAM DEFAULT CHARSET=utf8;

--
-- Dumping data for table `download`
--


--
-- Table structure for table `download_description`
--

CREATE TABLE `download_description` (
  `download_id` int(11) NOT NULL,
  `language_id` int(11) NOT NULL,
  `name` varchar(64) NOT NULL,
  PRIMARY KEY (`download_id`,`language_id`)
) ENGINE=MyISAM DEFAULT CHARSET=utf8;

--
-- Dumping data for table `download_description`
--


--
-- Table structure for table `event`
--

CREATE TABLE `event` (
  `event_id` int(11) NOT NULL AUTO_INCREMENT,
  `code` varchar(64) NOT NULL,
  `trigger` text NOT NULL,
  `action` text NOT NULL,
  `status` tinyint(1) NOT NULL,
  `sort_order` int(3) NOT NULL,
  PRIMARY KEY (`event_id`)
) ENGINE=MyISAM AUTO_INCREMENT=34 DEFAULT CHARSET=utf8;

--
-- Dumping data for table `event`
--

INSERT INTO `event` VALUES (1,'activity_customer_add','catalog/model/account/customer/addCustomer/after','event/activity/addCustomer',1,0),(2,'activity_customer_edit','catalog/model/account/customer/editCustomer/after','event/activity/editCustomer',1,0),(3,'activity_customer_password','catalog/model/account/customer/editPassword/after','event/activity/editPassword',1,0),(4,'activity_customer_forgotten','catalog/model/account/customer/editCode/after','event/activity/forgotten',1,0),(5,'activity_transaction','catalog/model/account/customer/addTransaction/after','event/activity/addTransaction',1,0),(6,'activity_customer_login','catalog/model/account/customer/deleteLoginAttempts/after','event/activity/login',1,0),(7,'activity_address_add','catalog/model/account/address/addAddress/after','event/activity/addAddress',1,0),(8,'activity_address_edit','catalog/model/account/address/editAddress/after','event/activity/editAddress',1,0),(9,'activity_address_delete','catalog/model/account/address/deleteAddress/after','event/activity/deleteAddress',1,0),(10,'activity_affiliate_add','catalog/model/account/customer/addAffiliate/after','event/activity/addAffiliate',1,0),(11,'activity_affiliate_edit','catalog/model/account/customer/editAffiliate/after','event/activity/editAffiliate',1,0),(12,'activity_order_add','catalog/model/checkout/order/addOrderHistory/before','event/activity/addOrderHistory',1,0),(13,'activity_return_add','catalog/model/account/return/addReturn/after','event/activity/addReturn',1,0),(14,'mail_transaction','catalog/model/account/customer/addTransaction/after','mail/transaction',1,0),(15,'mail_forgotten','catalog/model/account/customer/editCode/after','mail/forgotten',1,0),(16,'mail_customer_add','catalog/model/account/customer/addCustomer/after','mail/register',1,0),(17,'mail_customer_alert','catalog/model/account/customer/addCustomer/after','mail/register/alert',1,0),(18,'mail_affiliate_add','catalog/model/account/customer/addAffiliate/after','mail/affiliate',1,0),(19,'mail_affiliate_alert','catalog/model/account/customer/addAffiliate/after','mail/affiliate/alert',1,0),(20,'mail_voucher','catalog/model/checkout/order/addOrderHistory/after','extension/total/voucher/send',1,0),(21,'mail_order_add','catalog/model/checkout/order/addOrderHistory/before','mail/order',1,0),(22,'mail_order_alert','catalog/model/checkout/order/addOrderHistory/before','mail/order/alert',1,0),(23,'statistics_review_add','catalog/model/catalog/review/addReview/after','event/statistics/addReview',1,0),(24,'statistics_return_add','catalog/model/account/return/addReturn/after','event/statistics/addReturn',1,0),(25,'statistics_order_history','catalog/model/checkout/order/addOrderHistory/after','event/statistics/addOrderHistory',1,0),(26,'admin_mail_affiliate_approve','admin/model/customer/customer_approval/approveAffiliate/after','mail/affiliate/approve',1,0),(27,'admin_mail_affiliate_deny','admin/model/customer/customer_approval/denyAffiliate/after','mail/affiliate/deny',1,0),(28,'admin_mail_customer_approve','admin/model/customer/customer_approval/approveCustomer/after','mail/customer/approve',1,0),(29,'admin_mail_customer_deny','admin/model/customer/customer_approval/denyCustomer/after','mail/customer/deny',1,0),(30,'admin_mail_reward','admin/model/customer/customer/addReward/after','mail/reward',1,0),(31,'admin_mail_transaction','admin/model/customer/customer/addTransaction/after','mail/transaction',1,0),(32,'admin_mail_return','admin/model/sale/return/addReturn/after','mail/return',1,0),(33,'admin_mail_forgotten','admin/model/user/user/editCode/after','mail/forgotten',1,0);

--
-- Table structure for table `extension`
--

CREATE TABLE `extension` (
  `extension_id` int(11) NOT NULL AUTO_INCREMENT,
  `type` varchar(32) NOT NULL,
  `code` varchar(32) NOT NULL,
  PRIMARY KEY (`extension_id`)
) ENGINE=MyISAM AUTO_INCREMENT=42 DEFAULT CHARSET=utf8;

--
-- Dumping data for table `extension`
--

INSERT INTO `extension` VALUES (1,'payment','cod'),(2,'total','shipping'),(3,'total','sub_total'),(4,'total','tax'),(5,'total','total'),(6,'module','banner'),(7,'module','carousel'),(8,'total','credit'),(9,'shipping','flat'),(10,'total','handling'),(11,'total','low_order_fee'),(12,'total','coupon'),(13,'module','category'),(14,'module','account'),(15,'total','reward'),(16,'total','voucher'),(17,'payment','free_checkout'),(18,'module','featured'),(19,'module','slideshow'),(20,'theme','default'),(21,'dashboard','activity'),(22,'dashboard','sale'),(23,'dashboard','recent'),(24,'dashboard','order'),(25,'dashboard','online'),(26,'dashboard','map'),(27,'dashboard','customer'),(28,'dashboard','chart'),(29,'report','sale_coupon'),(31,'report','customer_search'),(32,'report','customer_transaction'),(33,'report','product_purchased'),(34,'report','product_viewed'),(35,'report','sale_return'),(36,'report','sale_order'),(37,'report','sale_shipping'),(38,'report','sale_tax'),(39,'report','customer_activity'),(40,'report','customer_order'),(41,'report','customer_reward');

--
-- Table structure for table `extension_install`
--

CREATE TABLE `extension_install` (
  `extension_install_id` int(11) NOT NULL AUTO_INCREMENT,
  `extension_download_id` int(11) NOT NULL,
  `filename` varchar(255) NOT NULL,
  `date_added` datetime NOT NULL,
  PRIMARY KEY (`extension_install_id`)
) ENGINE=MyISAM DEFAULT CHARSET=utf8;

--
-- Dumping data for table `extension_install`
--


--
-- Table structure for table `extension_path`
--

CREATE TABLE `extension_path` (
  `extension_path_id` int(11) NOT NULL AUTO_INCREMENT,
  `extension_install_id` int(11) NOT NULL,
  `path` varchar(255) NOT NULL,
  `date_added` datetime NOT NULL,
  PRIMARY KEY (`extension_path_id`)
) ENGINE=MyISAM DEFAULT CHARSET=utf8;

--
-- Dumping data for table `extension_path`
--


--
-- Table structure for table `filter`
--

CREATE TABLE `filter` (
  `filter_id` int(11) NOT NULL AUTO_INCREMENT,
  `filter_group_id` int(11) NOT NULL,
  `sort_order` int(3) NOT NULL,
  PRIMARY KEY (`filter_id`)
) ENGINE=MyISAM DEFAULT CHARSET=utf8;

--
-- Dumping data for table `filter`
--


--
-- Table structure for table `filter_description`
--

CREATE TABLE `filter_description` (
  `filter_id` int(11) NOT NULL,
  `language_id` int(11) NOT NULL,
  `filter_group_id` int(11) NOT NULL,
  `name` varchar(64) NOT NULL,
  PRIMARY KEY (`filter_id`,`language_id`)
) ENGINE=MyISAM DEFAULT CHARSET=utf8;

--
-- Dumping data for table `filter_description`
--


--
-- Table structure for table `filter_group`
--

CREATE TABLE `filter_group` (
  `filter_group_id` int(11) NOT NULL AUTO_INCREMENT,
  `sort_order` int(3) NOT NULL,
  PRIMARY KEY (`filter_group_id`)
) ENGINE=MyISAM DEFAULT CHARSET=utf8;

--
-- Dumping data for table `filter_group`
--


--
-- Table structure for table `filter_group_description`
--

CREATE TABLE `filter_group_description` (
  `filter_group_id` int(11) NOT NULL,
  `language_id` int(11) NOT NULL,
  `name` varchar(64) NOT NULL,
  PRIMARY KEY (`filter_group_id`,`language_id`)
) ENGINE=MyISAM DEFAULT CHARSET=utf8;

--
-- Dumping data for table `filter_group_description`
--


--
-- Table structure for table `geo_zone`
--

CREATE TABLE `geo_zone` (
  `geo_zone_id` int(11) NOT NULL AUTO_INCREMENT,
  `name` varchar(32) NOT NULL,
  `description` varchar(255) NOT NULL,
  `date_added` datetime NOT NULL,
  `date_modified` datetime NOT NULL,
  PRIMARY KEY (`geo_zone_id`)
) ENGINE=MyISAM AUTO_INCREMENT=5 DEFAULT CHARSET=utf8;

--
-- Dumping data for table `geo_zone`
--

INSERT INTO `geo_zone` VALUES (3,'UK VAT Zone','UK VAT','2009-01-06 23:26:25','2010-02-26 22:33:24'),(4,'UK Shipping','UK Shipping Zones','2009-06-23 01:14:53','2010-12-15 15:18:13');

--
-- Table structure for table `information`
--

CREATE TABLE `information` (
  `information_id` int(11) NOT NULL AUTO_INCREMENT,
  `bottom` int(1) NOT NULL DEFAULT '0',
  `sort_order` int(3) NOT NULL DEFAULT '0',
  `status` tinyint(1) NOT NULL DEFAULT '1',
  PRIMARY KEY (`information_id`)
) ENGINE=MyISAM AUTO_INCREMENT=7 DEFAULT CHARSET=utf8;

--
-- Dumping data for table `information`
--

INSERT INTO `information` VALUES (3,1,3,1),(4,1,1,1),(5,1,4,1),(6,1,2,1);

--
-- Table structure for table `information_description`
--

CREATE TABLE `information_description` (
  `information_id` int(11) NOT NULL,
  `language_id` int(11) NOT NULL,
  `title` varchar(64) NOT NULL,
  `description` mediumtext NOT NULL,
  `meta_title` varchar(255) NOT NULL,
  `meta_description` varchar(255) NOT NULL,
  `meta_keyword` varchar(255) NOT NULL,
  PRIMARY KEY (`information_id`,`language_id`)
) ENGINE=MyISAM DEFAULT CHARSET=utf8;

--
-- Dumping data for table `information_description`
--

INSERT INTO `information_description` VALUES (4,1,'About Us','&lt;p&gt;\r\n	About Us&lt;/p&gt;\r\n','About Us','',''),(5,1,'Terms &amp; Conditions','&lt;p&gt;\r\n	Terms &amp;amp; Conditions&lt;/p&gt;\r\n','Terms &amp; Conditions','',''),(3,1,'Privacy Policy','&lt;p&gt;\r\n	Privacy Policy&lt;/p&gt;\r\n','Privacy Policy','',''),(6,1,'Delivery Information','&lt;p&gt;\r\n	Delivery Information&lt;/p&gt;\r\n','Delivery Information','','');

--
-- Table structure for table `information_to_layout`
--

CREATE TABLE `information_to_layout` (
  `information_id` int(11) NOT NULL,
  `store_id` int(11) NOT NULL,
  `layout_id` int(11) NOT NULL,
  PRIMARY KEY (`information_id`,`store_id`)
) ENGINE=MyISAM DEFAULT CHARSET=utf8;

--
-- Dumping data for table `information_to_layout`
--


--
-- Table structure for table `information_to_store`
--

CREATE TABLE `information_to_store` (
  `information_id` int(11) NOT NULL,
  `store_id` int(11) NOT NULL,
  PRIMARY KEY (`information_id`,`store_id`)
) ENGINE=MyISAM DEFAULT CHARSET=utf8;

--
-- Dumping data for table `information_to_store`
--

INSERT INTO `information_to_store` VALUES (3,0),(4,0),(5,0),(6,0);

--
-- Table structure for table `language`
--

CREATE TABLE `language` (
  `language_id` int(11) NOT NULL AUTO_INCREMENT,
  `name` varchar(32) NOT NULL,
  `code` varchar(5) NOT NULL,
  `locale` varchar(255) NOT NULL,
  `image` varchar(64) NOT NULL,
  `directory` varchar(32) NOT NULL,
  `sort_order` int(3) NOT NULL DEFAULT '0',
  `status` tinyint(1) NOT NULL,
  PRIMARY KEY (`language_id`),
  KEY `name` (`name`)
) ENGINE=MyISAM AUTO_INCREMENT=2 DEFAULT CHARSET=utf8;

--
-- Dumping data for table `language`
--

INSERT INTO `language` VALUES (1,'English','en-gb','en-US,en_US.UTF-8,en_US,en-gb,english','gb.png','english',1,1);

--
-- Table structure for table `layout`
--

CREATE TABLE `layout` (
  `layout_id` int(11) NOT NULL AUTO_INCREMENT,
  `name` varchar(64) NOT NULL,
  PRIMARY KEY (`layout_id`)
) ENGINE=MyISAM AUTO_INCREMENT=14 DEFAULT CHARSET=utf8;

--
-- Dumping data for table `layout`
--

INSERT INTO `layout` VALUES (1,'Home'),(2,'Product'),(3,'Category'),(4,'Default'),(5,'Manufacturer'),(6,'Account'),(7,'Checkout'),(8,'Contact'),(9,'Sitemap'),(10,'Affiliate'),(11,'Information'),(12,'Compare'),(13,'Search');

--
-- Table structure for table `layout_module`
--

CREATE TABLE `layout_module` (
  `layout_module_id` int(11) NOT NULL AUTO_INCREMENT,
  `layout_id` int(11) NOT NULL,
  `code` varchar(64) NOT NULL,
  `position` varchar(14) NOT NULL,
  `sort_order` int(3) NOT NULL,
  PRIMARY KEY (`layout_module_id`)
) ENGINE=MyISAM AUTO_INCREMENT=74 DEFAULT CHARSET=utf8;

--
-- Dumping data for table `layout_module`
--

INSERT INTO `layout_module` VALUES (2,4,'0','content_top',0),(3,4,'0','content_top',1),(20,5,'0','column_left',2),(69,10,'account','column_right',1),(68,6,'account','column_right',1),(67,1,'carousel.29','content_top',3),(66,1,'slideshow.27','content_top',1),(65,1,'featured.28','content_top',2),(72,3,'category','column_left',1),(73,3,'banner.30','column_left',2);

--
-- Table structure for table `layout_route`
--

CREATE TABLE `layout_route` (
  `layout_route_id` int(11) NOT NULL AUTO_INCREMENT,
  `layout_id` int(11) NOT NULL,
  `store_id` int(11) NOT NULL,
  `route` varchar(64) NOT NULL,
  PRIMARY KEY (`layout_route_id`)
) ENGINE=MyISAM AUTO_INCREMENT=54 DEFAULT CHARSET=utf8;

--
-- Dumping data for table `layout_route`
--

INSERT INTO `layout_route` VALUES (38,6,0,'account/%'),(17,10,0,'affiliate/%'),(44,3,0,'product/category'),(42,1,0,'common/home'),(20,2,0,'product/product'),(24,11,0,'information/information'),(23,7,0,'checkout/%'),(31,8,0,'information/contact'),(32,9,0,'information/sitemap'),(34,4,0,''),(45,5,0,'product/manufacturer'),(52,12,0,'product/compare'),(53,13,0,'product/search');

--
-- Table structure for table `length_class`
--

CREATE TABLE `length_class` (
  `length_class_id` int(11) NOT NULL AUTO_INCREMENT,
  `value` decimal(15,8) NOT NULL,
  PRIMARY KEY (`length_class_id`)
) ENGINE=MyISAM AUTO_INCREMENT=4 DEFAULT CHARSET=utf8;

--
-- Dumping data for table `length_class`
--

INSERT INTO `length_class` VALUES (1,1.00000000),(2,10.00000000),(3,0.39370000);

--
-- Table structure for table `length_class_description`
--

CREATE TABLE `length_class_description` (
  `length_class_id` int(11) NOT NULL,
  `language_id` int(11) NOT NULL,
  `title` varchar(32) NOT NULL,
  `unit` varchar(4) NOT NULL,
  PRIMARY KEY (`length_class_id`,`language_id`)
) ENGINE=MyISAM DEFAULT CHARSET=utf8;

--
-- Dumping data for table `length_class_description`
--

INSERT INTO `length_class_description` VALUES (1,1,'Centimeter','cm'),(2,1,'Millimeter','mm'),(3,1,'Inch','in');

--
-- Table structure for table `location`
--

CREATE TABLE `location` (
  `location_id` int(11) NOT NULL AUTO_INCREMENT,
  `name` varchar(32) NOT NULL,
  `address` text NOT NULL,
  `telephone` varchar(32) NOT NULL,
  `fax` varchar(32) NOT NULL,
  `geocode` varchar(32) NOT NULL,
  `image` varchar(255) DEFAULT NULL,
  `open` text NOT NULL,
  `comment` text NOT NULL,
  PRIMARY KEY (`location_id`),
  KEY `name` (`name`)
) ENGINE=MyISAM DEFAULT CHARSET=utf8;

--
-- Dumping data for table `location`
--


--
-- Table structure for table `manufacturer`
--

CREATE TABLE `manufacturer` (
  `manufacturer_id` int(11) NOT NULL AUTO_INCREMENT,
  `name` varchar(64) NOT NULL,
  `image` varchar(255) DEFAULT NULL,
  `sort_order` int(3) NOT NULL,
  PRIMARY KEY (`manufacturer_id`)
) ENGINE=MyISAM AUTO_INCREMENT=11 DEFAULT CHARSET=utf8;

--
-- Dumping data for table `manufacturer`
--

INSERT INTO `manufacturer` VALUES (5,'HTC','catalog/demo/htc_logo.jpg',0),(6,'Palm','catalog/demo/palm_logo.jpg',0),(7,'Hewlett-Packard','catalog/demo/hp_logo.jpg',0),(8,'Apple','catalog/demo/apple_logo.jpg',0),(9,'Canon','catalog/demo/canon_logo.jpg',0),(10,'Sony','catalog/demo/sony_logo.jpg',0);

--
-- Table structure for table `manufacturer_to_store`
--

CREATE TABLE `manufacturer_to_store` (
  `manufacturer_id` int(11) NOT NULL,
  `store_id` int(11) NOT NULL,
  PRIMARY KEY (`manufacturer_id`,`store_id`)
) ENGINE=MyISAM DEFAULT CHARSET=utf8;

--
-- Dumping data for table `manufacturer_to_store`
--

INSERT INTO `manufacturer_to_store` VALUES (5,0),(6,0),(7,0),(8,0),(9,0),(10,0);

--
-- Table structure for table `marketing`
--

CREATE TABLE `marketing` (
  `marketing_id` int(11) NOT NULL AUTO_INCREMENT,
  `name` varchar(32) NOT NULL,
  `description` text NOT NULL,
  `code` varchar(64) NOT NULL,
  `clicks` int(5) NOT NULL DEFAULT '0',
  `date_added` datetime NOT NULL,
  PRIMARY KEY (`marketing_id`)
) ENGINE=MyISAM DEFAULT CHARSET=utf8;

--
-- Dumping data for table `marketing`
--


--
-- Table structure for table `modification`
--

CREATE TABLE `modification` (
  `modification_id` int(11) NOT NULL AUTO_INCREMENT,
  `extension_install_id` int(11) NOT NULL,
  `name` varchar(64) NOT NULL,
  `code` varchar(64) NOT NULL,
  `author` varchar(64) NOT NULL,
  `version` varchar(32) NOT NULL,
  `link` varchar(255) NOT NULL,
  `xml` mediumtext NOT NULL,
  `status` tinyint(1) NOT NULL,
  `date_added` datetime NOT NULL,
  PRIMARY KEY (`modification_id`)
) ENGINE=MyISAM DEFAULT CHARSET=utf8;

--
-- Dumping data for table `modification`
--


--
-- Table structure for table `module`
--

CREATE TABLE `module` (
  `module_id` int(11) NOT NULL AUTO_INCREMENT,
  `name` varchar(64) NOT NULL,
  `code` varchar(32) NOT NULL,
  `setting` text NOT NULL,
  PRIMARY KEY (`module_id`)
) ENGINE=MyISAM AUTO_INCREMENT=32 DEFAULT CHARSET=utf8;

--
-- Dumping data for table `module`
--

INSERT INTO `module` VALUES (30,'Category','banner','{\"name\":\"Category\",\"banner_id\":\"6\",\"width\":\"182\",\"height\":\"182\",\"status\":\"1\"}'),(29,'Home Page','carousel','{\"name\":\"Home Page\",\"banner_id\":\"8\",\"width\":\"130\",\"height\":\"100\",\"status\":\"1\"}'),(28,'Home Page','featured','{\"name\":\"Home Page\",\"product\":[\"43\",\"40\",\"42\",\"30\"],\"limit\":\"4\",\"width\":\"200\",\"height\":\"200\",\"status\":\"1\"}'),(27,'Home Page','slideshow','{\"name\":\"Home Page\",\"banner_id\":\"7\",\"width\":\"1140\",\"height\":\"380\",\"status\":\"1\"}'),(31,'Banner 1','banner','{\"name\":\"Banner 1\",\"banner_id\":\"6\",\"width\":\"182\",\"height\":\"182\",\"status\":\"1\"}');

--
-- Table structure for table `oc_address`
--

CREATE TABLE `oc_address` (
  `address_id` int(11) NOT NULL AUTO_INCREMENT,
  `customer_id` int(11) NOT NULL,
  `firstname` varchar(32) NOT NULL,
  `lastname` varchar(32) NOT NULL,
  `company` varchar(40) NOT NULL,
  `address_1` varchar(128) NOT NULL,
  `address_2` varchar(128) NOT NULL,
  `city` varchar(128) NOT NULL,
  `postcode` varchar(10) NOT NULL,
  `country_id` int(11) NOT NULL DEFAULT '0',
  `zone_id` int(11) NOT NULL DEFAULT '0',
  `custom_field` text NOT NULL,
  PRIMARY KEY (`address_id`),
  KEY `customer_id` (`customer_id`)
) ENGINE=MyISAM AUTO_INCREMENT=261 DEFAULT CHARSET=utf8;

--
-- Dumping data for table `oc_address`
--

INSERT INTO `oc_address` VALUES (1,1,'Александр','Александр','','Александр','','Александр','65080',220,3495,''),(2,2,'AAA','AAAAA','','aaaaa','','aaaaaa','',220,3494,''),(3,3,'Таня','Сильчук','','бульв. Вьісоцкого, 6а, 33','','Киев','02232',220,3490,''),(4,4,'Даниил','Бааджи','','Арсенальная','','Макеевка','',220,3485,''),(5,5,'Ольга','Перегонцева','','№36','','киев','',220,3490,''),(6,6,'JosepfluH','JosepfluHES','google','Lempster ','France ','Jelebu ','',220,21,''),(7,7,'JosepfluH','JosepfluHES','google','Florala ','Abbeville ','Great ','',220,21,''),(8,8,'Екатерина','Бортникова','','Отделение №41','','Одесса','65123',220,3495,''),(9,0,'ALEX','ALEX','','3434','','ererrer','fffffff',220,3483,''),(10,0,'ALEX','ALEX','','4545','','ererrer','fffffff',220,3483,''),(11,0,'ALEX','ALEX','','rtret','ertret','ererrer','fffffff',220,3483,''),(12,0,'ALEX','ALEX','','rtret','ertret','ererrer','fffffff',220,3483,''),(13,0,'ALEX','ALEX','','rtret','ertret','ererrer','fffffff',220,3483,''),(14,0,'ALEX','ALEX','','rtret','ertret','ererrer','fffffff',220,3483,''),(15,0,'ALEX','ALEX','','rtret','ertret','ererrer','fffffff',220,3483,''),(16,0,'ALEX','ALEX','','rtret','ertret','ererrer','fffffff',220,3483,''),(17,0,'ALEX','ALEX','','rtret','ertret','ererrer','fffffff',220,3483,''),(18,0,'ALEX','ALEX','','rtret','ertret','ererrer','fffffff',220,3483,''),(19,0,'ALEX','ALEX','','233','','dfdfdfdf','3434434',220,3493,''),(20,0,'ALEX','ALEX','','233','','dfdfdfdf','3434434',220,3493,''),(21,0,'ALEX','ALEX','','233','','dfdfdfdf','3434434',220,3493,''),(22,0,'ALEX','ALEX','','233','','dfdfdfdf','3434434',220,3493,''),(23,0,'ALEX','ALEX','','233','','dfdfdfdf','3434434',220,3493,''),(24,0,'ALEX','ALEX','','233','','dfdfdfdf','3434434',220,3493,''),(25,0,'Alex','Alex','','Alex','','Alex','34343434',220,3501,''),(26,0,'ALEX','ALEX','','233','','dfdfdfdf','3434434',220,3493,''),(27,0,'Alex','Alex','','Alex','','Alex','34343434',220,3501,''),(28,0,'Alex','Alex','','342','Alex','Alex','454565465',220,3491,''),(29,0,'Alex','Alex','','342','Alex','Alex','454565465',220,3491,''),(30,0,'Alex','Alex','','2323','','2323232','3232323',220,3483,''),(31,0,'Alex','Alex','','233','','232323','232323',220,3489,''),(32,0,'Alex','Alex','','233','','232323','232323',220,3489,''),(33,0,'sdsdsd','sdsdsd','','wewe','','343434','34343434',220,3489,''),(34,9,'Ирина','Реука','','г. Славянск, отделение №2','','г. Славянск','84107',220,3485,''),(35,10,'Андрей','Слободянюк','','№ 1','','Кучурган','67450',220,3495,''),(36,11,'Олеся','Муль','','Перемоги 14','','Сутиски','23320',220,3501,''),(37,4,'Руслан','Бааджи','','N 1','','Доброполье','',220,3485,''),(38,12,'Катерина','Лобанова','','334','','Киев','04214',220,3490,''),(39,4,'Давид','Бааджи','','N 1','','Доброполье','',220,3485,''),(40,13,'Татьяна','Бондарчук','','24 отделение','','Киев','04050',220,3490,''),(41,14,'Лилия','Хакимова','','7-24-26','','Белоярский','',220,3483,''),(42,15,'елена','сыроветник','','отделение 29','','киев','',220,3490,''),(43,16,'Ольга','Руденко','','206','','Киев','03142',220,3490,''),(44,17,'Алина','Панченко','','отделение №3','','Белгород-Днестровский','67708',220,3495,''),(45,18,'Вероника','Карпишина','','Новая Почта склад 17, ул. Порика 5А','','Винница','21021',220,3501,''),(46,19,'Олеся','Ковшова','','№12','','Днепропетровск','49000',220,3484,''),(47,20,'Сергей','Бондарь','','Ukraine','','Odessa','',220,3495,''),(48,21,'Татьяна','Печенко','','отделение № 4','','Северодонецк','93412',220,3492,''),(49,21,'Татьяна','Печенко','','Новая Почта, отделение №4','','Северодонецк','',220,3492,''),(50,22,'Любовь','Пятигорец','','отделение № 1','','Белицкое','85043',220,3485,''),(51,23,'Татьяна','Гвоздик','','склад номер 2, ул. Киевская, д. 302','','Бровары','07400',220,3491,''),(52,23,'Сергей','Присяжнюк','','Склад номер 2','ул. Киевская 302','Бровары','07400',220,3491,''),(53,24,'Василий','Ткачук','','№ 89','','Днепр','49000',220,3484,''),(54,25,'Анна','Кузнецова','','104','','киев','02156',220,3490,''),(55,26,'Артем','Задорожный','','пгт Казацкое, №1','','Казацкое','74343',220,3487,''),(56,27,'Галина','Прозоря','','№ 11','','Черкассы','',220,3480,''),(57,28,'Александр','Харченко','','Отделение №1 : ул. Полтавская, 41','','Ромны','42000',220,3499,''),(58,29,'Кристина ','Немчинова ','','128','','Киев','01023',220,3490,''),(59,30,'Виктор','Маханько','','Почтовое отделение №2','','Ромны','42000',220,3499,''),(60,31,'Валентина','Савич','','№ 30','','Киев','',220,3490,''),(61,32,'Ірина','Рак','','Відділення №3','','УЖГОРОД','88000',220,3503,''),(62,33,'Леся','Шелестова','','Ж/м Комунар ,3а, отдохнуть.12','','Днепропетровск','49000',220,3484,''),(63,34,'Алёна','Курганская','','новая почта 2','','Борисполь','08300',220,3491,''),(64,35,'Алиса','Середа','','Номер 1','','Ватутино','20250',220,3480,''),(65,36,'Оксана','Симоненко','','№ 14','','Одесса','65074',220,3495,''),(66,37,'Наталья','Гнатюк','','#93','','Киев','03035',220,3490,''),(67,38,'Катерина ','Рамдон','','112','','Одеса ','65029',220,3495,''),(68,39,'Сергей','Бограс','','№56','','Одесса','65000',220,3495,''),(69,40,'Алена','Секрет','','1 отделение Ленинградское(Киевское) шоссе','','Усатово','67663',220,3495,''),(70,40,'Алена','Секрет','','1 отделение ','Одесса','Одесса','65031',220,3495,''),(71,4,'Даниил','Бааджи','','N 2','','Курахово','',220,3485,''),(72,41,'Вікторія','Онищенко','','фастів №2','','Фастів','08500',220,3491,''),(73,42,'Виталий','Площинский','','261','','Киев','',220,3490,''),(74,43,'Андрей','Прядка','','№89','','Киев','',220,3490,''),(75,44,'Галина','Литвинова','','Северный, 14','','Одесса','65009',220,3495,''),(76,45,'Ярослава','Морозова','','№ 43','','Львов','79071',220,3493,''),(77,46,'Наталья','Ворончук','','ул. Соломенская,23а','','Киев','03110',220,3490,''),(78,47,'Прасковья','Калинкова','','отделение №20','','Одесса','65045',220,3495,''),(79,48,'Екатерина ','Онуфриенко ','','18 фонтанская дорога 16/8','','Одесса ','65062',220,3495,''),(80,49,'Роман','Кулькин','','Днепр, отделение 39','','Днепр','',220,3484,''),(81,50,'Валерия','Вакуленко','','#28','','Одесса','65000',220,3495,''),(82,51,'Мирослава','Суворова','','350','','Киев','02088',220,3490,''),(83,52,'Татьяна','Курбет','','Отделение №50. Адрес: просп. Победы, 7в (Цирк)','','Киев','03135',220,3490,''),(84,53,'Мирослава','Суворова','','Демидовская 82','','Киев','02088',220,3490,''),(85,54,'Светлана ','Гончарова ','','Отделение 73 Новой почты','','Одесса','65122',220,3495,''),(86,55,'Светлана','Затхей','','№ отделения 1 ул.Кирова','','Фастов','08500',220,3491,''),(87,56,'Евгений','Волков','','Вул.Чкалова23','','Днепр','',220,3484,''),(88,57,'Алина ','Мирошниченко ','','Интернациональная,20','','Лебедин','42200',220,3499,''),(89,58,'людмила','карнаух','','№10','','каменское ','51931',220,3484,''),(90,55,'Светлана','Затхей','','Укрпошта','','Фастов','08500',220,3491,''),(91,59,'Наталия','Бабяк','','Новая почта, отделение №1','ул. Мазепы 5, кв.50','Украина, Киевская область, г.Вышгород','07301',220,3491,''),(92,60,'Alex','Galperin','','№21','','Одесса','65045',220,3495,''),(93,61,'Яна','Белоус','','Новая Почта 35 отделение','','Харьков','',220,4224,''),(94,62,'Елена','Бышок','','Житомирская, 112','','Одесса','65098',220,3495,''),(95,63,'Татьяна ','Коломийцева ','','142','','Киев','',220,3490,''),(96,64,'яна','коломиец','','новая почта склад 2','','вышгород','07300',220,3491,''),(97,65,'Антонина Николаевна','Грамм','','Отд. 7, ул. Свято-Николаевская (Ленина), 55','','Кривой Рог','50000',220,3484,''),(98,66,'Юлия','Якушева','','119','','Одесса','65029',220,3495,''),(99,67,'Анастасия ','Алексеевна','','Отделение 124','','Одесса','',220,3495,''),(100,68,'Инна','Суровцева','','Отделение №8 ул. Курчатова 1 г','','Кривой Рог','50042',220,3484,''),(101,69,'Елена','Герасимова','','Г. Одесса, ул. Большая Арнаутская, 19, офис 803','','Одесса','',220,3495,''),(102,70,'Анна','Немашкало','','Номер 1','','Новая Водолага','63213',220,4224,''),(103,71,'Наталья','Шишко','','отделение №4','','ХХмельницкий','01000',220,3488,''),(104,69,'Елена','Герасимова','','Отделение №3','ул. Дальницкая, 23/4','Одесса','',220,3495,''),(105,72,'Евгений','Жидеев','','Новая почта 1','','село Тарановка','63449',220,4224,''),(106,73,'Здесь http://x0Yjgqu6.com','И навверное  http://x0Yjgqu6.ru','','Strasse 128','','Brugge','25256',13,196,''),(107,74,'Екатерина','Онуфриенко','','Одесса, Посмитного 33, 32','','Одесса','65049',220,3495,''),(108,75,'Павел','Худяков','','Набережная 4','Новая почта отд. 2','Энергодар','',220,3504,''),(109,76,'Юлия ','Свириденко ','','№ отделения 30','','Днепр','49000',220,3484,''),(110,76,'Юлия','Свириденко','','№ отделения 60','','Днепр','49000',220,3484,''),(111,77,'Наталия','Дихтяренко','','Отделение 94','','Киев','03037',220,3490,''),(112,78,'Тетяна','Руда','','Відділення 24','','М. Хмельницький ','29000',220,3488,''),(113,79,'Валерия','Зайвенко','','отделение 19','','одесса','65072',220,3495,''),(114,80,'Sara','Williams','','po box 2039','','Seattle','98129',220,3494,''),(115,81,'Елена Мирославовна','Додосева','','Новая почта 4','','Одесса','65037',220,3495,''),(116,4,'Давид','Бааджи','','№ 2','','Доброполье','',220,3485,''),(117,82,'Ольга Валерьевна','Дьяченко','','№ 37','','Одесса','',220,3495,''),(118,83,'Алла','Криль','','№ 6','','Николаев','',220,3494,''),(119,84,'юлия','сенькина','','ОТделение№5','','Мариуполь','87501',220,3485,''),(120,85,'Елена','Кудряшова','','081','','Киев','02000',220,3490,''),(121,86,'Vasil','Lavriv','','Levanevskogo str 75 ap 85','Levanevskogo str 75 ap 85','Bila Tscerkva','09100',220,3491,''),(122,86,'Василь','Лаврів','','№10','','Біла Церква','',220,3491,''),(123,87,'оксана','яців','','незалежності 6/161','','калуш','',220,3486,''),(124,15,'Олена','Сироветник','','#10','','Киев','',220,3490,''),(125,88,'Татьяна','Масюта','','І Курсовой пер., 15/10, кв.63','','Белая Церковь','09100',220,3491,''),(126,89,'ирина','дроздова','','НОВА ПОШТА, ОТДЕЛЕНИЕ № 11','','Кривий Ріг ','',220,3484,''),(127,90,'Татьяна','Демуш','','Новая почта №14','','Днепр','49106',220,3484,''),(128,91,'Галина','Орлова','','Токмак','','Токмак','',220,3504,''),(129,92,'Юлия','Бурсаковская','','Отделение 1','','Кучурган','67450',220,3495,''),(130,75,'Павел','Худяков','','Отд 2','Набережная 4','Энергодар','71503',220,3504,''),(131,75,'Павел','Худяков','','Отд. 2','Набережная 4','Энергодар','71503',220,3504,''),(132,93,'Алёна ','Курганская ','','128','','Борисполь ','08300',220,3491,''),(133,93,'Алёна ','Курганская ','','Второе отделение ','','Борисполь ','08300 ',220,3491,''),(134,94,'Марина','Кононова','','71 Варненская,15','','Одесса','65000',220,3495,''),(135,95,'Евгений','Черняк ','','Поштове відділення №56','','Киев','03189',220,3490,''),(136,96,'Виктория','Литвинова','','пр-т Трубников 26-31','','Никополь','53200',220,3484,''),(137,97,'Намик','Нариманов','','1 Мая 113/8','','Гайсин','23700',220,3501,''),(138,98,'Наталия ','Боярчук ','','Высоцкого 23 ','','Одесса','',220,3495,''),(139,99,'Ирина','Советкина','','Новая почта 3','','Первомайск','55200',220,3494,''),(140,100,'Наталия','Бабяк','','Бочарова 35 кв. 149','','Одесса','',220,3495,''),(141,101,'Полина','Юрашева','','Отделение 1,ул.Рождественская,9','','Вилково','68355',220,3495,''),(142,102,'Наталья','Орловская','','111','','Днепр','49000',220,3484,''),(143,103,'Анастасия','Кучеренко','','Номер отделения 36','','Киев','04060',220,3490,''),(144,104,'Елена','Герман','','126','','Одесса','65000',220,3495,''),(145,105,'Алла','Грицюк','','1 ,Соборная 194 а','','Подольск','66302',220,3495,''),(146,106,'Наталья ','Феодори','','Ул.Ширшова,20','','Одесса','65006',220,3495,''),(147,107,'Сергей','Шейко','','Г. Смела, ул. Мазура 5, кв. 187','','Смела','20700',220,3480,''),(148,108,'Руслан','Осипенко','','Соломии Крушельницкой','','Киев','',220,3490,''),(149,109,'Наталья','Василина-Рыбка','','Полтавский Шлях','','Харьков','',220,4224,''),(150,110,'Лидия','Евсюкова','','ул. Полтавская, 115 кв 6 ','','Красноград','63304',220,4224,''),(151,111,'Марина ','Козлова','','Ул. Интернационалистов 41А','','Сумы','',220,3499,''),(152,111,'Марина ','Козлова','','НП 3','','Сумы','',220,3499,''),(153,112,'Ирина','Гирнык','','г. Кропивницкий','','г. Кропивницкий','',220,3489,''),(154,112,'Ирина','Гирнык','','склад №7','','г. Кропивницкий','',220,3489,''),(155,113,'Марина','Григорьева','','Усова 26','','Никополь','',220,3484,''),(156,113,'Марина','Григорьева','','Номер 2','','Никополь','',220,3484,''),(157,114,'Татьяна','Китайгород','Старопор овраге раскаяние 24','Старопор овраге раскаяние 24','','Одесса','',220,3495,''),(158,115,'Елена','Павшенюк','','Киевская область, г.Обухов, ул.Киевская, 115, кв.285','',' г.Обухов, ','08700',220,3491,''),(159,116,'Елена','Михайлова-Краснова','','новая почта №99','','Одесса','',220,3495,''),(160,117,'Сергей','Савин','','ул. Добровольческих Батальонов 6/1. кв.1','','Киев','',220,3490,''),(161,118,'Павел','Гороховский','','ул. Успенская, д. 49, кв. 26','','Одесса','',220,3495,''),(162,119,'Евгений','Барановський ','','ул Крошенськая 42','ул Крошенськая 42','Житомир','10031',220,3505,''),(163,120,'Виктория','Лой','','Dorofjejeva vulytsya, 30','','Херсон','',220,3487,''),(164,121,'Ульяна','Калиниченко','','ул. Лисового 42','','Кривий Ріг','50093',220,3484,''),(165,122,'Светлана','Подопригора','','Сумы ул Харьковская 38','','Сумы','24000',220,3499,''),(166,123,'Владислав','Мыценко','','Проспект Добровольского 90 кв 47','','Одеса','',220,3495,''),(167,124,'ВИТАЛИЯ','Яценко','','Шевченка 268,17','','Черкассы','18002',220,3480,''),(168,125,'Антон','Кузнецов','','новая почта № 86','','Одесса','',220,3495,''),(169,126,'Зореслава','Ковальчук','','Київ','','Київ','',220,3490,''),(170,126,'Зореслава','Ковальчук','','288','','Київ','',220,3490,''),(171,127,'Андрей','Кулеша','','ул. Е. Коновальца, 18, кв. 50','','Ровно','33016',220,3497,''),(172,128,'Оксана','Ташпулатова','','Одесса 65072 площадь Б.Деревянко 3 кв.9','','Одесса','65072',220,3495,''),(173,129,'Ольга','Вдовиченко','','Новая почта номер 69','','Одесса','',220,3495,''),(174,130,'Ирина','Прокопчук','','Планетная 8','','Одесса','',220,3495,''),(175,131,'Жанна','Костоглодова','','Пр. Гвардейский','','Северодонецк','93400',220,3492,''),(176,132,'Инна','Белая','','Ильфа и Петрова','','Одесса','',220,3495,''),(177,132,'Инна','Белая','','119','Дюковская','Одесса','',220,3495,''),(178,133,'Лиза','Блакитная','','Ул.М.Грушевского 16 кв.42','','Знаменка','27400',220,3489,''),(179,134,'Marina','Bolz','','budarina9','','kiev','',220,3490,''),(180,135,'Diana','Зейкан','','Вул. Центральна 1','','Білки','90132',220,3503,''),(181,136,'Денис','Писецкий','','Шевченко 63','','Никополь','53211',220,3484,''),(182,137,'Aлександр','Бурковский','','Люстдорфская дорога 55/2','','Одесса','65012',220,3495,''),(183,138,'Лиана','Кесь','','Долгая, 23','','Одесса','',220,3495,''),(184,139,'Марина','Уварова','','Святошинская,1','Святошинская,1','Киев','03412',220,3491,''),(185,140,'Екатерина','Сыч-Поденная','','Иванова 20 кв.239','','Южный','65481',220,3495,''),(186,141,'Юлия','Жушман','','Тесленка 23','','Кривой Рог','',220,3484,''),(187,142,'Ирина','Цитульская','','Софиевская Борщаговка','','Киев','08131',220,3491,''),(188,143,'Ш pelovit.com ко','Щ pelovit.com ни','na','Mioflddod12-6','','Bwrugger','25256',223,223,''),(189,144,'Александра','Мирошник','','ул. Республиканская, д. 62','','Запорожье','69067',220,3504,''),(190,4,'Даниил','Бааджи','','№ 2','','Доброполье','',220,3485,''),(191,145,'Наталия','Пономаренко','','Одесса ул. Бочпрова 71кор.1 кв.80','Одесса ул. Бочпрова 71кор.1 кв.80, 80','ОДЕССА','65086',220,3495,''),(192,146,'Анна ','Суханова ','','Отделение Новой почты 2, улица Мореходная ','','Николаев ','',220,3494,''),(193,147,'Людмила','Лужанская','','Бочарова','','Одесса','',220,3495,''),(194,148,'chuck','david','','po box 3838','','new york','10023',223,3655,''),(195,127,'Андрей','Кулеша','','№ 9','','Ровно','',220,3497,''),(196,149,'Оксана','Андреева','','ул Парусная 13 кв 25','','Черноморск','68004',220,3495,''),(197,150,'Леонид Валентинович','Максименко','','Княжеский переулок 38','','Одесса','',220,3495,''),(198,151,'Людмила','Штепа','','Криворожаночка','','Кривой Рог','Нова пошта',220,3484,''),(199,152,'Геннадий','Давыдов','','ул.Донецкая д.13','','Волноваха','85702',220,3485,''),(200,153,'Алина ','Минчева','','0965247588','','Одесса','',220,3495,''),(201,154,'Алина ','Чопенко ','','Харьковская область, город Красноград ','','Красноград ','63304',220,4224,''),(202,155,'Антон','Качинський','','вул. Прорізна, 46','','Бердичів','',220,3505,''),(203,155,'Антон','Качинський','','пять','','Бердичів','',220,3505,''),(204,156,'Ирина','Пыхтина','','Чайковского 6/35','','Бахмут','',220,3485,''),(205,157,'Дмитро','Anashkin','Home','Сенявина','Сенявина','Херсон','73039',220,3487,''),(206,157,'Дмитро','Анашкін','Home','Отделение №19 Адрес: просп. Ушакова, 49 (ТЦ &quot;Цум&quot;)','','Херсон','',220,3487,''),(207,158,'Элеонора ','Приймак','','Армейская 21','','Одесса ','65058',220,3495,''),(208,158,'Элеонора ','Приймак','','29 отделение','','Одесса','',220,3495,''),(209,27,'Галина','Прозоря','','№ 22','','Черкассы','',220,3480,''),(210,159,'Анна','Островская ','','Проспект Маяковского 1в','','Киев','',220,3490,''),(211,160,' Елена','Петриченко','','светлицкого дом 21 квартира 50','','Киев','',220,3490,''),(212,161,'Анна','Нестеренко ','','Загородняя 15','','Киев','',220,3490,''),(213,162,'Ирина','Молибога','','Молодогвардейская 22','','Киев','',220,3490,''),(214,163,'Ярослав ','Яненко ','','Макаренка','','Ковель ','',220,3502,''),(215,157,'Дмитро','Анашкін','','Херсон. Отделение №7 (просп. 200 лет Херсона, 30)','Сенявина','Херсон','73039',220,3487,''),(216,164,'Марина','Микитенко','','Позняки','','Киев','',220,3490,''),(217,165,'Анна','Пасенченко ','','Киев','','Киев','',220,3490,''),(218,165,'Анна','Пасенченко ','','144','','Киев','',220,3490,''),(219,166,'Виктория','Осинцева','','улица Успенская 39, кв.31','','Одесса','',220,3495,''),(220,167,'Светлана','Гуринець','','Дружби 5','','Бахмач','1600',220,3481,''),(221,168,'Нина','Адианова','','ул. Большая Арнаутская, 19. ','пер. Генерала Вишневского, 13/1','Одесса','',220,3495,''),(222,169,'Daniel','Morrons','','street 1','','NEW YORK','10001',223,3614,''),(223,170,'Анна','Крапивная','','Тираспольская 19','','Одесса','',220,3495,''),(224,171,'виктория','косьмина','','ул.ахсарова 3','','харьков','',220,4224,''),(225,172,'Anna','Zakharova','','---','','Киев','',220,3491,''),(226,173,'Лилия','Недялкова','','Вильямса','','Одессп','',220,3495,''),(227,174,'Сергей','Шумаков','','Виноградная 17','','Вилково','68355',220,3495,''),(228,175,'Валерий','Скляренко','','Ул. Заболотного,8, кв.16','','Киев','',220,3490,''),(229,176,'Daniel','Morrons','','street 1','','NEW YORK','10001',223,3614,''),(230,177,'Ирина ','Езус','','1 мая 40','','Черноморск ','68004',220,3495,''),(231,178,'Marina','Isadchenko','','Улица Заречная,3-а','','Киев ','',220,3490,''),(232,179,'Іван','Лубів','','Делятин','','Делятин','',220,3486,''),(233,180,'Олег','Горескул','','Одесса, отд.80Новая Почта','','Одесса','65121',220,3495,''),(234,181,'Светлана','Вербило','','Овидиополь, ул. Соборная 37а, кв.73','','Одесса','',220,3495,''),(235,182,'Виталик','Москалик','','Мукачевский','','Одесса','',220,3495,''),(236,183,'Виктория','Осипенко','','ул. Драгоманова 27-а','','Киев','02068',220,3490,''),(237,184,'Виктория','Косаченко','','Одесса','','Одеса','65122',220,3495,''),(238,185,'Мария ','Пахольчук','','Є.Коновальця 26','Є.Коновальця 26','Ровно','33016',220,3497,''),(239,186,'Eлена','Лазаренко','Еко-магазин ,,100% NATURE&quot;','вул. Шевченка 4','вул. Шевченка 4','Коростень','11500',220,3505,''),(240,187,'Наталія','Петриченко','','ул. Светлицкого','','Киев','',220,3490,''),(241,188,'Марина','Романюкина','','Ул Т.Шевченко, д.1','','Южное','65481',220,3495,''),(242,189,'Влад','Бутковский','','Путевая 44,1б','','Одесса','',220,3495,''),(243,189,'Влад','Бутковский','','123','','Одесса','',220,3495,''),(244,190,'Мария','Бондаренко','','ул. Павла Каплуна 71','','Кучурган','',220,3495,''),(245,191,'Кристина','Никитина','','Новая почта 57 ','','Киев','',220,3490,''),(246,192,'Елена','Осокина','','Оболонский проспект, 37 кв.226','','Киев','',220,3490,''),(247,95,'Евгений','Черняк','','124','','Киев','',220,3490,''),(248,193,'Светлана','Прялко','','Черкассы ул. Сумгаитская','','Черкассы','',220,3480,''),(249,194,'Мария','Иванова','','Отделение Новой Почты #3','','Сумы','',220,3499,''),(250,195,'Ольга','Шершун','','Одесса','','Одесса','65009',220,3495,''),(251,195,'Миланья','Зинина','','Отделение #3','','Белгород-Днестровский','',220,3495,''),(252,196,'Людмила','Самойленко','','Леваневцев 25/5','','Николаев ','',220,3494,''),(253,197,'Кирилл','Белы','','Бабеля 2','','Одесса','',220,3495,''),(254,198,'Дмитрий','Косыгин','','Зеленая 37','','Елизаветовка','',220,3484,''),(255,199,'Юлия','Дрига','','Одесса','','Odessa','65000',220,3495,''),(256,199,'Юлия','Дрига','','№29, Одесса, Говорова,7а','Одесса','Odessa','65000',220,3495,''),(257,200,'Татьяна','Синицкая','','ул. К. Данькевича 12, кв.30','','Киев','',220,3490,''),(258,201,'Юрий','Березовский','','Грушевского 32','','Умань','',220,3480,''),(259,202,'Леся','Панчишина','','Одесса','','Одесса','',220,3495,''),(260,202,'Леся','Панчишина','','Маланова,6  НП №129','','Одесса','',220,3495,'');

--
-- Table structure for table `oc_affiliate`
--

CREATE TABLE `oc_affiliate` (
  `affiliate_id` int(11) NOT NULL AUTO_INCREMENT,
  `firstname` varchar(32) NOT NULL,
  `lastname` varchar(32) NOT NULL,
  `email` varchar(96) NOT NULL,
  `telephone` varchar(32) NOT NULL,
  `fax` varchar(32) NOT NULL,
  `password` varchar(40) NOT NULL,
  `salt` varchar(9) NOT NULL,
  `company` varchar(40) NOT NULL,
  `website` varchar(255) NOT NULL,
  `address_1` varchar(128) NOT NULL,
  `address_2` varchar(128) NOT NULL,
  `city` varchar(128) NOT NULL,
  `postcode` varchar(10) NOT NULL,
  `country_id` int(11) NOT NULL,
  `zone_id` int(11) NOT NULL,
  `code` varchar(64) NOT NULL,
  `commission` decimal(4,2) NOT NULL DEFAULT '0.00',
  `tax` varchar(64) NOT NULL,
  `payment` varchar(6) NOT NULL,
  `cheque` varchar(100) NOT NULL,
  `paypal` varchar(64) NOT NULL,
  `bank_name` varchar(64) NOT NULL,
  `bank_branch_number` varchar(64) NOT NULL,
  `bank_swift_code` varchar(64) NOT NULL,
  `bank_account_name` varchar(64) NOT NULL,
  `bank_account_number` varchar(64) NOT NULL,
  `ip` varchar(40) NOT NULL,
  `status` tinyint(1) NOT NULL,
  `approved` tinyint(1) NOT NULL,
  `date_added` datetime NOT NULL,
  PRIMARY KEY (`affiliate_id`)
) ENGINE=MyISAM DEFAULT CHARSET=utf8;

--
-- Dumping data for table `oc_affiliate`
--


--
-- Table structure for table `oc_affiliate_activity`
--

CREATE TABLE `oc_affiliate_activity` (
  `affiliate_activity_id` int(11) NOT NULL AUTO_INCREMENT,
  `affiliate_id` int(11) NOT NULL,
  `key` varchar(64) NOT NULL,
  `data` text NOT NULL,
  `ip` varchar(40) NOT NULL,
  `date_added` datetime NOT NULL,
  PRIMARY KEY (`affiliate_activity_id`)
) ENGINE=MyISAM DEFAULT CHARSET=utf8;

--
-- Dumping data for table `oc_affiliate_activity`
--


--
-- Table structure for table `oc_affiliate_login`
--

CREATE TABLE `oc_affiliate_login` (
  `affiliate_login_id` int(11) NOT NULL AUTO_INCREMENT,
  `email` varchar(96) NOT NULL,
  `ip` varchar(40) NOT NULL,
  `total` int(4) NOT NULL,
  `date_added` datetime NOT NULL,
  `date_modified` datetime NOT NULL,
  PRIMARY KEY (`affiliate_login_id`),
  KEY `email` (`email`),
  KEY `ip` (`ip`)
) ENGINE=MyISAM DEFAULT CHARSET=utf8;

--
-- Dumping data for table `oc_affiliate_login`
--


--
-- Table structure for table `oc_affiliate_transaction`
--

CREATE TABLE `oc_affiliate_transaction` (
  `affiliate_transaction_id` int(11) NOT NULL AUTO_INCREMENT,
  `affiliate_id` int(11) NOT NULL,
  `order_id` int(11) NOT NULL,
  `description` text NOT NULL,
  `amount` decimal(15,4) NOT NULL,
  `date_added` datetime NOT NULL,
  PRIMARY KEY (`affiliate_transaction_id`)
) ENGINE=MyISAM DEFAULT CHARSET=utf8;

--
-- Dumping data for table `oc_affiliate_transaction`
--


--
-- Table structure for table `oc_api`
--

CREATE TABLE `oc_api` (
  `api_id` int(11) NOT NULL AUTO_INCREMENT,
  `name` varchar(64) NOT NULL,
  `key` text NOT NULL,
  `status` tinyint(1) NOT NULL,
  `date_added` datetime NOT NULL,
  `date_modified` datetime NOT NULL,
  PRIMARY KEY (`api_id`)
) ENGINE=MyISAM AUTO_INCREMENT=2 DEFAULT CHARSET=utf8;

--
-- Dumping data for table `oc_api`
--

INSERT INTO `oc_api` VALUES (1,'Default','dSdmibWF7vo7XCmRjI9jrWN4LDFeJQhSgKXaQa5l8CJn8H5E55lDyxRAjM3YtF98QeEbGj7kbbKXMwoVMCZYZBPlAlbCTC7lhylWDmqrRJXx5METicQgMN6RoF0vXlhVp9GKqYCj4U6JMVco59UOSxktwXZIihdphF0KIRlJfJRZcpGMy1Dk4DQgN4DF7DqpsSbOBpOfKnIZjnxsgraG6hKM75x4MXzrreEBo4z2dMn7fusUVwTw7MMXKqh8sWt2',1,'2016-04-19 14:56:03','2019-07-17 11:43:07');

--
-- Table structure for table `oc_api_ip`
--

CREATE TABLE `oc_api_ip` (
  `api_ip_id` int(11) NOT NULL AUTO_INCREMENT,
  `api_id` int(11) NOT NULL,
  `ip` varchar(40) NOT NULL,
  PRIMARY KEY (`api_ip_id`)
) ENGINE=MyISAM AUTO_INCREMENT=31 DEFAULT CHARSET=utf8;

--
-- Dumping data for table `oc_api_ip`
--

INSERT INTO `oc_api_ip` VALUES (27,1,'194.54.160.118'),(26,1,'194.54.160.91'),(25,1,'194.54.160.97'),(24,1,'194.54.160.70'),(23,1,'194.54.160.35'),(22,1,'109.200.251.135'),(21,1,'194.54.160.9'),(20,1,'188.115.177.22'),(19,1,'31.31.116.173'),(18,1,'46.185.83.179'),(17,1,'130.0.56.72'),(16,1,'85.238.102.237'),(15,1,'195.191.25.194'),(28,1,'159.224.250.25'),(29,1,'159.224.250.25'),(30,1,'5.79.79.21');

--
-- Table structure for table `oc_api_session`
--

CREATE TABLE `oc_api_session` (
  `api_session_id` int(11) NOT NULL AUTO_INCREMENT,
  `api_id` int(11) NOT NULL,
  `token` varchar(32) NOT NULL,
  `session_id` varchar(32) NOT NULL,
  `session_name` varchar(32) NOT NULL,
  `ip` varchar(40) NOT NULL,
  `date_added` datetime NOT NULL,
  `date_modified` datetime NOT NULL,
  PRIMARY KEY (`api_session_id`)
) ENGINE=MyISAM AUTO_INCREMENT=607 DEFAULT CHARSET=utf8;

--
-- Dumping data for table `oc_api_session`
--

INSERT INTO `oc_api_session` VALUES (480,1,'lJl8H0wgH90A81ZCc2KUCRzcE6YICnj8','7itifko7j6vofg28h3n5j68ne0','temp_session_5b3252e8ba303','194.54.160.118','2018-06-26 17:51:20','2018-06-26 17:51:20'),(479,1,'vkne3BerUR0wXKEljC6gCjLtX4OAnwwP','7itifko7j6vofg28h3n5j68ne0','temp_session_5b3252dfa76d2','194.54.160.118','2018-06-26 17:51:11','2018-06-26 17:51:11'),(518,1,'Hq2PsLNyrf60z5b1F6HEo5BZHa91DVN6','7itifko7j6vofg28h3n5j68ne0','temp_session_5b6993c78b92b','194.54.160.118','2018-08-07 15:42:47','2018-08-07 15:42:47'),(517,1,'V6tmMXiFVR4Y7hvxGBkV8NQuHN8q2Vzx','7itifko7j6vofg28h3n5j68ne0','temp_session_5b6993c49db07','194.54.160.118','2018-08-07 15:42:44','2018-08-07 15:42:44'),(516,1,'KQhh9HjNDjvwQ4pTPpwwtQjvPNYzCLtz','7itifko7j6vofg28h3n5j68ne0','temp_session_5b6993c24b644','194.54.160.118','2018-08-07 15:42:42','2018-08-07 15:42:42'),(515,1,'szjosPRFwR7YCyNUesHPQHussrbmM2MN','7itifko7j6vofg28h3n5j68ne0','temp_session_5b6993a5c3358','194.54.160.118','2018-08-07 15:42:13','2018-08-07 15:42:13'),(504,1,'U4eNdOxN0CFNCzBBjw96L167ElKHswUj','7itifko7j6vofg28h3n5j68ne0','temp_session_5b4df28a6b42e','194.54.160.118','2018-07-17 16:43:38','2018-07-17 16:43:38'),(505,1,'m7UCzrNnAOe0ubJc7iPaYEAtWLX8kEA4','7itifko7j6vofg28h3n5j68ne0','temp_session_5b4df28cb7327','194.54.160.118','2018-07-17 16:43:40','2018-07-17 16:43:40'),(506,1,'h47VBVB9wkGUuzz66O6tgfwDFumU4Zhp','7itifko7j6vofg28h3n5j68ne0','temp_session_5b4df28e825ad','194.54.160.118','2018-07-17 16:43:42','2018-07-17 16:43:42'),(507,1,'dLyA2XCdzmhmlTdoFSERc8HH3tiZf0kh','7itifko7j6vofg28h3n5j68ne0','temp_session_5b4df29119efa','194.54.160.118','2018-07-17 16:43:45','2018-07-17 16:43:45'),(508,1,'TJmWSzFxtsJQ5qBVuTsqCaugLOJRk9Mc','7itifko7j6vofg28h3n5j68ne0','temp_session_5b4df29395e6f','194.54.160.118','2018-07-17 16:43:47','2018-07-17 16:43:47'),(509,1,'kEtGlDCKR3Z70UTEigIfrJGIghxlFYRt','7itifko7j6vofg28h3n5j68ne0','temp_session_5b69930494139','194.54.160.118','2018-08-07 15:39:32','2018-08-07 15:39:32'),(510,1,'Th2owzG2rsq4jTsCyoECAIyhFa8OQIcI','7itifko7j6vofg28h3n5j68ne0','temp_session_5b699314d225e','194.54.160.118','2018-08-07 15:39:48','2018-08-07 15:39:48'),(511,1,'RhVDVV4IvXECds7Kix73MXMCaPNKr6TD','7itifko7j6vofg28h3n5j68ne0','temp_session_5b69931a07712','194.54.160.118','2018-08-07 15:39:54','2018-08-07 15:39:54'),(512,1,'ecdyIfUewXj12qCPMFZxm8VW380Fr2C0','7itifko7j6vofg28h3n5j68ne0','temp_session_5b69931e8802d','194.54.160.118','2018-08-07 15:39:58','2018-08-07 15:39:58'),(513,1,'lbmHvfzW0F1agX1wCDeMBChRROOyeVNq','7itifko7j6vofg28h3n5j68ne0','temp_session_5b69939b7fd7a','194.54.160.118','2018-08-07 15:42:03','2018-08-07 15:42:03'),(514,1,'Uamnp3B3fv8TQWkWmjrdfxgHNbf74v3f','7itifko7j6vofg28h3n5j68ne0','temp_session_5b69939f7b9e4','194.54.160.118','2018-08-07 15:42:07','2018-08-07 15:42:07'),(496,1,'Kim6W6MX8ZWlvV0P9WSrDy4VE7WTqvY3','7itifko7j6vofg28h3n5j68ne0','temp_session_5b32605bd1c0b','194.54.160.118','2018-06-26 18:48:43','2018-06-26 18:49:03'),(495,1,'btZznxC2N5OzZbBYJQXKUo2ZWaNwUtwf','7itifko7j6vofg28h3n5j68ne0','temp_session_5b326052b10fb','194.54.160.118','2018-06-26 18:48:34','2018-06-26 18:48:34'),(494,1,'atIq6qPS6utHAEnkXhlUzMTh7oWrATYi','7itifko7j6vofg28h3n5j68ne0','temp_session_5b3253c80f836','194.54.160.118','2018-06-26 17:55:04','2018-06-26 17:55:04'),(493,1,'138BoMRAMGtvDtMFxP0LApHtVOXzUo86','7itifko7j6vofg28h3n5j68ne0','temp_session_5b3253c35eaf8','194.54.160.118','2018-06-26 17:54:59','2018-06-26 17:54:59'),(492,1,'iIY0tg8WG0QeZEky1VxzBds0v4t7hLus','7itifko7j6vofg28h3n5j68ne0','temp_session_5b3253b1569aa','194.54.160.118','2018-06-26 17:54:41','2018-06-26 17:54:41'),(491,1,'7rEBChgZAIGXOH28DTZOARo7XlgdKqUl','7itifko7j6vofg28h3n5j68ne0','temp_session_5b32537c8d44d','194.54.160.118','2018-06-26 17:53:48','2018-06-26 17:53:48'),(490,1,'0wtIOWg5xoZvOByZjq0rF2MGgJUbhVrg','7itifko7j6vofg28h3n5j68ne0','temp_session_5b32536f17de0','194.54.160.118','2018-06-26 17:53:35','2018-06-26 17:53:35'),(489,1,'XLYNybknLahiUtnDCgPqvDyzQGrl6uUP','7itifko7j6vofg28h3n5j68ne0','temp_session_5b32536a1605d','194.54.160.118','2018-06-26 17:53:30','2018-06-26 17:53:30'),(488,1,'sS70Cegy2H8gZ2i21eglaAtWTbsUx5cw','7itifko7j6vofg28h3n5j68ne0','temp_session_5b32535c6bd1e','194.54.160.118','2018-06-26 17:53:16','2018-06-26 17:53:16'),(487,1,'97HtwZRZl1Z3HUjtX1YRusv8oUwbogFB','7itifko7j6vofg28h3n5j68ne0','temp_session_5b325357f1d83','194.54.160.118','2018-06-26 17:53:11','2018-06-26 17:53:11'),(486,1,'44XtWjx0kYd9MCzEVaoRQrPXyPUPFHrc','7itifko7j6vofg28h3n5j68ne0','temp_session_5b325332191ed','194.54.160.118','2018-06-26 17:52:34','2018-06-26 17:52:34'),(485,1,'fczHxICweOIjw56LElvQtLhqQPaFS5Jw','7itifko7j6vofg28h3n5j68ne0','temp_session_5b325328daa41','194.54.160.118','2018-06-26 17:52:24','2018-06-26 17:52:24'),(484,1,'hWXhDvaWTlXSsUyZ0jjHZ0w3yFlBzaec','7itifko7j6vofg28h3n5j68ne0','temp_session_5b32531c71987','194.54.160.118','2018-06-26 17:52:12','2018-06-26 17:52:12'),(483,1,'4c7TNfFUlMvex0STNFYl2TB050HRUPZS','7itifko7j6vofg28h3n5j68ne0','temp_session_5b325313e8644','194.54.160.118','2018-06-26 17:52:03','2018-06-26 17:52:03'),(482,1,'pqkpTd3BUovxo0B1jpPQ47mA28OubHrF','7itifko7j6vofg28h3n5j68ne0','temp_session_5b325305e6f1a','194.54.160.118','2018-06-26 17:51:49','2018-06-26 17:51:49'),(481,1,'DSkUWcYjjhgWCaoVKj2N78yQRffvclQw','7itifko7j6vofg28h3n5j68ne0','temp_session_5b3252fe72726','194.54.160.118','2018-06-26 17:51:42','2018-06-26 17:51:42'),(503,1,'toDZPT5rhrdY7LO1iLE1hdqjbaP8sPI6','7itifko7j6vofg28h3n5j68ne0','temp_session_5b4df288e4e8f','194.54.160.118','2018-07-17 16:43:36','2018-07-17 16:43:36'),(502,1,'LSUmOGsRK4vGk9dpsMVRcZbyQTGuGqii','7itifko7j6vofg28h3n5j68ne0','temp_session_5b4df28714948','194.54.160.118','2018-07-17 16:43:35','2018-07-17 16:43:35'),(501,1,'d8h3bzGu6OC6vPHfoUlilcW4MwOM01rk','7itifko7j6vofg28h3n5j68ne0','temp_session_5b4df2851f100','194.54.160.118','2018-07-17 16:43:33','2018-07-17 16:43:33'),(500,1,'HDM0siYQCvxW2APP1ZLbKUjXXrI7kbr9','7itifko7j6vofg28h3n5j68ne0','temp_session_5b4df28393d4f','194.54.160.118','2018-07-17 16:43:31','2018-07-17 16:43:31'),(499,1,'NuKA2U3YQnlHFEnxaJijzwHI9LfpBgEZ','7itifko7j6vofg28h3n5j68ne0','temp_session_5b4def235813f','194.54.160.118','2018-07-17 16:29:07','2018-07-17 16:29:07'),(498,1,'GOsAxVEn1nAFmCAdRPBontUGqOdE95tx','7itifko7j6vofg28h3n5j68ne0','temp_session_5b4de6db6bbef','194.54.160.118','2018-07-17 15:53:47','2018-07-17 15:53:47'),(497,1,'9POVXxrlKxK0nmqbB6EKjbMdl5H81RAt','7itifko7j6vofg28h3n5j68ne0','temp_session_5b4de0806692a','194.54.160.118','2018-07-17 15:26:40','2018-07-17 15:26:40'),(519,1,'E9Jw4w1EIZpPnYp1Aqk39UYzTMECakCf','6uv9lhdhbuelj23jtcg3v29t56','temp_session_5d2edf215a030','159.224.250.25','2019-07-17 11:41:05','2019-07-17 11:41:05'),(520,1,'8b724AHya8ntEKWBDWASzSdhIq14UMfK','6uv9lhdhbuelj23jtcg3v29t56','temp_session_5d2edfae793d9','159.224.250.25','2019-07-17 11:43:26','2019-07-17 11:43:26'),(521,1,'WRxjPbFvv52THPjAr0Q2wTKAcFb6UMuU','6uv9lhdhbuelj23jtcg3v29t56','temp_session_5d2edfef106d8','159.224.250.25','2019-07-17 11:44:31','2019-07-17 11:44:31'),(522,1,'m4Gfb24RjSpi8eZrfFZx04x57Q9KlOFj','6uv9lhdhbuelj23jtcg3v29t56','temp_session_5d2ee2736f764','159.224.250.25','2019-07-17 11:55:15','2019-07-17 11:55:15'),(523,1,'GlnXKvMhqG8S1msrhfMkXt5ZTo8X7KIZ','6uv9lhdhbuelj23jtcg3v29t56','temp_session_5d2eeffdcc1ee','159.224.250.25','2019-07-17 12:53:01','2019-07-17 12:53:01'),(524,1,'XXUWbuanwfwdylYROdZHZx4HC6qDfuPD','6uv9lhdhbuelj23jtcg3v29t56','temp_session_5d2ef0438d208','159.224.250.25','2019-07-17 12:54:11','2019-07-17 12:54:11'),(525,1,'XkE17WJO3yrzLxxa0acFplWjQYsNtcJ4','6uv9lhdhbuelj23jtcg3v29t56','temp_session_5d2ef172a7d46','159.224.250.25','2019-07-17 12:59:14','2019-07-17 12:59:14'),(526,1,'g49c7skIVKqfqvY0S3TctpNtFZObnMug','6uv9lhdhbuelj23jtcg3v29t56','temp_session_5d2ef1764b8e8','159.224.250.25','2019-07-17 12:59:18','2019-07-17 12:59:18'),(527,1,'3dDx1gqevilXnlWg549g7RTHgwbtEFej','6uv9lhdhbuelj23jtcg3v29t56','temp_session_5d2ef17a7aa77','159.224.250.25','2019-07-17 12:59:22','2019-07-17 12:59:22'),(528,1,'Vhk8kRCJ5yKJ0SfPTX5pLPtSvJs4XRRv','6uv9lhdhbuelj23jtcg3v29t56','temp_session_5d2ef180e4a42','159.224.250.25','2019-07-17 12:59:28','2019-07-17 12:59:28'),(529,1,'cMrus3hgPBYwq8TyEbUJuZ1dbeT80rAF','6uv9lhdhbuelj23jtcg3v29t56','temp_session_5d2ef185bf3ec','159.224.250.25','2019-07-17 12:59:33','2019-07-17 12:59:33'),(530,1,'ABaCgHqDtuusmDvilh5ApTXJNE3NluCU','6uv9lhdhbuelj23jtcg3v29t56','temp_session_5d2ef189a84c1','159.224.250.25','2019-07-17 12:59:37','2019-07-17 12:59:37'),(531,1,'19EGAqxDzgceoa50bgO59ZVYhNsKbIpt','6uv9lhdhbuelj23jtcg3v29t56','temp_session_5d2ef197cf899','159.224.250.25','2019-07-17 12:59:51','2019-07-17 12:59:51'),(532,1,'UdZ2JKq9mRYqoTf7BqoK7xYkprxDM8bP','ml81846vaissn73t6a4m884k20','temp_session_5d2ef21bad013','159.224.250.25','2019-07-17 13:02:03','2019-07-17 13:02:03'),(533,1,'HkNXaUhEPiw2ZNJBW1AyoXD22pHrmBmv','ml81846vaissn73t6a4m884k20','temp_session_5d2ef21ed99c3','159.224.250.25','2019-07-17 13:02:06','2019-07-17 13:02:06'),(534,1,'L3QCjO8FJkmC1vRbNVt99LCgM6HoxBom','ml81846vaissn73t6a4m884k20','temp_session_5d2ef220becd9','159.224.250.25','2019-07-17 13:02:08','2019-07-17 13:02:08'),(535,1,'I78HRmsxz6jkyxn6OKByeOwzldcACi21','ml81846vaissn73t6a4m884k20','temp_session_5d2ef22325803','159.224.250.25','2019-07-17 13:02:11','2019-07-17 13:02:11'),(536,1,'SCj9jCpIvUDb36Nq3GC9fJwbGwFN84i7','ml81846vaissn73t6a4m884k20','temp_session_5d2ef2247688b','159.224.250.25','2019-07-17 13:02:12','2019-07-17 13:02:12'),(537,1,'L5mZhNyVuRFalBpR253GKRxNwZ8VOp31','ml81846vaissn73t6a4m884k20','temp_session_5d2ef22b5effc','159.224.250.25','2019-07-17 13:02:19','2019-07-17 13:02:19'),(538,1,'aNLFaunuQfbQJlsQzKIjnzNlT579OUEK','ml81846vaissn73t6a4m884k20','temp_session_5d2ef247978f3','159.224.250.25','2019-07-17 13:02:47','2019-07-17 13:02:47'),(539,1,'bQyVQKxFFYeEAbLsHURKh74PSQT1cN46','ml81846vaissn73t6a4m884k20','temp_session_5d2ef249b12c2','159.224.250.25','2019-07-17 13:02:49','2019-07-17 13:02:49'),(540,1,'rmFXYZZyInMyIlG3njD2WTt1wTfw9DmI','ml81846vaissn73t6a4m884k20','temp_session_5d2ef25a096e7','159.224.250.25','2019-07-17 13:03:06','2019-07-17 13:03:06'),(541,1,'FPM1CN0uHi61ZHqfYYuh6THWI5D60nbx','ml81846vaissn73t6a4m884k20','temp_session_5d2ef25de4c61','159.224.250.25','2019-07-17 13:03:09','2019-07-17 13:03:09'),(542,1,'6C4XnXb89vABG7gChVZIX8EmQzbeCbfx','ml81846vaissn73t6a4m884k20','temp_session_5d2ef25eeb95e','159.224.250.25','2019-07-17 13:03:10','2019-07-17 13:03:10'),(543,1,'3T5EMlFSYcJA5HfS34yUkZqTJJSZJUVe','ml81846vaissn73t6a4m884k20','temp_session_5d2ef25f92b64','159.224.250.25','2019-07-17 13:03:11','2019-07-17 13:03:11'),(544,1,'iOUb2WXWA0AjWQTlRVgdCHxdB4JWBpZf','ml81846vaissn73t6a4m884k20','temp_session_5d2ef2605ddc2','159.224.250.25','2019-07-17 13:03:12','2019-07-17 13:03:12'),(545,1,'mcIWka5IhoqkAAfqx1cxtWYa0iafKoNf','ml81846vaissn73t6a4m884k20','temp_session_5d2ef26237d28','159.224.250.25','2019-07-17 13:03:14','2019-07-17 13:03:14'),(546,1,'fnJtZgR9FTZiecvPl7qniuNe3zTWd4id','ml81846vaissn73t6a4m884k20','temp_session_5d2ef262c6db8','159.224.250.25','2019-07-17 13:03:14','2019-07-17 13:03:14'),(547,1,'s4pooUnbqHlqUeaFlLNtFzjqBZGFHbiV','ml81846vaissn73t6a4m884k20','temp_session_5d2ef263e3f88','159.224.250.25','2019-07-17 13:03:15','2019-07-17 13:03:15'),(548,1,'Bpoq5CdLl6tVL40skrstvPSfcpJJ0jRg','ml81846vaissn73t6a4m884k20','temp_session_5d2ef2643233f','159.224.250.25','2019-07-17 13:03:16','2019-07-17 13:03:16'),(549,1,'ONXwIv9irKoMaIXQeutXuYt6gIsnEVC5','ml81846vaissn73t6a4m884k20','temp_session_5d2ef26548a1b','159.224.250.25','2019-07-17 13:03:17','2019-07-17 13:03:17'),(550,1,'ZCuahrLieWgk0so8xzoOBCCyEbFYm3PE','ml81846vaissn73t6a4m884k20','temp_session_5d2ef26550716','159.224.250.25','2019-07-17 13:03:17','2019-07-17 13:03:17'),(551,1,'rfXUkV5EoWeYoFpN69b5jYHBa1EiKmar','ml81846vaissn73t6a4m884k20','temp_session_5d2ef268119d5','159.224.250.25','2019-07-17 13:03:20','2019-07-17 13:03:20'),(552,1,'0aZoQONW8CNljEvEaHEfeUvgxHh8DxTQ','ml81846vaissn73t6a4m884k20','temp_session_5d2ef268ede5d','159.224.250.25','2019-07-17 13:03:20','2019-07-17 13:03:20'),(553,1,'oljADYPBTplkBjqLxdvRtr6u7gjmnmE7','ml81846vaissn73t6a4m884k20','temp_session_5d2ef269e7574','159.224.250.25','2019-07-17 13:03:21','2019-07-17 13:03:21'),(554,1,'2dOWZHE3xJLjZnor9BzFzByq1FIqYTlC','ml81846vaissn73t6a4m884k20','temp_session_5d2ef26a8f4a2','159.224.250.25','2019-07-17 13:03:22','2019-07-17 13:03:22'),(555,1,'DNhEMGZy05pD6YFC1SMCFW3mBnlYiPhS','ml81846vaissn73t6a4m884k20','temp_session_5d2ef26b5d460','159.224.250.25','2019-07-17 13:03:23','2019-07-17 13:03:23'),(556,1,'2k50DEZXU8vIrsnulpqk5NZhcBqQqb7s','ml81846vaissn73t6a4m884k20','temp_session_5d2ef26b91ad3','159.224.250.25','2019-07-17 13:03:23','2019-07-17 13:03:23'),(557,1,'CVUh1DrUHyab33omoglLSeqDDFgTq7mh','ml81846vaissn73t6a4m884k20','temp_session_5d2ef443963c7','159.224.250.25','2019-07-17 13:11:15','2019-07-17 13:11:15'),(558,1,'vMqYrsMya5lPaBJZFgeY5R69r39Mqm3z','ml81846vaissn73t6a4m884k20','temp_session_5d2ef44815fd6','159.224.250.25','2019-07-17 13:11:20','2019-07-17 13:11:20'),(559,1,'lffEDNWrvaiHEZ6sJT8NQA4XP6fw2RoU','ml81846vaissn73t6a4m884k20','temp_session_5d2ef44847966','159.224.250.25','2019-07-17 13:11:20','2019-07-17 13:11:20'),(560,1,'71EyNgVozRahuxBhi0BtcjR4PO3zNp5l','ml81846vaissn73t6a4m884k20','temp_session_5d2ef4494df51','159.224.250.25','2019-07-17 13:11:21','2019-07-17 13:11:21'),(561,1,'Zb2H0VcbhwmLsJtYF6GtDlW6xPPkKVkN','ml81846vaissn73t6a4m884k20','temp_session_5d2ef449d361a','159.224.250.25','2019-07-17 13:11:21','2019-07-17 13:11:21'),(562,1,'MsPQMjaC3GkmZwrToW6G0N89L8Pxagjw','ml81846vaissn73t6a4m884k20','temp_session_5d2ef44add078','159.224.250.25','2019-07-17 13:11:22','2019-07-17 13:11:22'),(563,1,'XYJm2WILKDpW0wXbklgQq9kbFMZ3bE51','ml81846vaissn73t6a4m884k20','temp_session_5d2ef44c28fba','159.224.250.25','2019-07-17 13:11:24','2019-07-17 13:11:24'),(564,1,'o05SLE6wrePd3qi8xHKhJ5D8obfE9D6W','ml81846vaissn73t6a4m884k20','temp_session_5d2ef44cd6c39','159.224.250.25','2019-07-17 13:11:24','2019-07-17 13:11:24'),(565,1,'qDrFCFgE0WZuGK0KPynZCaoydBitxNO4','ml81846vaissn73t6a4m884k20','temp_session_5d2ef44ce0f56','159.224.250.25','2019-07-17 13:11:24','2019-07-17 13:11:24'),(566,1,'SfsXDg1rOaSj2OIF5AQZSGVzA46XVwGU','ml81846vaissn73t6a4m884k20','temp_session_5d2ef44e62bb7','159.224.250.25','2019-07-17 13:11:26','2019-07-17 13:11:26'),(567,1,'Wgcalqra3HNtdsC9wU86AzHYUrTQe6j4','ml81846vaissn73t6a4m884k20','temp_session_5d2ef44fba5ce','159.224.250.25','2019-07-17 13:11:27','2019-07-17 13:11:27'),(568,1,'Ele2r5TpMMfGlzODBg928j6SdhpgcJmf','ml81846vaissn73t6a4m884k20','temp_session_5d2ef44fd4ec1','159.224.250.25','2019-07-17 13:11:27','2019-07-17 13:11:27'),(569,1,'TEOp12J9ARKk2P8KOTOQYGRWMpYr5JYX','ml81846vaissn73t6a4m884k20','temp_session_5d2ef45067b8d','159.224.250.25','2019-07-17 13:11:28','2019-07-17 13:11:28'),(570,1,'Gd3072OqELLpuK6djpTA39aeR7VMp61z','ml81846vaissn73t6a4m884k20','temp_session_5d2ef450adbc6','159.224.250.25','2019-07-17 13:11:28','2019-07-17 13:11:28'),(571,1,'qK9VwdEswkvhyps6kNWfCNjR4L9wSJfG','ml81846vaissn73t6a4m884k20','temp_session_5d2ef450ba9ec','159.224.250.25','2019-07-17 13:11:28','2019-07-17 13:11:28'),(572,1,'jVuzI4Brp8weAFpDNUl3KvKOaNNFZ8kw','ml81846vaissn73t6a4m884k20','temp_session_5d2ef4575e2eb','159.224.250.25','2019-07-17 13:11:35','2019-07-17 13:11:35'),(573,1,'0Fq885WhuG9gZ6sYR3MIs2yPu3Uiho01','ml81846vaissn73t6a4m884k20','temp_session_5d2ef4580ec2c','159.224.250.25','2019-07-17 13:11:36','2019-07-17 13:11:36'),(574,1,'8hIlmGib53elImnd75Sv0CXBoZobWXDu','ml81846vaissn73t6a4m884k20','temp_session_5d2ef45860bf9','159.224.250.25','2019-07-17 13:11:36','2019-07-17 13:11:36'),(575,1,'xLhdbgFtMXOVJsK7cqsucW8juELe9djH','ml81846vaissn73t6a4m884k20','temp_session_5d2ef45b8a82d','159.224.250.25','2019-07-17 13:11:39','2019-07-17 13:11:39'),(576,1,'oLJeQtjr1qhbeMdF40ixL9xrKzgv3G4Q','ml81846vaissn73t6a4m884k20','temp_session_5d2ef45baa897','159.224.250.25','2019-07-17 13:11:39','2019-07-17 13:11:39'),(577,1,'WB0FdcxB2KFl0Wni2VuC3wawm4fuYnXu','ml81846vaissn73t6a4m884k20','temp_session_5d2ef45bc6707','159.224.250.25','2019-07-17 13:11:39','2019-07-17 13:11:39'),(578,1,'vfoyXkwU1i2XZfzoGFnWLsYJ40vOyioQ','ml81846vaissn73t6a4m884k20','temp_session_5d2ef50282019','159.224.250.25','2019-07-17 13:14:26','2019-07-17 13:14:26'),(579,1,'alSRlVHKvFBdTCyoY9L7Se0yLC8LAgag','ml81846vaissn73t6a4m884k20','temp_session_5d2ef5dbe94b8','159.224.250.25','2019-07-17 13:18:03','2019-07-17 13:18:03'),(580,1,'TkXCwcJXCqt5FR5LPgfjcHRRCqogWiSS','ml81846vaissn73t6a4m884k20','temp_session_5d2ef5df5788d','159.224.250.25','2019-07-17 13:18:07','2019-07-17 13:18:07'),(581,1,'3noV0uY00hjMYKtqTVp3f5f5WtEMLEfi','ml81846vaissn73t6a4m884k20','temp_session_5d2ef5e1b9ab1','159.224.250.25','2019-07-17 13:18:09','2019-07-17 13:18:09'),(582,1,'rFpP5XXZP06uhNPiCnCANsZ2Nq14ldR3','ml81846vaissn73t6a4m884k20','temp_session_5d2ef5e222173','159.224.250.25','2019-07-17 13:18:10','2019-07-17 13:18:10'),(583,1,'xORmPKlpQZUJAZTJPBcfDjqvxahywGPr','ml81846vaissn73t6a4m884k20','temp_session_5d2ef5e2b70e8','159.224.250.25','2019-07-17 13:18:10','2019-07-17 13:18:10'),(584,1,'OHRjde8j7YySIxy9rnv4EFNe589COFJD','ml81846vaissn73t6a4m884k20','temp_session_5d2ef5e2c6bd5','159.224.250.25','2019-07-17 13:18:10','2019-07-17 13:18:10'),(585,1,'NedH0LIcDdWKwfJu3WFoF9ekV0qkSedM','ml81846vaissn73t6a4m884k20','temp_session_5d2ef5e4c776f','159.224.250.25','2019-07-17 13:18:12','2019-07-17 13:18:12'),(586,1,'IOZ4CXk3R8dIbNEMd3VDeL3NEg5LNxrN','ml81846vaissn73t6a4m884k20','temp_session_5d2ef5e575f5a','159.224.250.25','2019-07-17 13:18:13','2019-07-17 13:18:13'),(587,1,'rWvQmCfrSeqiKeLCqugE0g56HSt7MsxD','ml81846vaissn73t6a4m884k20','temp_session_5d2ef5e59f097','159.224.250.25','2019-07-17 13:18:13','2019-07-17 13:18:13'),(588,1,'MQ7djtp5OpqDClTelwIjQsdXE103msP8','ml81846vaissn73t6a4m884k20','temp_session_5d2ef5e664888','159.224.250.25','2019-07-17 13:18:14','2019-07-17 13:18:14'),(589,1,'QE1BWmvJlDodiTQw7zkc5e2pbnN8GREz','ml81846vaissn73t6a4m884k20','temp_session_5d2ef5e6829d7','159.224.250.25','2019-07-17 13:18:14','2019-07-17 13:18:14'),(590,1,'dxYDqeVCgWK9lktAwhXBEezurriZmSQH','ml81846vaissn73t6a4m884k20','temp_session_5d2ef5e7519eb','159.224.250.25','2019-07-17 13:18:15','2019-07-17 13:18:15'),(591,1,'NpFmAtlKRBTcoaGcAZGeNJfNBwKqLp5q','ml81846vaissn73t6a4m884k20','temp_session_5d2ef5e789d8e','159.224.250.25','2019-07-17 13:18:15','2019-07-17 13:18:15'),(592,1,'moKnEMC2GlClRms8EowkRHM4VYeyn01e','ml81846vaissn73t6a4m884k20','temp_session_5d2ef5ed1a3ab','159.224.250.25','2019-07-17 13:18:21','2019-07-17 13:18:21'),(593,1,'pHXkEvxMkl7u9SGlrJM0VC4z67YJBO1P','ml81846vaissn73t6a4m884k20','temp_session_5d2ef5ee57b8d','159.224.250.25','2019-07-17 13:18:22','2019-07-17 13:18:22'),(594,1,'1tUyK2lth4eJUyExgSK0KAwdDT0cdTml','ml81846vaissn73t6a4m884k20','temp_session_5d2ef5ee88cfc','159.224.250.25','2019-07-17 13:18:22','2019-07-17 13:18:22'),(595,1,'tQuVDqpsR49wz2fqqJsdCD88zaOPenUq','ml81846vaissn73t6a4m884k20','temp_session_5d2ef5f1c1c53','159.224.250.25','2019-07-17 13:18:25','2019-07-17 13:18:25'),(596,1,'otLrCJUwDqXPOjBgYQ0WpFC3klftEXzZ','ml81846vaissn73t6a4m884k20','temp_session_5d2ef5f2246a0','159.224.250.25','2019-07-17 13:18:26','2019-07-17 13:18:26'),(597,1,'2VmiqVqGK8hCMkNeKtVLB0q57yiepAQY','ml81846vaissn73t6a4m884k20','temp_session_5d2ef5f3702e4','159.224.250.25','2019-07-17 13:18:27','2019-07-17 13:18:27'),(598,1,'bAQBTu4PJJRmFTSykyp9aGDLwHn3iNmb','btmg5hvhl99i33ceu5rse8rvm2','temp_session_5d512cbba7cd0','5.79.79.21','2019-08-12 12:09:15','2019-08-12 12:09:15'),(599,1,'pGuBq9UPRWdPn69rcg8djJanEItPLVSX','btmg5hvhl99i33ceu5rse8rvm2','temp_session_5d512cc679093','5.79.79.21','2019-08-12 12:09:26','2019-08-12 12:09:26'),(600,1,'AZXveTIPuzBmTIsAiQr8vPSwrJhNqYZP','btmg5hvhl99i33ceu5rse8rvm2','temp_session_5d512e237f11d','5.79.79.21','2019-08-12 12:15:15','2019-08-12 12:15:15'),(601,1,'imiBb9lUASHMLTsUW4LzsjplnTga0uRj','btmg5hvhl99i33ceu5rse8rvm2','temp_session_5d512e32bd0b7','5.79.79.21','2019-08-12 12:15:30','2019-08-12 12:15:30'),(602,1,'TWYK8BgL4cSXLSEsTQE7RqrDU6y0XBR2','btmg5hvhl99i33ceu5rse8rvm2','temp_session_5d51387313f3d','5.79.79.21','2019-08-12 12:59:15','2019-08-12 12:59:15'),(603,1,'9hozsVeOPs2ZxfE46uG1eQc2aPw2uJ68','k0mhuom0efhpm9n559jpfgt5l4','temp_session_5daedef903328','159.224.250.25','2019-10-22 13:50:33','2019-10-22 13:50:33'),(604,1,'1861Y63NiaXBRg0lpgtq0G58axiO2HdQ','k0mhuom0efhpm9n559jpfgt5l4','temp_session_5daedf0c24f5a','159.224.250.25','2019-10-22 13:50:52','2019-10-22 13:50:52'),(605,1,'mMIgOE3KgzC2zSvhk461aF7zvGGl515H','k0mhuom0efhpm9n559jpfgt5l4','temp_session_5daedf17086cf','159.224.250.25','2019-10-22 13:51:03','2019-10-22 13:51:03'),(606,1,'PnMzKsYNnjnzJxQPZa6ybjZUn9gAl9IS','k0mhuom0efhpm9n559jpfgt5l4','temp_session_5daee2fceada6','159.224.250.25','2019-10-22 14:07:40','2019-10-22 14:07:40');

--
-- Table structure for table `oc_attribute`
--

CREATE TABLE `oc_attribute` (
  `attribute_id` int(11) NOT NULL AUTO_INCREMENT,
  `attribute_group_id` int(11) NOT NULL,
  `sort_order` int(3) NOT NULL,
  PRIMARY KEY (`attribute_id`)
) ENGINE=MyISAM AUTO_INCREMENT=12 DEFAULT CHARSET=utf8;

--
-- Dumping data for table `oc_attribute`
--

INSERT INTO `oc_attribute` VALUES (3,6,3);

--
-- Table structure for table `oc_attribute_description`
--

CREATE TABLE `oc_attribute_description` (
  `attribute_id` int(11) NOT NULL,
  `language_id` int(11) NOT NULL,
  `name` varchar(64) NOT NULL,
  PRIMARY KEY (`attribute_id`,`language_id`)
) ENGINE=MyISAM DEFAULT CHARSET=utf8;

--
-- Dumping data for table `oc_attribute_description`
--

INSERT INTO `oc_attribute_description` VALUES (3,1,'Объем');

--
-- Table structure for table `oc_attribute_group`
--

CREATE TABLE `oc_attribute_group` (
  `attribute_group_id` int(11) NOT NULL AUTO_INCREMENT,
  `sort_order` int(3) NOT NULL,
  PRIMARY KEY (`attribute_group_id`)
) ENGINE=MyISAM AUTO_INCREMENT=7 DEFAULT CHARSET=utf8;

--
-- Dumping data for table `oc_attribute_group`
--

INSERT INTO `oc_attribute_group` VALUES (6,4);

--
-- Table structure for table `oc_attribute_group_description`
--

CREATE TABLE `oc_attribute_group_description` (
  `attribute_group_id` int(11) NOT NULL,
  `language_id` int(11) NOT NULL,
  `name` varchar(64) NOT NULL,
  PRIMARY KEY (`attribute_group_id`,`language_id`)
) ENGINE=MyISAM DEFAULT CHARSET=utf8;

--
-- Dumping data for table `oc_attribute_group_description`
--

INSERT INTO `oc_attribute_group_description` VALUES (6,1,'Объем');

--
-- Table structure for table `oc_banner`
--

CREATE TABLE `oc_banner` (
  `banner_id` int(11) NOT NULL AUTO_INCREMENT,
  `name` varchar(64) NOT NULL,
  `status` tinyint(1) NOT NULL,
  PRIMARY KEY (`banner_id`)
) ENGINE=MyISAM AUTO_INCREMENT=10 DEFAULT CHARSET=utf8;

--
-- Dumping data for table `oc_banner`
--

INSERT INTO `oc_banner` VALUES (6,'HP Products',0),(7,'Home Page Slideshow',0),(8,'Manufacturers',0);

--
-- Table structure for table `oc_banner_image`
--

CREATE TABLE `oc_banner_image` (
  `banner_image_id` int(11) NOT NULL AUTO_INCREMENT,
  `banner_id` int(11) NOT NULL,
  `link` varchar(255) NOT NULL,
  `image` varchar(255) NOT NULL,
  `sort_order` int(3) NOT NULL DEFAULT '0',
  PRIMARY KEY (`banner_image_id`)
) ENGINE=MyISAM AUTO_INCREMENT=168 DEFAULT CHARSET=utf8;

--
-- Dumping data for table `oc_banner_image`
--

INSERT INTO `oc_banner_image` VALUES (148,7,'','catalog/22.jpg',0),(149,7,'index.php?route=product/product&amp;path=57&amp;product_id=49','',0),(151,6,'index.php?route=product/manufacturer/info&amp;manufacturer_id=7','',0),(167,8,'','',0),(166,8,'','',0),(165,8,'','',0),(164,8,'','',0),(163,8,'','',0),(162,8,'','',0),(161,8,'','',0),(160,8,'','',0),(159,8,'','',0),(158,8,'','',0),(157,8,'','',0),(156,8,'','',0),(155,8,'','',0),(154,8,'','',0),(153,8,'','',0),(152,8,'','',0);

--
-- Table structure for table `oc_banner_image_description`
--

CREATE TABLE `oc_banner_image_description` (
  `banner_image_id` int(11) NOT NULL,
  `language_id` int(11) NOT NULL,
  `banner_id` int(11) NOT NULL,
  `title` varchar(64) NOT NULL,
  PRIMARY KEY (`banner_image_id`,`language_id`)
) ENGINE=MyISAM DEFAULT CHARSET=utf8;

--
-- Dumping data for table `oc_banner_image_description`
--

INSERT INTO `oc_banner_image_description` VALUES (149,1,7,'iPhone 6'),(151,1,6,'HP Banner'),(164,1,8,'Iphone'),(163,1,8,'nokia'),(162,1,8,'NFL'),(161,1,8,'RedBull'),(160,1,8,'Sony'),(159,1,8,'Coca Cola'),(158,1,8,'Burger King'),(157,1,8,'Canon'),(156,1,8,'Harley Davidson'),(155,1,8,'Dell'),(154,1,8,'Disney'),(153,1,8,'Starbucks'),(152,1,8,'Nintendo'),(148,1,7,'MacBookAir'),(165,1,8,'Orbea'),(166,1,8,'Ladniy'),(167,1,8,'Lg');

--
-- Table structure for table `oc_cart`
--

CREATE TABLE `oc_cart` (
  `cart_id` int(11) unsigned NOT NULL AUTO_INCREMENT,
  `customer_id` int(11) NOT NULL,
  `session_id` varchar(32) NOT NULL,
  `product_id` int(11) NOT NULL,
  `recurring_id` int(11) NOT NULL,
  `option` text NOT NULL,
  `quantity` int(5) NOT NULL,
  `date_added` datetime NOT NULL,
  PRIMARY KEY (`cart_id`),
  KEY `cart_id` (`customer_id`,`session_id`,`product_id`,`recurring_id`)
) ENGINE=InnoDB AUTO_INCREMENT=124 DEFAULT CHARSET=utf8;

--
-- Dumping data for table `oc_cart`
--

INSERT INTO `oc_cart` VALUES (1,2,'95o9n37limaf6s7pqh5tc2vit1',51,0,'{\"231\":\"19\"}',1,'2016-05-17 17:06:43'),(3,1,'mmo95l8vm6epr406odstin1213',55,0,'{\"235\":\"23\"}',1,'2016-11-03 17:59:52'),(8,19,'1kd2ni7vk8ateonnjt4abuhfs3',51,0,'{\"231\":\"19\"}',1,'2017-03-06 22:20:45'),(12,26,'3jl1l800324vsqifhpf4mobkf3',47,0,'{\"228\":\"17\"}',1,'2017-05-03 10:59:39'),(13,26,'3jl1l800324vsqifhpf4mobkf3',51,0,'{\"231\":\"19\"}',1,'2017-05-03 10:59:39'),(14,26,'3jl1l800324vsqifhpf4mobkf3',59,0,'{\"239\":\"28\"}',1,'2017-05-03 10:59:39'),(24,39,'jneafagdekh7asntqin1lumr30',50,0,'{\"230\":\"18\"}',1,'2017-08-10 12:08:56'),(26,56,'8racbpmogfkrn8k58trpr31hn4',51,0,'{\"231\":\"19\"}',1,'2017-12-20 15:14:17'),(28,59,'u946l7j6q20r4ac5kneoqad1d6',47,0,'{\"228\":\"17\"}',1,'2017-12-28 13:18:17'),(29,62,'o554l04514uj2c9d65mpe466u7',50,0,'{\"230\":\"18\"}',2,'2018-01-09 13:10:43'),(31,62,'o554l04514uj2c9d65mpe466u7',67,0,'{\"252\":\"42\"}',1,'2018-01-09 13:14:02'),(32,62,'o554l04514uj2c9d65mpe466u7',47,0,'{\"228\":\"17\"}',1,'2018-01-09 13:17:21'),(36,24,'ap02vld28468kqbgdprnjf0206',51,0,'{\"231\":\"19\"}',2,'2018-01-24 17:37:54'),(38,80,'smvdajq4b0agq3ngfdndm93fd5',67,0,'{\"252\":\"42\"}',1,'2018-05-21 11:08:04'),(40,82,'8q90fckfhle32pp83hr9o1m1u1',52,0,'{\"232\":\"20\"}',1,'2018-06-19 08:29:45'),(44,100,'6tfhk26b7aoktgko6lffo7mc50',47,0,'{\"228\":\"17\"}',1,'2018-10-12 08:06:51'),(45,100,'6tfhk26b7aoktgko6lffo7mc50',65,0,'{\"244\":\"40\"}',1,'2018-10-12 08:06:51'),(46,100,'6tfhk26b7aoktgko6lffo7mc50',68,0,'{\"246\":\"35\"}',1,'2018-10-12 08:06:51'),(48,108,'ah3u6cd4pdb1gq4vps6eb85ef4',71,0,'{\"255\":\"52\"}',1,'2018-10-31 18:14:00'),(49,109,'p68tm8028rpu0fi0bjt1b9bin4',47,0,'{\"228\":\"17\"}',1,'2018-11-06 21:42:22'),(51,120,'o5cunevaaj7pj04pineuogjq31',51,0,'{\"231\":\"19\"}',1,'2019-01-11 15:15:29'),(63,122,'mvcl8cj3u146s58hpng1iocop3',51,0,'{\"231\":\"19\"}',1,'2019-01-14 20:53:52'),(64,122,'mvcl8cj3u146s58hpng1iocop3',54,0,'{\"251\":\"41\"}',1,'2019-01-14 21:34:15'),(65,125,'7morn74cu93rnv26nhj3h6vk84',47,0,'{\"228\":\"17\"}',3,'2019-02-12 10:26:19'),(70,129,'lpq9rjsqjq2k07mrjikgmhfp74',65,0,'{\"244\":\"33\"}',1,'2019-02-24 16:17:47'),(72,138,'1trug47348v896sm811l5rcp07',56,0,'{\"236\":\"24\"}',1,'2019-03-31 15:43:44'),(85,142,'e88ottfv350spbo72kj572tqc5',75,0,'{\"258\":\"56\"}',2,'2019-04-11 16:51:15'),(86,142,'e88ottfv350spbo72kj572tqc5',84,0,'{\"264\":\"62\"}',2,'2019-04-11 16:51:15'),(87,147,'f23mh72unoq880pdmhm417nvm1',75,0,'{\"258\":\"56\"}',1,'2019-04-19 23:20:26'),(94,158,'omma14h0oa23vc2tsbcnsph010',66,0,'{\"245\":\"34\"}',1,'2019-06-02 14:41:12'),(95,158,'omma14h0oa23vc2tsbcnsph010',84,0,'{\"264\":\"62\"}',1,'2019-06-02 14:41:51'),(99,142,'e88ottfv350spbo72kj572tqc5',66,0,'{\"245\":\"34\"}',1,'2019-07-11 21:29:17'),(100,176,'fd48com9gekprqcf05njhpuo32',73,0,'[]',1,'2019-08-07 19:46:51'),(101,155,'m87p6i5ml97kc1qokmf3s0blb5',72,0,'{\"254\":\"51\"}',1,'2019-08-26 23:02:42'),(102,155,'m87p6i5ml97kc1qokmf3s0blb5',50,0,'{\"230\":\"18\"}',1,'2019-08-26 23:02:56'),(103,155,'m87p6i5ml97kc1qokmf3s0blb5',56,0,'{\"236\":\"24\"}',1,'2019-08-26 23:03:16'),(106,163,'40g55mkb9akbqpbhbbh4ohlng6',47,0,'{\"228\":\"17\"}',1,'2019-10-05 17:52:35'),(107,198,'17h0eopj9kts8b013cgnls3he3',47,0,'{\"228\":\"17\"}',1,'2019-10-11 11:06:29'),(109,198,'17h0eopj9kts8b013cgnls3he3',71,0,'{\"255\":\"52\"}',2,'2019-10-11 11:10:13'),(110,198,'17h0eopj9kts8b013cgnls3he3',85,0,'{\"265\":\"64\"}',1,'2019-10-11 11:13:26'),(111,198,'17h0eopj9kts8b013cgnls3he3',50,0,'{\"230\":\"18\"}',12,'2019-10-11 11:14:39'),(122,0,'58i5eoich3jm75popcdp5mkur0',74,0,'{\"257\":\"55\"}',1,'2019-10-22 14:03:26'),(123,0,'nm74d1o907gpd73239gbulopc2',71,0,'{\"255\":\"52\"}',1,'2019-10-22 14:51:35');

--
-- Table structure for table `oc_category`
--

CREATE TABLE `oc_category` (
  `category_id` int(11) NOT NULL AUTO_INCREMENT,
  `image` varchar(255) DEFAULT NULL,
  `parent_id` int(11) NOT NULL DEFAULT '0',
  `top` tinyint(1) NOT NULL,
  `column` int(3) NOT NULL,
  `sort_order` int(3) NOT NULL DEFAULT '0',
  `status` tinyint(1) NOT NULL,
  `date_added` datetime NOT NULL,
  `date_modified` datetime NOT NULL,
  PRIMARY KEY (`category_id`),
  KEY `parent_id` (`parent_id`)
) ENGINE=MyISAM AUTO_INCREMENT=59 DEFAULT CHARSET=utf8;

--
-- Dumping data for table `oc_category`
--

INSERT INTO `oc_category` VALUES (20,'catalog/-запаска_1.jpg',0,1,1,1,1,'2009-01-05 21:49:43','2018-10-11 12:17:34');

--
-- Table structure for table `oc_category_description`
--

CREATE TABLE `oc_category_description` (
  `category_id` int(11) NOT NULL,
  `language_id` int(11) NOT NULL,
  `name` varchar(255) NOT NULL,
  `description` text NOT NULL,
  `meta_title` varchar(255) NOT NULL,
  `meta_description` varchar(255) NOT NULL,
  `meta_keyword` varchar(255) NOT NULL,
  PRIMARY KEY (`category_id`,`language_id`),
  KEY `name` (`name`)
) ENGINE=MyISAM DEFAULT CHARSET=utf8;

--
-- Dumping data for table `oc_category_description`
--

INSERT INTO `oc_category_description` VALUES (20,1,'Продукция','&lt;p class=&quot;MsoNoSpacing&quot; style=&quot;text-align: left;&quot;&gt;&lt;span style=&quot;font-size:12.0pt;mso-bidi-font-family:Calibri;\r\nmso-bidi-theme-font:minor-latin&quot;&gt;Реабилитация, профилактика и восстановление\r\nорганизма на дому c помощью 100% натуральных минеральных экстрактов. Все\r\nпрепараты Аксимед оказывают быстрое терапевтическое действие и не вызывают\r\nпобочных эффектов.&lt;/span&gt;&lt;/p&gt;&lt;p class=&quot;MsoNoSpacing&quot;&gt;&lt;span style=&quot;font-size:12.0pt;mso-bidi-font-family:Calibri;\r\nmso-bidi-theme-font:minor-latin&quot;&gt;&lt;o:p&gt;&lt;br&gt;&lt;/o:p&gt;&lt;/span&gt;&lt;/p&gt;&lt;p class=&quot;MsoNoSpacing&quot;&gt;&lt;span style=&quot;font-size:12.0pt;mso-bidi-font-family:Calibri;\r\nmso-bidi-theme-font:minor-latin&quot;&gt;&lt;o:p&gt;&lt;br&gt;&lt;/o:p&gt;&lt;/span&gt;&lt;/p&gt;&lt;p class=&quot;MsoNoSpacing&quot;&gt;&lt;span style=&quot;font-size:12.0pt;mso-bidi-font-family:Calibri;\r\nmso-bidi-theme-font:minor-latin&quot;&gt;&lt;o:p&gt;&lt;br&gt;&lt;/o:p&gt;&lt;/span&gt;&lt;/p&gt;&lt;p style=&quot;margin-bottom:-120px&quot;&gt; &lt;/p&gt;','Продукция Аксимед','Компания «Аксимед» ведет свою историю с начала 90-х годов прошлого столетия. Именно тогда зародилась идея использовать целительные свойства отечественных курортов. И состояла она в приближении курортного лечения к домашним условиям или, другими словами – ','аксимед, пеловит, грязь, курортное лечение, лечение, лор, насморк');

--
-- Table structure for table `oc_category_filter`
--

CREATE TABLE `oc_category_filter` (
  `category_id` int(11) NOT NULL,
  `filter_id` int(11) NOT NULL,
  PRIMARY KEY (`category_id`,`filter_id`)
) ENGINE=MyISAM DEFAULT CHARSET=utf8;

--
-- Dumping data for table `oc_category_filter`
--


--
-- Table structure for table `oc_category_path`
--

CREATE TABLE `oc_category_path` (
  `category_id` int(11) NOT NULL,
  `path_id` int(11) NOT NULL,
  `level` int(11) NOT NULL,
  PRIMARY KEY (`category_id`,`path_id`)
) ENGINE=MyISAM DEFAULT CHARSET=utf8;

--
-- Dumping data for table `oc_category_path`
--

INSERT INTO `oc_category_path` VALUES (20,20,0);

--
-- Table structure for table `oc_category_to_layout`
--

CREATE TABLE `oc_category_to_layout` (
  `category_id` int(11) NOT NULL,
  `store_id` int(11) NOT NULL,
  `layout_id` int(11) NOT NULL,
  PRIMARY KEY (`category_id`,`store_id`)
) ENGINE=MyISAM DEFAULT CHARSET=utf8;

--
-- Dumping data for table `oc_category_to_layout`
--

INSERT INTO `oc_category_to_layout` VALUES (20,0,0);

--
-- Table structure for table `oc_category_to_store`
--

CREATE TABLE `oc_category_to_store` (
  `category_id` int(11) NOT NULL,
  `store_id` int(11) NOT NULL,
  PRIMARY KEY (`category_id`,`store_id`)
) ENGINE=MyISAM DEFAULT CHARSET=utf8;

--
-- Dumping data for table `oc_category_to_store`
--

INSERT INTO `oc_category_to_store` VALUES (20,0);

--
-- Table structure for table `oc_country`
--

CREATE TABLE `oc_country` (
  `country_id` int(11) NOT NULL AUTO_INCREMENT,
  `name` varchar(128) NOT NULL,
  `iso_code_2` varchar(2) NOT NULL,
  `iso_code_3` varchar(3) NOT NULL,
  `address_format` text NOT NULL,
  `postcode_required` tinyint(1) NOT NULL,
  `status` tinyint(1) NOT NULL DEFAULT '1',
  PRIMARY KEY (`country_id`)
) ENGINE=MyISAM AUTO_INCREMENT=258 DEFAULT CHARSET=utf8;

--
-- Dumping data for table `oc_country`
--

INSERT INTO `oc_country` VALUES (220,'Украина','UA','UKR','',0,1);

--
-- Table structure for table `oc_coupon`
--

CREATE TABLE `oc_coupon` (
  `coupon_id` int(11) NOT NULL AUTO_INCREMENT,
  `name` varchar(128) NOT NULL,
  `code` varchar(10) NOT NULL,
  `type` char(1) NOT NULL,
  `discount` decimal(15,4) NOT NULL,
  `logged` tinyint(1) NOT NULL,
  `shipping` tinyint(1) NOT NULL,
  `total` decimal(15,4) NOT NULL,
  `date_start` date NOT NULL DEFAULT '0000-00-00',
  `date_end` date NOT NULL DEFAULT '0000-00-00',
  `uses_total` int(11) NOT NULL,
  `uses_customer` varchar(11) NOT NULL,
  `status` tinyint(1) NOT NULL,
  `date_added` datetime NOT NULL,
  PRIMARY KEY (`coupon_id`)
) ENGINE=MyISAM AUTO_INCREMENT=7 DEFAULT CHARSET=utf8;

--
-- Dumping data for table `oc_coupon`
--

INSERT INTO `oc_coupon` VALUES (4,'-10% Discount','2222','P',10.0000,0,0,0.0000,'2014-01-01','2020-01-01',10,'10',0,'2009-01-27 13:55:03'),(5,'Free Shipping','3333','P',0.0000,0,1,100.0000,'2014-01-01','2014-02-01',10,'10',0,'2009-03-14 21:13:53'),(6,'-10.00 Discount','1111','F',10.0000,0,0,10.0000,'2014-01-01','2020-01-01',100000,'10000',0,'2009-03-14 21:15:18');

--
-- Table structure for table `oc_coupon_category`
--

CREATE TABLE `oc_coupon_category` (
  `coupon_id` int(11) NOT NULL,
  `category_id` int(11) NOT NULL,
  PRIMARY KEY (`coupon_id`,`category_id`)
) ENGINE=MyISAM DEFAULT CHARSET=utf8;

--
-- Dumping data for table `oc_coupon_category`
--


--
-- Table structure for table `oc_coupon_history`
--

CREATE TABLE `oc_coupon_history` (
  `coupon_history_id` int(11) NOT NULL AUTO_INCREMENT,
  `coupon_id` int(11) NOT NULL,
  `order_id` int(11) NOT NULL,
  `customer_id` int(11) NOT NULL,
  `amount` decimal(15,4) NOT NULL,
  `date_added` datetime NOT NULL,
  PRIMARY KEY (`coupon_history_id`)
) ENGINE=MyISAM DEFAULT CHARSET=utf8;

--
-- Dumping data for table `oc_coupon_history`
--


--
-- Table structure for table `oc_coupon_product`
--

CREATE TABLE `oc_coupon_product` (
  `coupon_product_id` int(11) NOT NULL AUTO_INCREMENT,
  `coupon_id` int(11) NOT NULL,
  `product_id` int(11) NOT NULL,
  PRIMARY KEY (`coupon_product_id`)
) ENGINE=MyISAM DEFAULT CHARSET=utf8;

--
-- Dumping data for table `oc_coupon_product`
--


--
-- Table structure for table `oc_currency`
--

CREATE TABLE `oc_currency` (
  `currency_id` int(11) NOT NULL AUTO_INCREMENT,
  `title` varchar(32) NOT NULL,
  `code` varchar(3) NOT NULL,
  `symbol_left` varchar(12) NOT NULL,
  `symbol_right` varchar(12) NOT NULL,
  `decimal_place` char(1) NOT NULL,
  `value` float(15,8) NOT NULL,
  `status` tinyint(1) NOT NULL,
  `date_modified` datetime NOT NULL,
  PRIMARY KEY (`currency_id`)
) ENGINE=MyISAM AUTO_INCREMENT=4 DEFAULT CHARSET=utf8;

--
-- Dumping data for table `oc_currency`
--

INSERT INTO `oc_currency` VALUES (3,'Гривна','UAH','',' грн.','2',1.00000000,1,'2016-04-19 18:22:19');

--
-- Table structure for table `oc_custom_field`
--

CREATE TABLE `oc_custom_field` (
  `custom_field_id` int(11) NOT NULL AUTO_INCREMENT,
  `type` varchar(32) NOT NULL,
  `value` text NOT NULL,
  `validation` varchar(255) NOT NULL,
  `location` varchar(7) NOT NULL,
  `status` tinyint(1) NOT NULL,
  `sort_order` int(3) NOT NULL,
  PRIMARY KEY (`custom_field_id`)
) ENGINE=MyISAM DEFAULT CHARSET=utf8;

--
-- Dumping data for table `oc_custom_field`
--


--
-- Table structure for table `oc_custom_field_customer_group`
--

CREATE TABLE `oc_custom_field_customer_group` (
  `custom_field_id` int(11) NOT NULL,
  `customer_group_id` int(11) NOT NULL,
  `required` tinyint(1) NOT NULL,
  PRIMARY KEY (`custom_field_id`,`customer_group_id`)
) ENGINE=MyISAM DEFAULT CHARSET=utf8;

--
-- Dumping data for table `oc_custom_field_customer_group`
--


--
-- Table structure for table `oc_custom_field_description`
--

CREATE TABLE `oc_custom_field_description` (
  `custom_field_id` int(11) NOT NULL,
  `language_id` int(11) NOT NULL,
  `name` varchar(128) NOT NULL,
  PRIMARY KEY (`custom_field_id`,`language_id`)
) ENGINE=MyISAM DEFAULT CHARSET=utf8;

--
-- Dumping data for table `oc_custom_field_description`
--


--
-- Table structure for table `oc_custom_field_value`
--

CREATE TABLE `oc_custom_field_value` (
  `custom_field_value_id` int(11) NOT NULL AUTO_INCREMENT,
  `custom_field_id` int(11) NOT NULL,
  `sort_order` int(3) NOT NULL,
  PRIMARY KEY (`custom_field_value_id`)
) ENGINE=MyISAM DEFAULT CHARSET=utf8;

--
-- Dumping data for table `oc_custom_field_value`
--


--
-- Table structure for table `oc_custom_field_value_description`
--

CREATE TABLE `oc_custom_field_value_description` (
  `custom_field_value_id` int(11) NOT NULL,
  `language_id` int(11) NOT NULL,
  `custom_field_id` int(11) NOT NULL,
  `name` varchar(128) NOT NULL,
  PRIMARY KEY (`custom_field_value_id`,`language_id`)
) ENGINE=MyISAM DEFAULT CHARSET=utf8;

--
-- Dumping data for table `oc_custom_field_value_description`
--


--
-- Table structure for table `oc_customer`
--

CREATE TABLE `oc_customer` (
  `customer_id` int(11) NOT NULL AUTO_INCREMENT,
  `customer_group_id` int(11) NOT NULL,
  `store_id` int(11) NOT NULL DEFAULT '0',
  `firstname` varchar(32) NOT NULL,
  `lastname` varchar(32) NOT NULL,
  `email` varchar(96) NOT NULL,
  `telephone` varchar(32) NOT NULL,
  `fax` varchar(32) NOT NULL,
  `password` varchar(40) NOT NULL,
  `salt` varchar(9) NOT NULL,
  `cart` text,
  `wishlist` text,
  `newsletter` tinyint(1) NOT NULL DEFAULT '0',
  `address_id` int(11) NOT NULL DEFAULT '0',
  `custom_field` text NOT NULL,
  `ip` varchar(40) NOT NULL,
  `status` tinyint(1) NOT NULL,
  `approved` tinyint(1) NOT NULL,
  `safe` tinyint(1) NOT NULL,
  `token` text NOT NULL,
  `code` varchar(40) NOT NULL,
  `date_added` datetime NOT NULL,
  PRIMARY KEY (`customer_id`)
) ENGINE=MyISAM AUTO_INCREMENT=203 DEFAULT CHARSET=utf8;

--
-- Dumping data for table `oc_customer`
--

INSERT INTO `oc_customer` VALUES (1,1,0,'Александр','Александр','alexandr.yevlentyev@gmail.com','093 5758166','','7de4e88e859b03fa6ad16e2fbe8c7d70f9d7bb9b','hbOB7MmSO',NULL,NULL,0,1,'','195.138.82.255',1,1,0,'','','2016-05-03 15:03:35'),(2,1,0,'AAA','AAAAA','evlentev_a@ukr.net','123','','c311ed358215cf769f34de5c1dbadc5985445b80','jypJMufSK',NULL,NULL,0,2,'','85.238.102.237',1,1,0,'','','2016-05-17 16:50:23'),(3,1,0,'Таня','Сильчук','ktan@ukr.net','0982746091','','b1e81721165aa941e4df42a1d126e464dd7900fb','Tp3PM2kaX',NULL,NULL,0,3,'','46.133.248.106',1,1,0,'','','2016-07-15 10:51:46'),(4,1,0,'Даниил Анатольевич','Бааджи','daniilbaadzhi@gmail.com','0953380585','','a1e6d04b1ffa4eab6e0bbe6d911e05a975c2781b','Gpyj0eruA',NULL,NULL,0,4,'','151.0.30.89',1,1,0,'','a1nkiHag7siCxakOffp6e0kfOrDtm0PSlBVrkPRl','2016-08-03 20:55:18'),(5,1,0,'Ольга','Перегонцева','olechka69@gmail.com','0679194213','','a2573ebc522f1caadd7cac25424627843e184a08','fBzB6jNQs',NULL,NULL,1,5,'','176.36.55.195',1,1,0,'','','2016-09-17 14:04:26'),(6,1,0,'JosepfluH','JosepfluHES','olg.aus.tya.n.ov.a.5@gmail.com','123456','123456','4984dfeb0db7e8a88ad36bc37f36810f0ae6875b','93sozUVgv',NULL,NULL,0,6,'','193.124.180.73',1,1,0,'','','2016-09-22 08:07:19'),(7,1,0,'JosepfluH','JosepfluHES','ol.gau.st.y.an.ova.5@gmail.com','123456','123456','0f55c8da033f2d6f5632f5f6c1a1d27f94c1763a','EvwMzjaZW',NULL,NULL,0,7,'','193.124.180.73',1,1,0,'','','2016-09-22 18:27:07'),(8,1,0,'Екатерина','Бортникова','ragazza2002@mail.ru','0675587041','','edb1dd3ad0282b1c7d6901bde779b5129d233a03','GOgMyk0MB',NULL,NULL,1,8,'','188.163.70.17',1,1,0,'','','2016-10-17 21:29:27'),(9,1,0,'Ирина','Реука','zoya_q@mail.ru','+380506343608','','b17dada7ec12d463f3c41c22fdf9e8abf480f101','YK4g2BoYc',NULL,NULL,0,34,'','31.28.235.17',1,1,0,'','','2016-10-28 15:24:26'),(10,1,0,'Андрей','Слободянюк','slobod-andrej@yandex.ru','+380661796296','','d3771cdecca31f7d005b54925986e24d61ed2f49','LhZgQMlLn',NULL,NULL,0,35,'','80.94.255.221',1,1,0,'','','2016-11-21 14:57:32'),(11,1,0,'Олеся','Муль','lesika.82@mail.ru','0687720160','','573e78e1865026b6b4674f8af1bec37b249cf8c0','y2Th6o8Bi',NULL,NULL,1,36,'','78.111.190.28',1,1,0,'','','2016-12-27 14:12:58'),(12,1,0,'Катерина','Лобанова','katerynalobanova@ukr.net','+380962201346','','f782f663c2533a6c736efafd16fc7b6c80629f01','lqHbyj9Lw',NULL,NULL,1,38,'','188.163.9.146',1,1,0,'','','2017-01-12 13:59:05'),(13,1,0,'Татьяна','Бондарчук','maliovanna@mail.ru','067-942-62-86','','3f2253e6a69811c17e28f2d45219e51259ef5b3f','G60vK1w9p',NULL,NULL,1,40,'','78.27.166.7',1,1,0,'','','2017-01-30 14:13:47'),(14,1,0,'Лилия','Хакимова','hakimova2509@mail.ru','89519712889','','f0dd921be6b793f76d18bbe67a58e8b2db2add5f','D6l2JlLcn',NULL,NULL,0,41,'','94.50.195.179',1,1,0,'','','2017-02-01 15:17:20'),(15,1,0,'елена','сыроветник','olenin86@ukr.net','0937673270','','e92b74a9095ae83e54257bf6c6d961bdbf5660be','QML1jauq3',NULL,NULL,1,42,'','109.251.117.46',1,1,0,'','','2017-02-11 10:00:01'),(16,1,0,'Ольга','Руденко','olg_ru@mail.ru','+380 98 0212085','','6292ae389ff067121f82f28adf21622d9fa69a25','GxndNN02M',NULL,NULL,0,43,'','94.153.195.78',1,1,0,'','','2017-02-27 15:04:59'),(17,1,0,'Алина','Панченко','fit_cum_bi@mail.ru','0931361386','','3a2409dc32de9075634bcdf32a65509105e43194','hDatAO2tU',NULL,NULL,1,44,'','188.163.68.210',1,1,0,'','','2017-02-27 22:08:07'),(18,1,0,'Вероника','Карпишина','burnika@ukr.net','0971103371','','a7eaf96c20be45942b0ea00e935a8604325c2e0f','vDCCPsxVM',NULL,NULL,1,45,'','217.30.193.128',1,1,0,'','','2017-03-03 17:07:29'),(19,1,0,'Олеся','Ковшова','klesenochek@mail.ru','0508301566','','23bfa27728ed4e4beadf76ef72c27adb893c431d','hSkqxp9hr',NULL,NULL,0,46,'','46.98.14.130',1,1,0,'','','2017-03-06 22:10:38'),(20,1,0,'Сергей','Бондарь','opaxec@gmail.com','+380932780003','','95b3b4b96865ab48da45dfb0ab717fafd504e4a0','KcfNpOH2a',NULL,NULL,0,47,'','194.54.160.9',1,1,0,'','','2017-03-07 17:36:20'),(21,1,0,'Татьяна','Печенко','pechenko78@gmail.com','0935258173','','af2b6658078ec7d4e2f281c64ad657723282f185','tKRae275c',NULL,NULL,1,48,'','94.178.105.163',1,1,0,'','','2017-03-12 21:44:28'),(22,1,0,'Любовь','Пятигорец','s.smirnof2016@gmail.com','0508407035','','9a19e954e68b577ea8a481f5333b541e19c29f56','LpuhwrH9y',NULL,NULL,0,50,'','78.26.151.215',1,1,0,'','','2017-03-18 02:50:39'),(23,1,0,'Татьяна','Гвоздик','tasiko.gvozdik@gmail.com','+380503834161','','88150e2edea9a92e632412dbed44a85f635bacbf','aDlbwD3jV',NULL,NULL,1,51,'','94.248.17.213',1,1,0,'','','2017-03-30 19:10:03'),(24,1,0,'Василий','Ткачук','Petrovi4_1982@ukr.net','0982699926','','a72d0df30b2e83aa73a666cb16edba4c36787827','TGIB1LxA0',NULL,NULL,0,53,'','37.73.229.151',1,1,0,'','','2017-04-10 14:01:37'),(25,1,0,'Анна','Кузнецова','anaken@inbox.ru','0504473075','','1674e5786c747749be6027e61ccd6ce2625b285b','gQYI6YUXT',NULL,NULL,0,54,'','93.72.11.0',1,1,0,'','','2017-05-02 12:58:50'),(26,1,0,'Артем','Задорожный','artem8719@mail.ua','0990855299','','dbb5b39ef7ba3587002fb586c272d24a2cbd80ae','wvlYLY5J9',NULL,NULL,0,55,'','130.180.220.28',1,1,0,'','','2017-05-03 10:58:52'),(27,1,0,'Галина','Прозоря','pgi2709@ukr.net','0508160809','','74a07a9da379a3b998ec88c1443fb390950846bf','rRrEvZdGW',NULL,NULL,0,56,'','193.108.250.218',1,1,0,'','sz2PE2feY1kqg74UlvCxepq3ElcQjNmdn0rUAg9J','2017-05-05 09:02:40'),(28,1,0,'Александр','Харченко','alexanderk2957@gmail.com','0980079857','','cd157eaddbec5a9e7a08ffc76039b7a9315df17a','AAjiB9x28',NULL,NULL,0,57,'','91.207.245.194',1,1,0,'','','2017-05-10 18:54:55'),(29,1,0,'Кристина ','Немчинова ','krystynanyemchynova@gmail.com','066-058-47-32','','60b19b35378c0af15b857a0ff4dc15437cea0614','P4mqzfSwQ',NULL,NULL,0,58,'','46.133.42.22',1,1,0,'','','2017-05-15 09:57:04'),(30,1,0,'Виктор','Маханько','makhan.victor@yandex.ua','+380988016536','','a6b58eb12e485a153c1c264f85457e522604eda9','P59BBpRgL',NULL,NULL,0,59,'','130.180.218.163',1,1,0,'','','2017-05-16 16:33:31'),(31,1,0,'Валентина','Савич','savich@ctc-group.com.ua','099-3043773','','826d6ecb8882dfe5b0ce31e9e24583ded9541781','LjfOlwGbe',NULL,NULL,0,60,'','77.239.167.116',1,1,0,'','','2017-05-19 15:04:16'),(32,1,0,'Ірина','Рак','rak.irina75@ukr.net','0991754847','','c0baa6ca3875cc23261f686fb141c5c65ac7703a','ceIzxPucs',NULL,NULL,1,61,'','212.1.101.82',1,1,0,'','','2017-07-03 10:42:40'),(33,1,0,'Леся','Шелестова','Lesyakosmetolog0@gmail.com','0508301566','','2f0d0a5840406cc37b88efcafbbd43666cb7ddb8','uUoFAfjiB',NULL,NULL,1,62,'','93.127.21.191',1,1,0,'','','2017-07-04 09:55:22'),(34,1,0,'Алёна','Курганская','work51@ukr.net','0662827007','','f41656f98f3e7c0803478e0e807f9f7e09f297f4','3SVLwlxda',NULL,NULL,1,63,'','81.23.24.133',1,1,0,'','','2017-07-06 20:09:51'),(35,1,0,'Алиса','Середа','Alisa1991sonce@gmail.com','0966286996','','bae25a1e49cf805dbe62001a52d55a2941cd78a5','UhN6GEMuS',NULL,NULL,1,64,'','212.55.66.54',1,1,0,'','','2017-07-07 22:49:15'),(36,1,0,'Оксана','Симоненко','ksenyiasymonenko@ukr.net','0971712250','','ce90b5b96280826927055f36e388e7f8f555c5f2','jooYSNkzg',NULL,NULL,1,65,'','195.230.115.62',1,1,0,'','','2017-07-14 18:19:41'),(37,1,0,'Наталья','Гнатюк','gnatuk2012@gmail.com','096-412-41-57','','432168232d0bbda36c345a8d2f8dcb3a0f85dec4','j144oAodt',NULL,NULL,1,66,'','46.119.6.101',1,1,0,'','','2017-07-21 15:23:06'),(38,1,0,'Катерина ','Рамдон','katten2020@gmail.com','0639384157','','0c0002570317983dd02fa3dfbcbdc41eb209fe1d','WspRzvpMs',NULL,NULL,1,67,'','78.26.130.168',1,1,0,'','','2017-08-06 20:38:08'),(39,1,0,'Сергей','Бограс','aksimedcompany@gmail.com','+380932780003','','1698290d4ff988a9a1ce74b203c60a375d438379','ZBwBuO2ou',NULL,NULL,1,68,'','194.54.160.9',1,1,0,'','','2017-08-10 11:22:44'),(40,1,0,'Алена','Секрет','secretalena2017@gmail.com','0960537803','','37cf18eede6780c2db72f245b01374b43f7dcfde','mGtthlGIK',NULL,NULL,1,69,'','178.136.222.127',1,1,0,'','','2017-08-17 18:40:00'),(41,1,0,'Вікторія','Онищенко','wonder2007@ukr.net','0965755676','','0aac06306f8e21de5a13cb0fcc7c06a6fa4e8a49','NYu62hxPk',NULL,NULL,1,72,'','91.219.80.13',1,1,0,'','','2017-09-30 22:12:10'),(42,1,0,'Виталий','Площинский','plovit@icloud.com','0675064948','','81676aa657aebc4e4f5daf0ba7bab5250c23aa3e','naUx4XhqX',NULL,NULL,0,73,'','176.102.57.247',1,1,0,'','','2017-10-03 21:45:41'),(43,1,0,'Андрей','Прядка','andrewpriadka@gmail.com','0937117289','','eb66790fea144fab7114a23e8e60dc7bf09acdfc','lRmPJJz7Z',NULL,NULL,0,74,'','176.105.103.90',1,1,0,'','','2017-10-04 12:42:50'),(44,1,0,'Галина','Литвинова','genaigalya@gmail.com','0677108013','','b4cedfd7fff8e3dfaba784a266c65cf3f1d3ee03','ZFTc9HqIr',NULL,NULL,1,75,'','46.211.145.36',1,1,0,'','NC8AGNGcXLX8ymOzpmysbanjPPm3rIVj7gEybmTZ','2017-10-11 11:31:26'),(45,1,0,'Ярослава','Морозова','morozova.yara@gmail.com','0683990090','','74127d8c63d07dce0715694f3349af42753b6af2','1g6yPZN8G',NULL,NULL,0,76,'','188.163.72.23',1,1,0,'','','2017-10-11 13:40:51'),(46,1,0,'Наталья','Ворончук','vvoronchuk@ukr.net','0936492265','','138dd852848e68e7e664c4c0afbfc1ca31007057','aT1BMjua6',NULL,NULL,1,77,'','91.200.3.238',1,1,0,'','uA3hm1RihkM4npfpwU6ot28YecuRUvZ27xMq9JLu','2017-10-11 16:17:01'),(47,1,0,'Прасковья','Калинкова','kaprava72@gmail.com','0674872250','','4b1ca3d918c58ed3bc777beb0fa508856315363b','1QURwS9nN',NULL,NULL,1,78,'','130.0.49.123',1,1,0,'','','2017-10-14 16:53:34'),(48,1,0,'Екатерина ','Онуфриенко ','kate_onufrienko@mail.ru','0501672297','','ac1500ba7762a403e060d0629b339cb1d4910377','4OTs39wzt',NULL,NULL,0,79,'','108.170.8.184',1,1,0,'','','2017-10-16 12:07:45'),(49,1,0,'Роман','Кулькин','j1012290475@gmail.com','380676317315','','c84c04d6952652c83cdc47ed71057f19818fb55f','YtC7ZCml2',NULL,NULL,1,80,'','46.119.90.218',1,1,0,'','','2017-11-18 14:29:07'),(50,1,0,'Валерия','Вакуленко','lera.modeler@gmail.com','096 4268169','','9f27e78b889df9f4a5bc6321ed3130d49f14c875','2FVw2RFtR',NULL,NULL,0,81,'','84.47.133.6',1,1,0,'','TKOPt6vvkTXpcE0MCcGRyeQPmbbaMw34C6XdxnUg','2017-11-21 11:02:50'),(51,1,0,'Мирослава','Суворова','ro7777777se@gmail.com','+380934686528','','486e377c33eff33f9db8101f7a66ac2124b77ac0','ucAm6CsCD',NULL,NULL,1,82,'','37.73.209.245',1,1,0,'','','2017-11-25 16:48:24'),(52,1,0,'Татьяна','Курбет','t_grin@ukr.net','+380982208072','','554c3aa7a1f8f381f72314508a5c24420e3021f1','JmL1zjtRA',NULL,NULL,1,83,'','176.37.14.148',1,1,0,'','','2017-11-27 23:40:40'),(53,1,0,'Мирослава','Суворова','Miroslava.suvorova@gmail.xn--om-nmc','0934686528','','686a57de1822e0d0d3dd8be7b685b822cc7188c7','NCANLUlZh',NULL,NULL,0,84,'','37.73.173.43',1,1,0,'','','2017-12-12 14:51:21'),(54,1,0,'Светлана ','Гончарова ','lana.mezeckay@gmail.com','0932758715','','3a6dd9c8c044ac11da0be671e786a7d3ef740b0e','AmCX2maJM',NULL,NULL,1,85,'','79.142.196.151',1,1,0,'','','2017-12-12 16:29:48'),(55,1,0,'Светлана','Затхей','svetik.zatkhey@gmail.com','+380503316604','','cf8f9192b234bae997bc41539c03fca42b408724','Q1UM7HkWy',NULL,NULL,1,86,'','194.176.97.123',1,1,0,'','','2017-12-17 20:07:59'),(56,1,0,'Евгений','Волков','evgenijvolkov669@gmail.com','0676344221','','796db150b481507756ffb4b9a6caffcdc3ecb443','TtPzDV8dX',NULL,NULL,0,87,'','66.102.9.26',1,1,0,'','','2017-12-20 15:08:12'),(57,1,0,'Алина ','Мирошниченко ','alina16062012@gmail.com','+380662314887','','abffeff2dd32aae2879295a8b606c84eefa838c6','a0rfCeaIN',NULL,NULL,0,88,'','194.213.120.2',1,1,0,'','','2017-12-23 08:25:50'),(58,1,0,'людмила','карнаух','milka20281@gmail.com','0677608405','','6e2d56be8e57e7025b9b246e25a286416c91892c','zsBlfFLGG',NULL,NULL,1,89,'','46.98.124.19',1,1,0,'','','2017-12-24 17:06:10'),(59,1,0,'Наталия','Бабяк','bebikav@ukr.net','+380667685012','','8ae4c24d9c21c38fb67fc37d5407531b33592ab1','dp0MlsORX',NULL,NULL,1,91,'','178.54.13.48',1,1,0,'','','2017-12-28 13:02:37'),(60,1,0,'Alex','Galperin','Galperinalex@gmail.com','+380674803609','','99a20651d471ec8cb4fd18d92e1c9179f65efc61','F5xq1QaaF',NULL,NULL,1,92,'','85.238.104.44',1,1,0,'','dsFsvjYoiAp0BJV0C7KU2VfShDJHeGdZbfDj9t9Y','2017-12-31 21:04:13'),(61,1,0,'Яна','Белоус','kolibri03@mail.ru','0632431642','','639210d92c93ba53ae1d97f00afd49b97aa2911c','BEInMbbhK',NULL,NULL,0,93,'','77.122.118.84',1,1,0,'','','2018-01-08 21:06:31'),(62,1,0,'Елена','Бышок','elen-bysho@meta.ua','0965640733','','6d503fec70f91ecd5535edff4b5ff1b6b8468440','frfiZaZ79',NULL,NULL,0,94,'','176.97.56.24',1,1,0,'','','2018-01-09 13:09:38'),(63,1,0,'Татьяна ','Коломийцева ','talya2807@ukr.net','+380633437460','','8e18703fc7f588f4c11b0486ee4f642937284b05','ymn5geE57',NULL,NULL,0,95,'','212.90.61.37',1,1,0,'','','2018-01-18 13:08:35'),(64,1,0,'яна','коломиец','ia.kolomiietc@gmal.com','0950723712 ','','ba01f0f42e45903ddc5743288c37f83a9465dd25','XR3HXGSMD',NULL,NULL,0,96,'','217.76.207.6',1,1,0,'','','2018-01-29 05:10:13'),(65,1,0,'Антонина Николаевна','Грамм','antoneski@ukr.net','+380676383257','','c179f7aa7dc0177c6ec7311d28f38b4af513d2c7','wtVjaAiNF',NULL,NULL,0,97,'','176.116.82.44',1,1,0,'','E4w7QWK2Eyj0jQwN6bk4bcKv2gWTJlYIelQIl8kW','2018-02-02 10:42:38'),(66,1,0,'Юлия','Якушева','julia73y@gmail.com','0503902734','','3814348dd1a48335e6f7689ad3008bae32a9a0a4','vQ1sRLeCP',NULL,NULL,0,98,'','178.136.119.148',1,1,0,'','','2018-02-07 13:35:56'),(67,1,0,'Анастасия ','Шевчук','cornelia.vermeer23@gmail.com','0660414552','','08d6054daf115dc7e039f444bb2e147293098d56','azZbfu7su',NULL,NULL,0,99,'','78.26.151.225',1,1,0,'','','2018-02-13 12:33:19'),(68,1,0,'Инна','Суровцева','inna-sp-85@mail.ru','0689266680','','8bdee58a85b10fee6c50d968cddcc674378cd8fa','L9TAlEarg',NULL,NULL,0,100,'','5.254.65.20',1,1,0,'','','2018-02-18 18:13:28'),(69,1,0,'Елена','Герасимова','e.v.gerasimova@gmail.com','0676405551','','33ddaae647effb1a12d4adfed3074de9d17e3af6','HFFLdFuSY',NULL,NULL,1,101,'','176.119.83.169',1,1,0,'','','2018-02-20 21:04:22'),(70,1,0,'Анна','Немашкало','annahappy22@ukr.net','0992357265','','68fcfb46c5eecdda29a73f3190f9ff5849f041f2','Rpq9SyUke',NULL,NULL,1,102,'','46.200.218.88',1,1,0,'','','2018-02-21 14:20:41'),(71,1,0,'Наталья','Шишко','jalisichka@gmail.com','0673230109','','0c5b52781cbd2b9d427be226e980196eb45c3194','tMrUcyNqy',NULL,NULL,0,103,'','46.185.33.1',1,1,0,'','','2018-02-24 00:07:37'),(72,1,0,'Евгений','Жидеев','kl23n9@gmail.com','0957788131','','78a09d4937791054c4fa5a93b81e8b6bd0e28d59','wAlkkIne8',NULL,NULL,0,105,'','164.127.76.106',1,1,0,'','','2018-03-04 16:21:00'),(73,1,0,'Здесь http://x0Yjgqu6.com','И навверное  http://x0Yjgqu6.ru','eduarddwbfokin@mail.ru','13658596994','','a62e2631854c5ac64bca847ba233f3b105813934','kEAz9QVHg',NULL,NULL,1,106,'','89.151.179.172',1,1,0,'','','2018-03-05 15:41:20'),(74,1,0,'Екатерина','Онуфриенко','konufriyenko@gmail.com','050-167-22-97','','195619413683c73cdb10cb1119eb27503ddeaba6','neANp088J',NULL,NULL,1,107,'','91.196.95.29',1,1,0,'','4E6dJx93BUdU5UWIMrjWfVQ6oEEnS5piu5JRA0o8','2018-03-13 15:53:03'),(75,1,0,'Павел','Худяков','h-paul@ukr.net','+380666363615','','586085f6b1c33d508650baae6f1fee4b713944bb','LT01LVz9O',NULL,NULL,1,108,'','46.133.16.13',1,1,0,'','','2018-04-19 13:44:50'),(76,1,0,'Юлия ','Свириденко ','veraaa@i.ua','067 637 4277','','d4e121845716ed45ba112f181fa63c7cb7400b92','FF2NI8iqI',NULL,NULL,0,109,'','193.200.32.183',1,1,0,'','','2018-05-03 12:05:14'),(77,1,0,'Наталия','Дихтяренко','d.n.s.3011@gmail.com','0963514889','','2cd179d8a7ea8392fde6a331411d891f55347995','yvJiq4W7R',NULL,NULL,0,111,'','109.207.199.88',1,1,0,'','','2018-05-09 22:35:40'),(78,1,0,'Тетяна','Руда','Bulovich_2006@ukr.net','0673541531','','1d3478429a7f700f0329720ee38cc9a32e326e0b','8DHB0jNPx',NULL,NULL,1,112,'','46.63.61.138',1,1,0,'','oUNLM6qIZpEJDWuOdv79vZKHtHJ0gblSz3nCbNjp','2018-05-12 08:20:18'),(79,1,0,'Валерия','Зайвенко','saharok@te.net.ua','0636351121','','765fb782d072877cad66284e67aef26343e91aa5','CqbOtKafB',NULL,NULL,1,113,'','185.228.107.63',1,1,0,'','','2018-05-20 22:20:42'),(80,1,0,'Sara','Williams','stougerrimek1970@gmail.com','2032032034','','d94eb15c6fc738b8d60f412a79bc465aad0ff8ab','4EVmDoJpS',NULL,NULL,0,114,'','185.5.249.220',1,1,0,'','','2018-05-21 11:08:04'),(81,1,0,'Елена Мирославовна','Додосева','elena.stankevich.78@mail.ru','+380982178888','','2e9a1c56cf091950f6570ba7cd00191f62cfd02b','GiAxTjd7W',NULL,NULL,0,115,'','194.48.209.198',1,1,0,'','','2018-05-30 19:52:59'),(82,1,0,'Ольга Валерьевна','Дьяченко','diachenko-ov@ukr.net','0667436890','','26d223cf492cb536e891e715d69d422d1da8ac39','W4rhKW3Kx',NULL,NULL,0,117,'','91.196.95.242',1,1,0,'','','2018-06-19 08:26:46'),(83,1,0,'Алла','Криль','alla.kril2015@gmail.com','(068) 115-74-31','','9e70f27fff7619567bba4801906df6b417a984f1','ALOSoJqcT',NULL,NULL,0,118,'','31.3.192.16',1,1,0,'','','2018-07-02 12:15:59'),(84,1,0,'юлия','сенькина','senkinaula@gmail.com','0963616289','','36d23e3b8305e249db41a5d5144dbfe637c33172','CXlBqy9iP',NULL,NULL,1,119,'','185.22.16.99',1,1,0,'','','2018-07-04 19:48:21'),(85,1,0,'Елена','Кудряшова','helena.kudryashova@gmail.com','+380637695362','','e0b767b0a5a41848aea7b62155b2b88cb777f1bb','JGvmkQlJ8',NULL,NULL,1,120,'','188.0.69.42',1,1,0,'','','2018-07-15 17:34:50'),(86,1,0,'Vasil','Lavriv','vaslav@ukr.net','+30681251177','','b0a4fade43b5f8b70b24bdd035d02a4a5b79aa5e','bsbOU3eud',NULL,NULL,1,121,'','188.163.4.124',1,1,0,'','','2018-07-16 07:46:06'),(87,1,0,'оксана','яців','shawa830@gmail.com','0979339790','','1a10fc14bc99e318f5e8c4715b9324a21ae8b6ed','QCrB0ZOYm',NULL,NULL,1,123,'','66.102.9.140',1,1,0,'','','2018-07-30 13:06:36'),(88,1,0,'Татьяна','Масюта','masutatanya@gmail.com','0978029589','','927335649c44e32d7a57241e8141a14c98f9fe3d','p7x6FAYns',NULL,NULL,1,125,'','178.54.144.237',1,1,0,'','','2018-08-09 11:51:12'),(89,1,0,'ирина','дроздова','dia-lg@ukr.net','0982882599','','6706a6aa2fca74ed02f9c3093975b3622e7065ec','sH7ABPwKG',NULL,NULL,0,126,'','188.163.40.80',1,1,0,'','','2018-08-17 16:43:40'),(90,1,0,'Татьяна','Демуш','dtanya17@ukr.net','0677254795','','1fd9eebc8d818db16a7737c6efe17e5da2a1f5d2','tS3BWZOSP',NULL,NULL,0,127,'','5.248.113.133',1,1,0,'','','2018-08-19 15:07:32'),(91,1,0,'Галина','Орлова','pti4kagalka13@gmail.com','0663397585','','c5dc14620b6389f2535baf7ce3a79b058692ae88','S1pzI6BW0',NULL,NULL,0,128,'','195.191.25.194',1,1,0,'','','2018-08-30 06:03:08'),(92,1,0,'Юлия','Бурсаковская','yulechka1202@yandex.ru','+37377503111','','4f8f3d2db16cfd85a4ad638c4cd121286f8685cd','HfBjhHVhR',NULL,NULL,0,129,'','66.249.81.16',1,1,0,'','8afXp9yIDUNwVNm1Vm26vPTC2OajDzJ2guIejeBw','2018-09-04 13:39:55'),(93,1,0,'Алёна ','Курганская ','betteranela@gmail.com','0680150071','','718fbc7e15e2930b5f92bfe37b1c2a743003b22c','XQpdprZvR',NULL,NULL,1,132,'','46.175.23.27',1,1,0,'','Vy9WCFnIeTbrvgPtawwYADVeFN9SD2J18rRNF2x0','2018-09-09 21:37:11'),(94,1,0,'Марина','Кононова','kononova.marina@gmail.com','+380934109670','','70b3ade09905c2720f96717762d63c22e94ca547','X9MLVcBdV',NULL,NULL,1,134,'','85.238.97.144',1,1,0,'','','2018-09-14 13:46:50'),(95,1,0,'Евгений','Черняк ','chernyak73@gmail.com','0934440054','','9cf98a6ee2d0b8b215039258e2c73f48a932d4b3','3vvkRjszk',NULL,NULL,0,135,'','37.73.142.157',1,1,0,'','','2018-09-17 10:30:07'),(96,1,0,'Виктория','Литвинова','viktorija.litvinova66@gmail.com','+380507838078','','cb00e14e439b39df1346b11a8c09ad6b42f28e13','Zit4JoiUc',NULL,NULL,1,136,'','77.222.156.178',1,1,0,'','','2018-09-24 13:41:38'),(97,1,0,'Намик','Нариманов','zvitnam80@ukr.net','+380671957665','','b3598eddde4be9e1eda6337068aeda9c51841c05','VitMdyHDy',NULL,NULL,1,137,'','91.124.4.163',1,1,0,'','','2018-09-25 18:08:31'),(98,1,0,'Наталия ','Боярчук ','tanasha06@ukr.net','0678804244 ','','b8da2aee4775f194b25f2afafc4d150607c843f3','db2cBnv6c',NULL,NULL,0,138,'','94.74.90.147',1,1,0,'','','2018-10-06 04:27:32'),(99,1,0,'Ирина','Советкина','sovetkina@ukr.net','0665900400','','94c91cf1676d8403b5ef7e21e1ea2921a39738c8','wQrLWYmrj',NULL,NULL,1,139,'','91.217.61.6',1,1,0,'','','2018-10-11 23:07:42'),(100,1,0,'Наталия','Бабяк','bxagavat@gmail.com','80663342715','','62ebddaf8580389745be8cb1c3a5a597570f158c','be2RRZReb',NULL,NULL,0,140,'','78.26.255.78',1,1,0,'','','2018-10-12 08:06:51'),(101,1,0,'Полина','Юрашева','4ipolinka@mail.ru','0963092155','','9ddffee81aea005840168983f95609a6a2a43cc9','2Q5txc4xd',NULL,NULL,1,141,'','178.95.132.240',1,1,0,'','','2018-10-13 22:08:21'),(102,1,0,'Наталья','Орловская','natasha.orlovskaya@gmail.com','0632383779','','d5f03ba214c2ce4dad310470714ad91b2ac7c44c','5aiMc6wrL',NULL,NULL,1,142,'','188.163.45.215',1,1,0,'','','2018-10-15 21:13:29'),(103,1,0,'Анастасия','Кучеренко','knastia94@ukr.net','0977479608','','be1f2575422b8df4db7fc2263ab2f8c56f30abf2','nC7ekgsNw',NULL,NULL,1,143,'','37.55.132.46',1,1,0,'','','2018-10-17 14:29:11'),(104,1,0,'Елена','Герман','elenagerman@ukr.net','0679408598','','24508d1a739492369afb9acc108b7dea823d2213','jgxVtqH7S',NULL,NULL,1,144,'','78.26.198.30',1,1,0,'','','2018-10-18 11:33:26'),(118,1,0,'Павел','Гороховский','nolan5@ya.ru','0941320070','','d15d26d64977df28d263796a9469f7d4352eebcf','JuWjo2lbS',NULL,NULL,0,161,'','46.17.240.19',1,1,0,'','','2018-12-23 14:36:55'),(105,1,0,'Алла','Грицюк','allagricyuk@ukr.net','0951808305','','9a4fba5daeb4e82a3d9e8ee349a980df16ccf504','OkWvDosLR',NULL,NULL,0,145,'','46.133.16.131',1,1,0,'','','2018-10-25 11:17:21'),(106,1,0,'Наталья ','Феодори','f_nata@inbox.ru','0674835057','','639eceede5bcd6777bc313df4191ad9a42d95dee','e6vR1QIki',NULL,NULL,1,146,'','78.26.130.110',1,1,0,'','','2018-10-27 01:04:01'),(107,1,0,'Сергей','Шейко','Sergey_sheyko@ukr.net','0934545881','','5428f0b46a43312375fa7575e4925725515a0b6d','I7539Tfo0',NULL,NULL,1,147,'','212.55.73.24',1,1,0,'','','2018-10-27 19:45:02'),(108,1,0,'Руслан','Осипенко','rus.osipenko@gmail.com','+38505735800','','f9abfaff6e7a51647dfe869b9faa1fd51d0560d7','cvav12uqc',NULL,NULL,1,148,'','66.102.9.142',1,1,0,'','','2018-10-31 18:10:28'),(109,1,0,'Наталья','Василина-Рыбка','bio-kh@ukr.net','0675465086','','39df454a8dd51a9f09fe11f7dc23b6ea09e47ccb','R5rLSOAvT',NULL,NULL,1,149,'','66.102.9.140',1,1,0,'','','2018-11-06 21:27:28'),(110,1,0,'Лидия','Евсюкова','ivano7676@ukr.net','0955007903','','a502dae3405644991cdb8aced90493e26ef8c40e','HPPoYKog7',NULL,NULL,1,150,'','37.52.146.21',1,1,0,'','','2018-11-13 15:48:18'),(111,1,0,'Марина ','Козлова','kovalmarina13@gmail.com','+380505250216','','23fb6dbadbd92c0c30e568948fbc99f9bd00a1bc','Nz89DeMLn',NULL,NULL,1,151,'','93.79.43.224',1,1,0,'','1S827WZ31URhuCdBnEmoPLjkwRLmYjoMfrIC2Dpv','2018-11-15 13:18:43'),(112,1,0,'Ирина','Гирнык','iiggsv@gmail.com','0951700917','','563c73204996e7bfea704ddaf9c89ba497a0c902','vWh3lwjy7',NULL,NULL,0,153,'','91.202.133.19',1,1,0,'','','2018-11-17 09:39:11'),(113,1,0,'Марина','Григорьева','maralisshop@gmail.com','0957884858','','6f1755cd3bc7976f4e36dd555d2836bb3332d3fc','KKvaKqO50',NULL,NULL,0,155,'','188.163.109.101',1,1,0,'','','2018-11-25 09:44:05'),(114,1,0,'Татьяна','Китайгород','kitaygorodd@gmail.com','0671311917','','66ce47e0c518e7d69d745e9d0a5f2c4eba3f20c1','Ba5ky8dGM',NULL,NULL,1,157,'','78.26.130.65',1,1,0,'','','2018-12-03 20:49:58'),(115,1,0,'Елена','Павшенюк','Olena.Pavshenyuk@papir.kiev','067 232 92 72','','5e41c38875016d40c277c073b3182b19ffe275c0','ytxOna59d',NULL,NULL,0,158,'','91.214.16.28',1,1,0,'','','2018-12-07 16:41:28'),(116,1,0,'Елена','Михайлова-Краснова','elenkakrass@gmail.com','0673038194','','ef7d8c3756d8c6712b50f642f260d7500ce365ca','aurSxwpAW',NULL,NULL,0,159,'','85.238.102.83',1,1,0,'','','2018-12-10 11:27:51'),(117,1,0,'Сергей','Савин','sergey00@gmail.com','0933918600','','183d48f9622f19e459dcb9ef1cb3f6f790d9fc7c','aZyQOFkeL',NULL,NULL,0,160,'','46.219.217.71',1,1,0,'','','2018-12-14 11:43:08'),(119,1,0,'Евгений','Барановський ','baranovskii1963@ukr.net','0672678814','','11425d4056d174651fd8eab51458a71db46a3403','6VrH2tB8h',NULL,NULL,1,162,'','66.102.9.26',1,1,0,'','','2019-01-11 10:57:34'),(120,1,0,'Виктория','Лой','victoriyapototnya@gmail.com','+380997196405','','d03b45c076e129e7ba1b62be8af8618b69d858d6','2caWHg7cr',NULL,NULL,1,163,'','46.133.108.191',1,1,0,'','','2019-01-11 15:15:28'),(121,1,0,'Ульяна','Калиниченко','ulyakalinichenko1990@gmail.com','0965476017','','92206052e9a65e0c0724b4a5738d36e98e6f6225','Y3phfTKT1',NULL,NULL,1,164,'','176.100.162.164',1,1,0,'','','2019-01-14 20:48:31'),(122,1,0,'Светлана','Подопригора','podoprigora.56@mail.ru','0503078037','','a6e9b3efd1e3daf1d0fc7d4de05752b800e03243','vwg7g4vU7',NULL,NULL,1,165,'','194.28.4.89',1,1,0,'','','2019-01-14 20:53:51'),(123,1,0,'Владислав','Мыценко','vam130974@gmail.com','0963610316','','1bed22e3fbfc852c969662f0a78dae006831b462','tKRWSL0jD',NULL,NULL,1,166,'','46.211.36.163',1,1,0,'','','2019-02-01 09:19:00'),(124,1,0,'ВИТАЛИЯ','Яценко','ya.vitochka.kvitochka@gmail.com','0503832267','','25fb4671b84ad196ce69217815ff79990a6b219f','Rj4zewYQ4',NULL,NULL,0,167,'','109.227.85.64',1,1,0,'','','2019-02-05 17:21:13'),(125,1,0,'Антон','Кузнецов','anton.kuznetsov.mail@gmail.com','0734044717','','28b43df61812fc8f9f50fd00c18c9322981fc2bd','XosF3S9Uq',NULL,NULL,0,168,'','85.238.102.92',1,1,0,'','','2019-02-11 18:45:54'),(126,1,0,'Зореслава','Ковальчук','Zoreslava09@gmail.com','380635295727','','39ae2f41a1a075a5374a298bf7ce28cf61f94193','0LRJ9fqN6',NULL,NULL,0,169,'','62.80.171.118',1,1,0,'','','2019-02-12 11:03:48'),(127,1,0,'Андрей','Кулеша','ernestochuguevara@gmail.com','+380673620727','','26c2fd0c5ab1f7e221f9ccf4d9fb9d0bfd7b2106','7lXnVFUcX',NULL,NULL,0,171,'','188.163.26.51',1,1,0,'','','2019-02-15 11:01:11'),(128,1,0,'Оксана','Ташпулатова','giginbottom@i.ua','+380503903975','','4307f44032d16c2996a4991d694649ffe8e36250','yKNrOesRi',NULL,NULL,0,172,'','78.26.151.242',1,1,0,'','','2019-02-18 12:03:53'),(129,1,0,'Ольга','Вдовиченко','vdovi4enkoolya@yandex.ua','+380667542857','','ed20a097e65fa9df701be7a86ce5eb997f0e1c9c','PLGhou4za',NULL,NULL,1,173,'','31.31.121.169',1,1,0,'','','2019-02-24 16:01:17'),(130,1,0,'Ирина','Прокопчук','irina.jer79@gmail.com','+380672872339','','3b420aebacc6e72837982b50ef5134fee1d897cf','BuONtMViT',NULL,NULL,0,174,'','195.78.246.248',1,1,0,'','','2019-02-27 17:29:29'),(131,1,0,'Жанна','Костоглодова','kostoglodowa@gmail.com','+380505662386','','cb467b4ae4dd67c29731d0046cb0484716d2b796','EEbbeBttH',NULL,NULL,1,175,'','188.163.60.73',1,1,0,'','','2019-03-01 19:20:36'),(132,1,0,'Инна','Белая','innaakkord@gmail.com','+380689703492','','e5c161625435a61b02a3273889726176b153f9a1','fufW1uWBH',NULL,NULL,0,176,'','78.26.130.188',1,1,0,'','','2019-03-02 19:01:35'),(133,1,0,'Лиза','Блакитная','elizaveta.blakitnaya@gmail.com','380992884275','','5f6c25dbc78a5d66506886a744525f4a8620f38a','T37Yk0tAd',NULL,NULL,0,178,'','46.133.149.16',1,1,0,'','','2019-03-04 19:50:13'),(134,1,0,'Marina','Bolz','marinabolts35@gmail.com','0677113240','','a63e8062acb263392adccc4e6c85ae4469150326','NZwiLr1a8',NULL,NULL,1,179,'','185.11.28.5',1,1,0,'','','2019-03-22 21:34:01'),(135,1,0,'Diana','Зейкан','zeikandiana1@gmail.com','+380985896581','','a80a1f2c18ce128b915f5e50e3360b09240c6411','e0H4Agvtm',NULL,NULL,0,180,'','31.41.94.148',1,1,0,'','','2019-03-23 21:15:57'),(136,1,0,'Денис','Писецкий','dnsukrned@gmail.com','0953503859','','d7b734836227d92dddf448d0dada326a9162f1fc','CAsl4RCib',NULL,NULL,0,181,'','213.111.223.173',1,1,0,'','','2019-03-24 10:11:14'),(137,1,0,'Aлександр','Бурковский','s1974ln1@ukr.net','0982474638','','7b718d4c5840ade0b4e483a7040715a8e1b88883','V8c2o9pXI',NULL,NULL,1,182,'','46.133.34.82',1,1,0,'','','2019-03-29 12:45:12'),(138,1,0,'Лиана','Кесь','lianakes@gmail.com','+380634158185','','ae224144c92e33c0dd71936ff46304eff68b75a9','kGTfBu8la',NULL,NULL,0,183,'','37.73.223.182',1,1,0,'','','2019-03-31 15:43:44'),(139,1,0,'Марина','Уварова','emmrvt@ukr.net','0996140609','','a3fdd54ae782c8d3a3f686f87a79283130858360','Di9qeCCkV',NULL,NULL,1,184,'','66.102.9.24',1,1,0,'','','2019-03-31 22:19:04'),(140,1,0,'Екатерина','Сыч-Поденная','katerina11189.89@gmail.com','0939113476','','126cc6dfe1740aaaafa4312db5e4d8a010c79a95','MqgH7crDJ',NULL,NULL,1,185,'','193.178.51.128',1,1,0,'','','2019-04-04 15:54:33'),(141,1,0,'Юлия','Жушман','zhushman.julia@gmail.com','0970780613','','dd63087ea495d8383342431cd1d5a8e45df0f897','K5POnclwe',NULL,NULL,1,186,'','188.163.41.173',1,1,0,'','','2019-04-07 22:58:38'),(142,1,0,'Ирина','Цитульская','ms.ira0312@gmail.com','0957938790','','0b3cdb2ba0a4aca103d62bcebff1f389e5d6651e','dQgPqN50k',NULL,NULL,1,187,'','31.134.121.64',1,1,0,'','','2019-04-11 06:50:57'),(143,1,0,'Ш pelovit.com ко','Щ pelovit.com ни','artem.fatkhullin@bk.ru','13658596388','13658596388','07e20aafeeeaed1ef8a7a486fe19cfb68d63c506','7ORO1v77B',NULL,NULL,0,188,'','95.81.215.67',1,1,0,'','','2019-04-11 14:50:22'),(144,1,0,'Александра','Мирошник','andra.a232@gmail.com','0965373878','','364776a64f4f48535aa8a9ebd58bc200dc1b9ae5','cR7yONCco',NULL,NULL,1,189,'','46.211.81.125',1,1,0,'','','2019-04-12 09:14:33'),(145,1,0,'Наталия','Пономаренко','radmila2552@gmail.com','0633552462','','c91fd83bf23a3fb6cc607dc6d3f6811a21e09847','ai2RzfOml',NULL,NULL,1,191,'','78.111.186.209',1,1,0,'','','2019-04-13 19:19:15'),(146,1,0,'Анна ','Суханова ','jeanvi.makeup@gmail.com','0939584144','','176d6af246afa1cdf6e04a11119fa78777f902c9','qcOfEGR5T',NULL,NULL,0,192,'','46.33.239.117',1,1,0,'','','2019-04-18 15:46:16'),(147,1,0,'Людмила','Лужанская','niilit83@ukr.net','0954742389','','f1f3a73b1af3965fcc6ffe3e76f08673aeffc2fb','IAUJZ9UZP',NULL,NULL,0,193,'','66.102.9.22',1,1,0,'','','2019-04-19 23:18:22'),(148,1,0,'chuck','david','davidos777@gmail.com','2029339929','','e3eb08f5cea2817668aefdea1fa0cecf503d25a8','UR5zDqFu0',NULL,NULL,0,194,'','95.211.224.199',1,1,0,'','','2019-04-22 19:10:27'),(149,1,0,'Оксана','Андреева','illada10@ukr.net','0630477171','','bc9c5ecc80db5ec899b27d85ede8e5362d7b36a8','XRxfe4pCs',NULL,NULL,0,196,'','178.93.40.20',1,1,0,'','','2019-04-24 16:24:36'),(150,1,0,'Леонид Валентинович','Максименко','lenmax@ukr.net','+380632612944','','36659cac8b42ab2cb1b6095c9bd0646f92309a00','zQoDg19e5',NULL,NULL,0,197,'','78.26.198.144',1,1,0,'','','2019-05-03 14:06:05'),(151,1,0,'Людмила','Штепа','shilega@mail.ru','0974998437','','a568ab5e0b8cfa7c4619673a3931d6f930a3f438','QUx45RzWF',NULL,NULL,1,198,'','154.41.3.89',1,1,0,'','','2019-05-03 14:47:32'),(152,1,0,'Геннадий','Давыдов','david.gena80@gmail.com','+380999841745','','438e9082fc6fc7cccb9ac464ba144ce3a361a9d1','0xPm6zimc',NULL,NULL,0,199,'','194.187.28.63',1,1,0,'','','2019-05-05 17:29:21'),(153,1,0,'Алина ','Минчева','alina-mincheva@ukr.net','0965247588','','e7ab5d0444839c3817746967f244fdaae6f1101a','kyCINnv1h',NULL,NULL,0,200,'','188.130.179.18',1,1,0,'','','2019-05-06 10:21:59'),(154,1,0,'Алина ','Чопенко ','mirchaalina2@gmail.com','0991555627','','e9de27acfa1eba8fc848e79f669d60a9dd61a5c8','mgQaQRyBl',NULL,NULL,0,201,'','46.133.18.86',1,1,0,'','','2019-05-08 14:37:30'),(155,1,0,'Антон','Качинський','antklik@ukr.net','067 288 61 93','','17a09232ac64097f87f4d35fe6132d748c311b2f','CycPptchb',NULL,NULL,1,202,'','46.219.231.102',1,1,0,'','','2019-05-08 16:37:29'),(156,1,0,'Ирина','Пыхтина','irina80939557305@gmail.com','0992963130','','d136e815567037214a96d9d8ac460cd8c9b8ff23','KurHRJGUI',NULL,NULL,1,204,'','77.111.244.56',1,1,0,'','','2019-05-17 14:43:49'),(185,1,0,'Мария ','Пахольчук','jagodka1981@gmail.com','0971501635','','4a2b7f4579bfd3e9ff682a225e7640847297efb4','Os8kD4jhw',NULL,NULL,0,238,'','193.104.16.14',1,1,0,'','','2019-09-04 17:23:08'),(157,1,0,'Дмитро','Anashkin','dmytro.anashkin@gmail.com','+380663596702','','73a6aa28c1512bec50cdb0d6bdb75893ac4b7022','Gr4p9kngr',NULL,NULL,0,205,'','188.163.65.54',1,1,0,'','','2019-06-01 18:33:53'),(158,1,0,'Элеонора ','Приймак','elyapriimak@gmail.com','0965308379','','728d3d306e3f9e73894f062a68805b2564265656','joa6Z8WlM',NULL,NULL,1,207,'','78.26.151.75',1,1,0,'','','2019-06-02 14:41:12'),(159,1,0,'Анна','Островская ','annasushimaster@gmail.com','+380676161215','','bfd86d46d99a8ceae58f8f0f705151dbc9d7ccd8','271aAE5XE',NULL,NULL,0,210,'','212.90.63.134',1,1,0,'','','2019-06-09 17:04:26'),(160,1,0,' Елена','Петриченко','Elena.Petrichenko@i.ua','0663425831','','c793749f80bbd77352e1e262b2af10a490c2c0b3','zmbK2yooi',NULL,NULL,0,211,'','95.158.60.27',1,1,0,'','','2019-06-14 15:23:59'),(161,1,0,'Анна','Нестеренко ','lady-ann@ukr.net','0979441533','','be0a5e20510530f4ac5fb64dfdfe469e3b386ccf','GkalNiNDJ',NULL,NULL,0,212,'','193.194.107.75',1,1,0,'','','2019-06-18 23:07:53'),(162,1,0,'Ирина','Молибога','irishecka69@gmail.com','+380660467852','','633b2e4d93d01340b619c17c3c8059dc707f2169','rl8fmbRxs',NULL,NULL,0,213,'','82.196.9.195',1,1,0,'','','2019-06-23 12:42:59'),(163,1,0,'Ярослав ','Яненко ','Yaroslavvv70@ukr.net','80505938303','','d34bc3bc7012688cf687ecbb1a41a2f9fe6e01c9','zZaYDVBJL',NULL,NULL,0,214,'','31.41.71.217',1,1,0,'','','2019-06-24 19:59:17'),(164,1,0,'Марина','Микитенко','nepromorg@gmail.com','097-599-09-12','','e7fa9b676e0064e8ba4455db3002b438e83c3b6e','bvHdPu6Fh',NULL,NULL,0,216,'','195.138.73.181',1,1,0,'','','2019-07-06 01:21:26'),(165,1,0,'Анна','Пасенченко ','Pasenchenko.anna@gmail.com','0968484071','','4a5454eff268a554d64aa7e06278adee22092ed3','oPFHOIaXs',NULL,NULL,0,217,'','31.172.136.160',1,1,0,'','','2019-07-12 20:55:36'),(166,1,0,'Виктория','Осинцева','vikaosintseva@ukr.net','+380949523596','','683c3dff45a0a6473219b1e6d86f02857105c97d','zKQL0UrLu',NULL,NULL,1,219,'','188.115.163.246',1,1,0,'','','2019-07-13 09:41:06'),(167,1,0,'Светлана','Гуринець','guric-sveta@ukr.net','0960840408','','a54d253aba2baf5a4a916cec89fb84bd2e9e5152','hvwGCExXy',NULL,NULL,0,220,'','31.128.252.141',1,1,0,'','','2019-07-14 18:07:42'),(168,1,0,'Нина','Адианова','adianova1979@ukr.net','+380675573455','','09dacf38617118f4ab1deff40d51b2f09334104f','tQiKNOn3y',NULL,NULL,0,221,'','31.31.98.187',1,1,0,'','','2019-07-18 11:51:07'),(169,1,0,'Daniel','Morrons','6nrMXq8p@propers.com','2123852066','','b62df66a01acf7a532d1b86355949c4aac44c3b1','yLIjGADue',NULL,NULL,0,222,'','5.164.224.5',1,1,0,'','','2019-07-19 03:16:01'),(170,1,0,'Анна','Крапивная','annna17122011@gmail.com','0679676607','','113418e8bb606b904697709b68cd5fa601d02a9e','dGrgSjAoT',NULL,NULL,1,223,'','188.115.168.3',1,1,0,'','','2019-07-21 18:01:08'),(171,1,0,'виктория','косьмина','wredf@ukr.net','0674185933','','1b99f839dd660961f9165dc7ca4125d2735515fb','1QWZs1mAf',NULL,NULL,0,224,'','37.57.86.146',1,1,0,'','','2019-07-23 14:34:12'),(172,1,0,'Anna','Zakharova','an.zakhr@gmail.com','0638740646','','f70c0ac4769766ac569622f0fccd405747969ade','XaNOXD3bP',NULL,NULL,0,225,'','94.158.91.188',1,1,0,'','','2019-07-27 11:41:40'),(173,1,0,'Лилия','Недялкова','liliya.nld@ukr.net','0677086306','','20b676086454cfbebaae6a57a9f751e84ffc3bcf','MEk1UOxfU',NULL,NULL,1,226,'','195.138.82.230',1,1,0,'','','2019-07-29 09:54:44'),(174,1,0,'Сергей','Шумаков','silverhydro2@gmail.com','0965490016','','1c4f168e4da56e955b072b27ac24afcbb26ef879','SbuiVKaTX',NULL,NULL,0,227,'','83.143.233.131',1,1,0,'','','2019-07-30 10:05:40'),(175,1,0,'Валерий','Скляренко','rajc@ukr.net','0507123073','','58d02597feed5265feb3c710ff0669e17be13178','NWDK9N1Ry',NULL,NULL,1,228,'','178.151.51.182',1,1,0,'','','2019-08-02 20:46:53'),(176,1,0,'Daniel','Morrons','Nkg75oWc@propers.com','2123852066','','6661bea1b792d7627714b45041ea263204f5635d','0I4Cvv9bn',NULL,NULL,0,229,'','5.164.212.19',1,1,0,'','','2019-08-07 19:46:41'),(177,1,0,'Ирина ','Езус','irinochka16111992@gmail.com','0733224307','','9eba3b1b4056fb2fc2a41ce8cfc71bd6585b284f','o0X0LO2hs',NULL,NULL,0,230,'','37.73.156.182',1,1,0,'','','2019-08-12 20:46:38'),(178,1,0,'Marina','Isadchenko','urievna88877@gmail.com','0677458758','','0c29d6fd9ce7161455b140e1266d48eff6774cef','gxXsmd4ha',NULL,NULL,0,231,'','176.37.8.173',1,1,0,'','','2019-08-16 11:31:44'),(179,1,0,'Іван','Лубів','Vanja_lubiv@ukr.net','+380979308919','','e4c1a7a68230787215e0ada13f0aad7c94613b3e','1hqtoVutD',NULL,NULL,1,232,'','93.170.116.194',1,1,0,'','','2019-08-16 11:45:54'),(180,1,0,'Олег','Горескул','goreskul.oleg@rambler.ru','+380676122049','','baed9c16ca300657a73ad267838c3b4896b379ec','Cty7xPtPq',NULL,NULL,1,233,'','78.26.209.125',1,1,0,'','','2019-08-16 16:08:37'),(181,1,0,'Светлана','Вербило','kristin199337@gmail.com','0963375899','','c03a2cb19a1c4294ae9f932ce2bcf5597b67fc33','pgSzaYhK5',NULL,NULL,0,234,'','66.249.81.144',1,1,0,'','','2019-08-17 11:52:54'),(182,1,0,'Виталик','Москалик','vitalikmoskalik@gmail.com','502090950','','0df5d753cdf31579ad85832466e3ed0cd7a23fbd','P7XaXNK3c',NULL,NULL,0,235,'','37.203.16.148',1,1,0,'','','2019-08-17 19:00:33'),(183,1,0,'Виктория','Осипенко','vika.osipenko21@gmail.com','+380673138197','','83055f801a58edef56f9950952c25febf134d2a7','bfDYtIGkg',NULL,NULL,1,236,'','46.219.221.196',1,1,0,'','lt7LYNTaXomUrsZpyYjVGpHCXGWInyftvMCK85ci','2019-08-23 12:45:59'),(184,1,0,'Виктория','Косаченко','vkconsult@ukr.net','0677927962','','a76f7964c3425d7112356e47cca47a298dd062ba','A7xCKmwI0',NULL,NULL,1,237,'','79.142.207.69',1,1,0,'','','2019-08-24 18:38:39'),(186,1,0,'Eлена','Лазаренко','llazarenko11122222@gmail.com','0983548402','','02da48c70c1f046ad87563d90958b6faa7fc17ff','JtmBBjfMX',NULL,NULL,1,239,'','178.251.109.248',1,1,0,'','','2019-09-05 10:57:07'),(187,1,0,'Наталія','Петриченко','shuhnatti@gmail.com','0931463518','','545d400694855effd53d7c832387b8b2e11ece3c','qLKsuPaDE',NULL,NULL,0,240,'','217.20.173.81',1,1,0,'','','2019-09-05 16:03:00'),(188,1,0,'Марина','Романюкина','chernigova@yahoo.com','+380631944075','','25d6caaf27a5bc75c02493700a95b7920b4fa5c7','lFXqNIHal',NULL,NULL,1,241,'','37.73.202.84',1,1,0,'','','2019-09-08 17:23:34'),(189,1,0,'Влад','Бутковский','vlad.butkovskii1@gmail.com','0987748122','','9ade6bf25c78fccd1cade60b73d58bbe5b423695','rxBQlBtk7',NULL,NULL,1,242,'','46.211.247.53',1,1,0,'','','2019-09-11 11:25:25'),(199,1,0,'Юлия','Дрига','driga.julia@gmail.com','0501033811','','a0c2bff26f39337d76d312cd9dda18fb6d78773d','tu4diiliU',NULL,NULL,0,255,'','195.138.85.156',1,1,0,'','','2019-10-17 10:47:40'),(190,1,0,'Мария','Бондаренко','vistamen@gmail.com','+380949535152','','488529be39f05b4f0f64dafa58f1d8de4b6be304','dGzKiSVVU',NULL,NULL,0,244,'','217.19.216.226',1,1,0,'','','2019-09-18 11:14:53'),(191,1,0,'Кристина','Никитина','kristia111@mail.ru','0633021047','','cac39bd8f83a7cb7e2c14553ff89eb30c29daa5c','N4sRrn7v8',NULL,NULL,0,245,'','195.216.206.3',1,1,0,'','','2019-09-19 12:55:02'),(192,1,0,'Елена','Осокина','eseniya_ora15@ukr.net','+380937946551','','000e35bee3d795c2a43ce6c0679d35ab26d33824','5PD6vjAAF',NULL,NULL,0,246,'','193.106.139.229',1,1,0,'','','2019-09-19 21:01:41'),(193,1,0,'Светлана','Прядко','svetalevchenko27061992@gmail.com','+380965812354','','f1903141b856d20c2ac017dfa4b2178297eb5b9a','H9CVeNGWi',NULL,NULL,1,248,'','66.102.9.76',1,1,0,'','','2019-09-25 11:15:48'),(194,1,0,'Мария','Иванова','Masha301090@gmail.com','0664711306','','a304cfcf85283741808ac40c6e05c4ac7e789364','o8OKPGCGD',NULL,NULL,0,249,'','95.47.150.168',1,1,0,'','','2019-09-25 17:05:00'),(195,1,0,'Ольга','Шершун','belkaolga943@gmail.com','+380679007561','','62200a77e36e737898977fabdf52106a988658ee','7J207Lgle',NULL,NULL,0,250,'','66.102.9.74',1,1,0,'','','2019-09-25 22:55:28'),(196,1,0,'Людмила','Самойленко','Camolenko22@gmail.com','+380997420628','','cd194b258cd84e2b1df9c04a81baf2569efd4556','d3HVTM5gJ',NULL,NULL,1,252,'','217.77.212.75',1,1,0,'','','2019-10-02 20:22:15'),(197,1,0,'Кирилл','Белы','vdvs03b@gmail.com','+380730210093','','0fe95c9ef15f656e5369b497bfee11fb972b0ecf','TQ3Dd3rbz',NULL,NULL,0,253,'','95.134.189.17',1,1,0,'','','2019-10-07 12:41:20'),(198,1,0,'Дмитрий','Косыгин','dmitriykos7@gmail.com','0687427171','','3a66c321702b0839d83d0e709d91bfc11190c3c4','w4CIgNySo',NULL,NULL,0,254,'','178.219.81.64',1,1,0,'','','2019-10-11 11:05:29'),(200,1,0,'Татьяна','Синицкая','megy65@ukr.net','380672708560','','1e920a873630eb77c43cb59288dc543d764f00d8','wRoAQV933',NULL,NULL,0,257,'','195.20.4.66',1,1,0,'','','2019-10-18 11:14:42'),(201,1,0,'Юрий','Березовский','u.berezovskiy@gmail.com','0976058814','','81bb8daacc230cc3506703f864b7aac8450230af','2hIqDhBSg',NULL,NULL,1,258,'','37.73.242.94',1,1,0,'','','2019-10-20 07:48:16'),(202,1,0,'Леся','Панчишина','froxy82@gmail.com','0675590730','','d6971e78f181b884fa6c920783be8175e38c3cd8','5gj3lMV3F',NULL,NULL,1,259,'','94.179.147.160',1,1,0,'','','2019-10-22 09:09:53');

--
-- Table structure for table `oc_customer_activity`
--

CREATE TABLE `oc_customer_activity` (
  `customer_activity_id` int(11) NOT NULL AUTO_INCREMENT,
  `customer_id` int(11) NOT NULL,
  `key` varchar(64) NOT NULL,
  `data` text NOT NULL,
  `ip` varchar(40) NOT NULL,
  `date_added` datetime NOT NULL,
  PRIMARY KEY (`customer_activity_id`)
) ENGINE=MyISAM AUTO_INCREMENT=949 DEFAULT CHARSET=utf8;

--
-- Dumping data for table `oc_customer_activity`
--

INSERT INTO `oc_customer_activity` VALUES (1,0,'order_guest','{\"name\":\"\\u0410\\u043b\\u0435\\u043a\\u0441\\u0430\\u043d\\u0434\\u0440 \\u0415\\u0432\\u043b\\u0435\\u043d\\u0442\\u044c\\u0435\\u0432\",\"order_id\":1}','195.191.25.194','2016-05-03 15:00:39'),(2,1,'register','{\"customer_id\":1,\"name\":\"\\u0410\\u043b\\u0435\\u043a\\u0441\\u0430\\u043d\\u0434\\u0440 \\u0410\\u043b\\u0435\\u043a\\u0441\\u0430\\u043d\\u0434\\u0440\"}','195.191.25.194','2016-05-03 15:03:35'),(3,1,'order_account','{\"customer_id\":\"1\",\"name\":\"\\u0410\\u043b\\u0435\\u043a\\u0441\\u0430\\u043d\\u0434\\u0440 \\u0410\\u043b\\u0435\\u043a\\u0441\\u0430\\u043d\\u0434\\u0440\",\"order_id\":2}','195.191.25.194','2016-05-03 15:03:49'),(4,2,'register','{\"customer_id\":2,\"name\":\"AAA AAAAA\"}','85.238.102.237','2016-05-17 16:50:23'),(5,0,'order_guest','{\"name\":\"dsfdsf \",\"order_id\":7}','85.238.102.237','2016-05-26 17:44:36'),(6,0,'order_guest','{\"name\":\"dfsdf \",\"order_id\":9}','85.238.102.237','2016-05-26 18:35:29'),(7,0,'order_guest','{\"name\":\"\\u0410\\u043b\\u0435\\u043a\\u0441\\u0430\\u043d\\u0434 \\u0410\\u0410\\u0410\\u0410\\u0410\",\"order_id\":19}','85.238.102.237','2016-05-30 16:41:02'),(8,0,'order_guest','{\"name\":\"\\u0430\\u0430\\u0430\\u0430 4\\u044345\",\"order_id\":20}','85.238.102.237','2016-05-30 16:43:23'),(9,0,'order_guest','{\"name\":\"\\u0410\\u043b\\u0435\\u043a\\u0441\\u0430\\u043d\\u0434\\u0440 \\u044b\\u0432\\u044b\\u0444\\u0432\\u0444\\u044b\\u0432\",\"order_id\":22}','85.238.102.237','2016-05-30 16:59:00'),(10,0,'order_guest','{\"name\":\"dfdsf sdfsdfsdf\",\"order_id\":23}','85.238.102.237','2016-05-30 17:25:53'),(11,0,'order_guest','{\"name\":\"44444444444 er44444444\",\"order_id\":25}','85.238.102.237','2016-05-30 17:29:13'),(12,0,'order_guest','{\"name\":\"dfg dfgfdg\",\"order_id\":26}','85.238.102.237','2016-05-30 17:31:54'),(13,0,'order_guest','{\"name\":\"\\u0410\\u043b\\u0435\\u043a\\u0441\\u0430\\u043d\\u0434\\u0440 \\u0415\\u0432\\u043b\\u0435\\u043d\\u0442\\u044c\\u0435\\u0432\",\"order_id\":27}','85.238.102.237','2016-05-30 17:36:41'),(14,0,'order_guest','{\"name\":\"dfsdsf sdfdsf\",\"order_id\":28}','85.238.102.237','2016-06-02 14:02:30'),(15,0,'order_guest','{\"name\":\"45345 345345\",\"order_id\":29}','85.238.102.237','2016-06-02 14:09:07'),(16,0,'order_guest','{\"name\":\"5345 ewrewr\",\"order_id\":30}','85.238.102.237','2016-06-02 14:18:21'),(17,0,'order_guest','{\"name\":\"dfgfdg fgdfgfd\",\"order_id\":31}','85.238.102.237','2016-06-02 14:23:09'),(18,0,'order_guest','{\"name\":\"dsfdsf dsfdsf\",\"order_id\":32}','85.238.102.237','2016-06-02 14:24:44'),(19,0,'order_guest','{\"name\":\"Alex Alex\",\"order_id\":33}','85.238.102.237','2016-06-02 14:26:55'),(20,0,'order_guest','{\"name\":\"dsfdsf dsfdsf\",\"order_id\":35}','85.238.102.237','2016-06-02 14:29:34'),(21,0,'order_guest','{\"name\":\"Alexandr Evl\",\"order_id\":36}','85.238.102.237','2016-06-02 14:30:53'),(22,0,'order_guest','{\"name\":\"Alex aaa\",\"order_id\":37}','85.238.102.237','2016-06-02 14:37:46'),(23,0,'order_guest','{\"name\":\"wewewe qwewewqe\",\"order_id\":38}','130.0.56.72','2016-06-16 09:16:30'),(24,0,'order_guest','{\"name\":\"\\u041b\\u0435\\u0441\\u044f \\u0413\\u043e\\u0440\\u043e\\u0432\\u0430\",\"order_id\":39}','94.178.130.132','2016-06-26 20:46:33'),(25,0,'order_guest','{\"name\":\"\\u0410\\u0410\\u0410\\u0410\\u0410\\u0410 \\u0410\\u0410\\u0410\\u0410\\u0410\\u0410\\u0410\\u0410\",\"order_id\":41}','31.31.116.173','2016-06-30 12:32:03'),(26,0,'order_guest','{\"name\":\"AAAAA AAAAA\",\"order_id\":42}','31.31.116.173','2016-06-30 12:45:42'),(27,0,'order_guest','{\"name\":\"\\u0430\\u043f\\u0430\\u0432 \\u0430\\u0432\\u043f\\u0432\\u0430\\u043f\\u0432\",\"order_id\":43}','31.31.116.173','2016-06-30 12:50:09'),(28,0,'order_guest','{\"name\":\"\\u041d\\u0430\\u0442\\u0430\\u043b\\u044c\\u044f \\u0413\\u043d\\u0430\\u0442\\u044e\\u043a\",\"order_id\":44}','194.44.11.133','2016-07-05 15:10:04'),(29,0,'order_guest','{\"name\":\"ere ewrewr\",\"order_id\":45}','31.31.116.173','2016-07-07 09:14:06'),(30,3,'register','{\"customer_id\":3,\"name\":\"\\u0422\\u0430\\u043d\\u044f \\u0421\\u0438\\u043b\\u044c\\u0447\\u0443\\u043a\"}','46.133.250.58','2016-07-15 10:51:46'),(31,3,'order_account','{\"customer_id\":\"3\",\"name\":\"\\u0422\\u0430\\u043d\\u044f \\u0421\\u0438\\u043b\\u044c\\u0447\\u0443\\u043a\",\"order_id\":46}','46.133.250.58','2016-07-15 11:03:22'),(32,0,'order_guest','{\"name\":\"\\u041b\\u0435\\u043e\\u043d\\u0438\\u0434 \\u0428\\u043c\\u044b\\u0433\\u043e\\u043b\\u044c \\u041b\\u0435\\u043e\\u043d\\u0438\\u0434 \\u0412\\u043b\\u0430\\u0434\\u0438\\u043c\\u0438\\u0440\\u043e\\u0432\\u0438\\u0447\",\"order_id\":48}','78.137.14.150','2016-07-24 15:28:13'),(33,0,'order_guest','{\"name\":\"Alex Alex\",\"order_id\":49}','188.115.177.22','2016-07-28 09:02:33'),(34,0,'order_guest','{\"name\":\"Alwx Alwx\",\"order_id\":50}','188.115.177.22','2016-07-28 09:47:05'),(35,0,'order_guest','{\"name\":\"Alwx Alwx\",\"order_id\":51}','188.115.177.22','2016-07-28 09:48:52'),(36,0,'order_guest','{\"name\":\"Alwx Alwx\",\"order_id\":52}','188.115.177.22','2016-07-28 09:50:18'),(37,0,'order_guest','{\"name\":\"xvcxv cvx\",\"order_id\":53}','188.115.177.22','2016-07-28 10:00:50'),(38,0,'order_guest','{\"name\":\"fdsf dsfdsf\",\"order_id\":54}','188.115.177.22','2016-07-28 10:02:39'),(39,0,'order_guest','{\"name\":\"ewrwer dsfsdf\",\"order_id\":55}','188.115.177.22','2016-07-28 10:05:27'),(40,0,'order_guest','{\"name\":\"\\u0432\\u044b\\u0430 \\u044b\\u0432\\u0430\",\"order_id\":56}','188.115.177.22','2016-07-28 10:20:07'),(41,0,'order_guest','{\"name\":\"dssd asdsd\",\"order_id\":57}','188.115.177.22','2016-07-28 10:22:09'),(42,0,'order_guest','{\"name\":\"AAAAa aaaaaaa\",\"order_id\":58}','188.115.177.22','2016-07-28 10:26:23'),(43,0,'order_guest','{\"name\":\"1111111111 111111111\",\"order_id\":59}','188.115.177.22','2016-07-28 10:29:04'),(44,0,'order_guest','{\"name\":\"hjk hg\",\"order_id\":60}','188.115.177.22','2016-07-28 10:31:49'),(45,4,'register','{\"customer_id\":4,\"name\":\"\\u0414\\u0430\\u043d\\u0438\\u0438\\u043b \\u0411\\u0430\\u0430\\u0434\\u0436\\u0438\"}','151.0.37.29','2016-08-03 20:55:18'),(46,0,'order_guest','{\"name\":\"\\u0410\\u043b\\u0435\\u043a\\u0441 \\u0410\\u043b\\u0435\\u043a\\u0441\",\"order_id\":61}','188.115.157.125','2016-08-04 09:21:27'),(47,0,'order_guest','{\"name\":\"\\u0410\\u043b\\u0435\\u043a\\u0441 \\u0410\\u043b\\u0435\\u043a\\u0441\",\"order_id\":62}','188.115.157.125','2016-08-04 09:49:33'),(48,0,'order_guest','{\"name\":\"\\u0410\\u043b\\u0435\\u043a\\u0441 \\u0410\\u043b\\u0435\\u043a\\u0441\",\"order_id\":63}','188.115.157.125','2016-08-04 10:00:12'),(49,0,'order_guest','{\"name\":\"\\u0410\\u043b\\u0435\\u043a\\u0441 \\u0410\\u043b\\u0435\\u043a\\u0441\",\"order_id\":64}','188.115.157.125','2016-08-04 10:01:39'),(50,5,'register','{\"customer_id\":5,\"name\":\"\\u041e\\u043b\\u044c\\u0433\\u0430 \\u041f\\u0435\\u0440\\u0435\\u0433\\u043e\\u043d\\u0446\\u0435\\u0432\\u0430\"}','176.36.55.195','2016-09-17 14:04:26'),(51,5,'order_account','{\"customer_id\":\"5\",\"name\":\"\\u041e\\u043b\\u044c\\u0433\\u0430 \\u041f\\u0435\\u0440\\u0435\\u0433\\u043e\\u043d\\u0446\\u0435\\u0432\\u0430\",\"order_id\":65}','176.36.55.195','2016-09-17 14:10:08'),(52,5,'login','{\"customer_id\":\"5\",\"name\":\"\\u041e\\u043b\\u044c\\u0433\\u0430 \\u041f\\u0435\\u0440\\u0435\\u0433\\u043e\\u043d\\u0446\\u0435\\u0432\\u0430\"}','46.211.251.125','2016-09-18 05:44:15'),(53,5,'login','{\"customer_id\":\"5\",\"name\":\"\\u041e\\u043b\\u044c\\u0433\\u0430 \\u041f\\u0435\\u0440\\u0435\\u0433\\u043e\\u043d\\u0446\\u0435\\u0432\\u0430\"}','46.211.253.143','2016-09-19 12:16:57'),(54,5,'login','{\"customer_id\":\"5\",\"name\":\"\\u041e\\u043b\\u044c\\u0433\\u0430 \\u041f\\u0435\\u0440\\u0435\\u0433\\u043e\\u043d\\u0446\\u0435\\u0432\\u0430\"}','176.36.55.195','2016-09-21 12:50:26'),(55,6,'register','{\"customer_id\":6,\"name\":\"JosepfluH JosepfluHES\"}','193.124.180.73','2016-09-22 08:07:19'),(56,7,'register','{\"customer_id\":7,\"name\":\"JosepfluH JosepfluHES\"}','193.124.180.73','2016-09-22 18:27:07'),(57,0,'order_guest','{\"name\":\"\\u043e\\u043b\\u044c\\u0433\\u0430  \\u0441\\u043e\\u0431\\u043e\\u0442\\u043e\\u0432\\u0438\\u0447\",\"order_id\":67}','193.254.216.146','2016-09-27 14:21:19'),(58,8,'register','{\"customer_id\":8,\"name\":\"\\u0415\\u043a\\u0430\\u0442\\u0435\\u0440\\u0438\\u043d\\u0430 \\u0411\\u043e\\u0440\\u0442\\u043d\\u0438\\u043a\\u043e\\u0432\\u0430\"}','188.163.70.17','2016-10-17 21:29:27'),(59,8,'order_account','{\"customer_id\":\"8\",\"name\":\"\\u0415\\u043a\\u0430\\u0442\\u0435\\u0440\\u0438\\u043d\\u0430 \\u0411\\u043e\\u0440\\u0442\\u043d\\u0438\\u043a\\u043e\\u0432\\u0430\",\"order_id\":68}','188.163.70.17','2016-10-17 21:33:04'),(60,0,'order_guest','{\"name\":\"ALEX ALEX\",\"order_id\":69}','130.0.35.42','2016-10-20 09:24:00'),(61,0,'order_guest','{\"name\":\"sd sadsa\",\"order_id\":72}','130.0.35.42','2016-10-20 17:00:40'),(62,9,'register','{\"customer_id\":9,\"name\":\"\\u0418\\u0440\\u0438\\u043d\\u0430 \\u0420\\u0435\\u0443\\u043a\\u0430\"}','31.28.235.17','2016-10-28 15:24:26'),(63,9,'order_account','{\"customer_id\":\"9\",\"name\":\"\\u0418\\u0440\\u0438\\u043d\\u0430 \\u0420\\u0435\\u0443\\u043a\\u0430\",\"order_id\":79}','31.28.235.17','2016-10-28 15:26:49'),(64,0,'order_guest','{\"name\":\"\\u0418\\u043d\\u043d\\u0430 \\u041d\\u0435\\u043b\\u044c\\u0433\\u0430\",\"order_id\":80}','94.27.59.11','2016-11-01 12:14:11'),(65,9,'login','{\"customer_id\":\"9\",\"name\":\"\\u0418\\u0440\\u0438\\u043d\\u0430 \\u0420\\u0435\\u0443\\u043a\\u0430\"}','31.28.235.17','2016-11-03 12:14:38'),(66,1,'login','{\"customer_id\":\"1\",\"name\":\"\\u0410\\u043b\\u0435\\u043a\\u0441\\u0430\\u043d\\u0434\\u0440 \\u0410\\u043b\\u0435\\u043a\\u0441\\u0430\\u043d\\u0434\\u0440\"}','195.138.82.255','2016-11-03 16:34:29'),(67,1,'order_account','{\"customer_id\":\"1\",\"name\":\"\\u0410\\u043b\\u0435\\u043a\\u0441\\u0430\\u043d\\u0434\\u0440 \\u0410\\u043b\\u0435\\u043a\\u0441\\u0430\\u043d\\u0434\\u0440\",\"order_id\":81}','195.138.82.255','2016-11-03 16:35:05'),(68,9,'login','{\"customer_id\":\"9\",\"name\":\"\\u0418\\u0440\\u0438\\u043d\\u0430 \\u0420\\u0435\\u0443\\u043a\\u0430\"}','31.28.235.17','2016-11-07 15:57:13'),(69,0,'order_guest','{\"name\":\"\\u0415\\u0432\\u0433\\u0435\\u043d\\u0438\\u0439 \\u0413\\u0443\\u0442\\u0447\\u0435\\u043d\\u043a\\u043e\",\"order_id\":82}','31.135.133.218','2016-11-11 20:41:31'),(70,10,'register','{\"customer_id\":10,\"name\":\"\\u0410\\u043d\\u0434\\u0440\\u0435\\u0439 \\u0421\\u043b\\u043e\\u0431\\u043e\\u0434\\u044f\\u043d\\u044e\\u043a\"}','31.31.7.70','2016-11-21 14:57:32'),(71,10,'order_account','{\"customer_id\":\"10\",\"name\":\"\\u0410\\u043d\\u0434\\u0440\\u0435\\u0439 \\u0421\\u043b\\u043e\\u0431\\u043e\\u0434\\u044f\\u043d\\u044e\\u043a\",\"order_id\":83}','31.31.7.70','2016-11-21 14:59:59'),(72,10,'login','{\"customer_id\":\"10\",\"name\":\"\\u0410\\u043d\\u0434\\u0440\\u0435\\u0439 \\u0421\\u043b\\u043e\\u0431\\u043e\\u0434\\u044f\\u043d\\u044e\\u043a\"}','80.94.255.221','2016-11-24 16:28:16'),(73,0,'order_guest','{\"name\":\"Sanechca Evl\",\"order_id\":85}','46.185.83.179','2016-12-17 15:01:57'),(74,11,'register','{\"customer_id\":11,\"name\":\"\\u041e\\u043b\\u0435\\u0441\\u044f \\u041c\\u0443\\u043b\\u044c\"}','78.111.190.28','2016-12-27 14:12:58'),(75,11,'order_account','{\"customer_id\":\"11\",\"name\":\"\\u041e\\u043b\\u0435\\u0441\\u044f \\u041c\\u0443\\u043b\\u044c\",\"order_id\":86}','78.111.190.28','2016-12-27 14:15:09'),(76,4,'forgotten','{\"customer_id\":\"4\",\"name\":\"\\u0414\\u0430\\u043d\\u0438\\u0438\\u043b \\u0411\\u0430\\u0430\\u0434\\u0436\\u0438\"}','93.89.210.112','2017-01-02 13:11:39'),(77,4,'reset','{\"customer_id\":\"4\",\"name\":\"\\u0414\\u0430\\u043d\\u0438\\u0438\\u043b \\u0411\\u0430\\u0430\\u0434\\u0436\\u0438\"}','93.89.210.112','2017-01-02 13:13:21'),(78,0,'order_guest','{\"name\":\"\\u0420\\u0443\\u0441\\u043b\\u0430\\u043d \\u0411\\u0430\\u0430\\u0434\\u0436\\u0438\",\"order_id\":87}','93.89.210.112','2017-01-02 14:22:18'),(79,0,'order_guest','{\"name\":\"\\u0410\\u043d\\u0434\\u0440\\u0435\\u0439  \\u0422\\u043e\\u0432\\u0430\\u0440\\u043e\\u0432\\u0441\\u043a\\u0438\\u0439\",\"order_id\":88}','37.229.44.32','2017-01-03 10:01:29'),(80,4,'login','{\"customer_id\":\"4\",\"name\":\"\\u0414\\u0430\\u043d\\u0438\\u0438\\u043b \\u0411\\u0430\\u0430\\u0434\\u0436\\u0438\"}','93.89.210.112','2017-01-03 10:44:03'),(81,4,'address_add','{\"customer_id\":\"4\",\"name\":\"\\u0414\\u0430\\u043d\\u0438\\u0438\\u043b \\u0411\\u0430\\u0430\\u0434\\u0436\\u0438\"}','93.89.210.112','2017-01-03 10:46:47'),(82,4,'order_account','{\"customer_id\":\"4\",\"name\":\"\\u0414\\u0430\\u043d\\u0438\\u0438\\u043b \\u0411\\u0430\\u0430\\u0434\\u0436\\u0438\",\"order_id\":89}','93.89.210.112','2017-01-03 10:47:25'),(83,4,'edit','{\"customer_id\":\"4\",\"name\":\"\\u0414\\u0430\\u043d\\u0438\\u0438\\u043b \\u0411\\u0430\\u0430\\u0434\\u0436\\u0438\"}','93.89.210.112','2017-01-03 10:49:55'),(84,0,'order_guest','{\"name\":\"\\u0418\\u0440\\u0438\\u043d\\u0430  \\u0428\\u0438\\u043d\\u043a\\u0430\\u0440\\u0435\\u043d\\u043a\\u043e \",\"order_id\":90}','46.211.201.183','2017-01-08 15:33:30'),(85,12,'register','{\"customer_id\":12,\"name\":\"\\u041a\\u0430\\u0442\\u0435\\u0440\\u0438\\u043d\\u0430 \\u041b\\u043e\\u0431\\u0430\\u043d\\u043e\\u0432\\u0430\"}','188.163.9.146','2017-01-12 13:59:05'),(86,12,'order_account','{\"customer_id\":\"12\",\"name\":\"\\u041a\\u0430\\u0442\\u0435\\u0440\\u0438\\u043d\\u0430 \\u041b\\u043e\\u0431\\u0430\\u043d\\u043e\\u0432\\u0430\",\"order_id\":91}','188.163.9.146','2017-01-12 14:17:48'),(87,4,'login','{\"customer_id\":\"4\",\"name\":\"\\u0420\\u0443\\u0441\\u043b\\u0430\\u043d \\u0411\\u0430\\u0430\\u0434\\u0436\\u0438\"}','93.89.209.108','2017-01-16 17:30:05'),(88,4,'address_add','{\"customer_id\":\"4\",\"name\":\"\\u0420\\u0443\\u0441\\u043b\\u0430\\u043d \\u0411\\u0430\\u0430\\u0434\\u0436\\u0438\"}','93.89.209.108','2017-01-16 17:31:07'),(89,4,'order_account','{\"customer_id\":\"4\",\"name\":\"\\u0420\\u0443\\u0441\\u043b\\u0430\\u043d \\u0411\\u0430\\u0430\\u0434\\u0436\\u0438\",\"order_id\":92}','93.89.209.108','2017-01-16 17:31:23'),(90,0,'order_guest','{\"name\":\"\\u0410\\u043b\\u0438\\u043d\\u0430 \\u041c\\u043e\\u0440\\u043e\\u0437\\u043e\\u0432\\u0430\",\"order_id\":93}','109.86.133.4','2017-01-17 12:41:16'),(91,4,'login','{\"customer_id\":\"4\",\"name\":\"\\u0420\\u0443\\u0441\\u043b\\u0430\\u043d \\u0411\\u0430\\u0430\\u0434\\u0436\\u0438\"}','151.0.0.152','2017-01-18 17:30:46'),(92,4,'edit','{\"customer_id\":\"4\",\"name\":\"\\u0420\\u0443\\u0441\\u043b\\u0430\\u043d \\u0411\\u0430\\u0430\\u0434\\u0436\\u0438\"}','151.0.0.152','2017-01-18 17:32:28'),(93,4,'login','{\"customer_id\":\"4\",\"name\":\"\\u0420\\u0443\\u0441\\u043b\\u0430\\u043d \\u0410\\u043d\\u0430\\u0442\\u043e\\u043b\\u044c\\u0435\\u0432\\u0438\\u0447 \\u0411\\u0430\\u0430\\u0434\\u0436\\u0438\"}','151.0.0.152','2017-01-18 17:35:13'),(94,0,'order_guest','{\"name\":\"\\u0422\\u0435\\u0441\\u0442 \\u0422\\u0435\\u0441\\u0442\",\"order_id\":94}','194.54.160.9','2017-01-26 16:18:27'),(95,13,'register','{\"customer_id\":13,\"name\":\"\\u0422\\u0430\\u0442\\u044c\\u044f\\u043d\\u0430 \\u0411\\u043e\\u043d\\u0434\\u0430\\u0440\\u0447\\u0443\\u043a\"}','78.27.166.7','2017-01-30 14:13:47'),(96,13,'order_account','{\"customer_id\":\"13\",\"name\":\"\\u0422\\u0430\\u0442\\u044c\\u044f\\u043d\\u0430 \\u0411\\u043e\\u043d\\u0434\\u0430\\u0440\\u0447\\u0443\\u043a\",\"order_id\":95}','78.27.166.7','2017-01-30 14:17:36'),(97,14,'register','{\"customer_id\":14,\"name\":\"\\u041b\\u0438\\u043b\\u0438\\u044f \\u0425\\u0430\\u043a\\u0438\\u043c\\u043e\\u0432\\u0430\"}','94.50.195.179','2017-02-01 15:17:20'),(98,15,'register','{\"customer_id\":15,\"name\":\"\\u0435\\u043b\\u0435\\u043d\\u0430 \\u0441\\u044b\\u0440\\u043e\\u0432\\u0435\\u0442\\u043d\\u0438\\u043a\"}','109.251.117.46','2017-02-11 10:00:01'),(99,15,'login','{\"customer_id\":\"15\",\"name\":\"\\u0435\\u043b\\u0435\\u043d\\u0430 \\u0441\\u044b\\u0440\\u043e\\u0432\\u0435\\u0442\\u043d\\u0438\\u043a\"}','109.251.117.46','2017-02-11 10:50:01'),(100,16,'register','{\"customer_id\":16,\"name\":\"\\u041e\\u043b\\u044c\\u0433\\u0430 \\u0420\\u0443\\u0434\\u0435\\u043d\\u043a\\u043e\"}','94.153.195.78','2017-02-27 15:04:59'),(101,16,'order_account','{\"customer_id\":\"16\",\"name\":\"\\u041e\\u043b\\u044c\\u0433\\u0430 \\u0420\\u0443\\u0434\\u0435\\u043d\\u043a\\u043e\",\"order_id\":97}','94.153.195.78','2017-02-27 15:15:01'),(102,17,'register','{\"customer_id\":17,\"name\":\"\\u0410\\u043b\\u0438\\u043d\\u0430 \\u041f\\u0430\\u043d\\u0447\\u0435\\u043d\\u043a\\u043e\"}','188.163.68.210','2017-02-27 22:08:07'),(103,17,'order_account','{\"customer_id\":\"17\",\"name\":\"\\u0410\\u043b\\u0438\\u043d\\u0430 \\u041f\\u0430\\u043d\\u0447\\u0435\\u043d\\u043a\\u043e\",\"order_id\":98}','188.163.68.210','2017-02-27 22:12:22'),(104,15,'login','{\"customer_id\":\"15\",\"name\":\"\\u0435\\u043b\\u0435\\u043d\\u0430 \\u0441\\u044b\\u0440\\u043e\\u0432\\u0435\\u0442\\u043d\\u0438\\u043a\"}','109.251.117.46','2017-03-03 06:19:53'),(105,15,'order_account','{\"customer_id\":\"15\",\"name\":\"\\u0435\\u043b\\u0435\\u043d\\u0430 \\u0441\\u044b\\u0440\\u043e\\u0432\\u0435\\u0442\\u043d\\u0438\\u043a\",\"order_id\":99}','109.251.117.46','2017-03-03 06:20:56'),(106,18,'register','{\"customer_id\":18,\"name\":\"\\u0412\\u0435\\u0440\\u043e\\u043d\\u0438\\u043a\\u0430 \\u041a\\u0430\\u0440\\u043f\\u0438\\u0448\\u0438\\u043d\\u0430\"}','217.30.193.128','2017-03-03 17:07:29'),(107,18,'order_account','{\"customer_id\":\"18\",\"name\":\"\\u0412\\u0435\\u0440\\u043e\\u043d\\u0438\\u043a\\u0430 \\u041a\\u0430\\u0440\\u043f\\u0438\\u0448\\u0438\\u043d\\u0430\",\"order_id\":100}','217.30.193.128','2017-03-03 17:08:07'),(108,18,'login','{\"customer_id\":\"18\",\"name\":\"\\u0412\\u0435\\u0440\\u043e\\u043d\\u0438\\u043a\\u0430 \\u041a\\u0430\\u0440\\u043f\\u0438\\u0448\\u0438\\u043d\\u0430\"}','217.30.193.128','2017-03-04 09:38:18'),(109,0,'order_guest','{\"name\":\"\\u0441\\u0432\\u0435\\u0442\\u043b\\u0430\\u043d\\u0430 \\u0413\\u0415\\u0420\\u0418\\u0428\",\"order_id\":101}','91.210.111.54','2017-03-06 09:20:03'),(110,19,'register','{\"customer_id\":19,\"name\":\"\\u041e\\u043b\\u0435\\u0441\\u044f \\u041a\\u043e\\u0432\\u0448\\u043e\\u0432\\u0430\"}','46.98.14.130','2017-03-06 22:10:38'),(111,19,'order_account','{\"customer_id\":\"19\",\"name\":\"\\u041e\\u043b\\u0435\\u0441\\u044f \\u041a\\u043e\\u0432\\u0448\\u043e\\u0432\\u0430\",\"order_id\":102}','46.98.14.130','2017-03-06 22:13:36'),(112,20,'register','{\"customer_id\":20,\"name\":\"\\u0421\\u0435\\u0440\\u0433\\u0435\\u0439 \\u0411\\u043e\\u043d\\u0434\\u0430\\u0440\\u044c\"}','194.54.160.9','2017-03-07 17:36:21'),(113,21,'register','{\"customer_id\":21,\"name\":\"\\u0422\\u0430\\u0442\\u044c\\u044f\\u043d\\u0430 \\u041f\\u0435\\u0447\\u0435\\u043d\\u043a\\u043e\"}','178.92.137.106','2017-03-12 21:44:28'),(114,21,'order_account','{\"customer_id\":\"21\",\"name\":\"\\u0422\\u0430\\u0442\\u044c\\u044f\\u043d\\u0430 \\u041f\\u0435\\u0447\\u0435\\u043d\\u043a\\u043e\",\"order_id\":103}','178.92.137.106','2017-03-12 21:47:21'),(115,21,'address_add','{\"customer_id\":\"21\",\"name\":\"\\u0422\\u0430\\u0442\\u044c\\u044f\\u043d\\u0430 \\u041f\\u0435\\u0447\\u0435\\u043d\\u043a\\u043e\"}','178.92.155.42','2017-03-13 10:45:55'),(116,21,'order_account','{\"customer_id\":\"21\",\"name\":\"\\u0422\\u0430\\u0442\\u044c\\u044f\\u043d\\u0430 \\u041f\\u0435\\u0447\\u0435\\u043d\\u043a\\u043e\",\"order_id\":104}','178.92.155.42','2017-03-13 10:46:21'),(117,0,'order_guest','{\"name\":\"\\u041c\\u0438\\u043a\\u043e\\u043b\\u0430 \\u041a\\u0443\\u0431\\u0456\\u0440\\u043a\\u0430\",\"order_id\":105}','46.211.158.176','2017-03-15 17:25:05'),(118,21,'login','{\"customer_id\":\"21\",\"name\":\"\\u0422\\u0430\\u0442\\u044c\\u044f\\u043d\\u0430 \\u041f\\u0435\\u0447\\u0435\\u043d\\u043a\\u043e\"}','94.178.105.163','2017-03-16 10:54:06'),(119,0,'order_guest','{\"name\":\"ghfgh dhdhfh\",\"order_id\":106}','194.54.160.9','2017-03-16 11:11:23'),(120,22,'register','{\"customer_id\":22,\"name\":\"\\u041b\\u044e\\u0431\\u043e\\u0432\\u044c \\u041f\\u044f\\u0442\\u0438\\u0433\\u043e\\u0440\\u0435\\u0446\"}','78.26.151.215','2017-03-18 02:50:40'),(121,22,'order_account','{\"customer_id\":\"22\",\"name\":\"\\u041b\\u044e\\u0431\\u043e\\u0432\\u044c \\u041f\\u044f\\u0442\\u0438\\u0433\\u043e\\u0440\\u0435\\u0446\",\"order_id\":107}','78.26.151.215','2017-03-18 02:53:42'),(122,0,'order_guest','{\"name\":\"\\u0412\\u0438\\u0442\\u0430\\u043b\\u0438\\u0439 \\u0426\\u0435\\u043b\\u0435\\u0432\\u0438\\u0447\",\"order_id\":108}','93.170.71.71','2017-03-23 11:07:32'),(123,0,'order_guest','{\"name\":\"\\u0410\\u043b\\u0435\\u043a\\u0441\\u0430\\u043d\\u0434\\u0440 \\u041a\\u0440\\u0438\\u0432\\u043e\\u0433\\u0443\\u0437\",\"order_id\":109}','91.207.245.211','2017-03-24 11:37:38'),(124,23,'register','{\"customer_id\":23,\"name\":\"\\u0422\\u0430\\u0442\\u044c\\u044f\\u043d\\u0430 \\u0413\\u0432\\u043e\\u0437\\u0434\\u0438\\u043a\"}','94.248.17.213','2017-03-30 19:10:03'),(125,23,'address_add','{\"customer_id\":\"23\",\"name\":\"\\u0422\\u0430\\u0442\\u044c\\u044f\\u043d\\u0430 \\u0413\\u0432\\u043e\\u0437\\u0434\\u0438\\u043a\"}','94.248.17.213','2017-03-30 19:17:14'),(126,23,'order_account','{\"customer_id\":\"23\",\"name\":\"\\u0422\\u0430\\u0442\\u044c\\u044f\\u043d\\u0430 \\u0413\\u0432\\u043e\\u0437\\u0434\\u0438\\u043a\",\"order_id\":110}','94.248.17.213','2017-03-30 19:20:36'),(127,0,'order_guest','{\"name\":\"\\u0415\\u0432\\u0433\\u0435\\u043d\\u0438\\u044f \\u0413\\u0443\\u0446\\u0430\\u043b\\u043e\",\"order_id\":111}','93.72.168.162','2017-04-02 17:34:31'),(128,24,'register','{\"customer_id\":24,\"name\":\"\\u0412\\u0430\\u0441\\u0438\\u043b\\u0438\\u0439 \\u0422\\u043a\\u0430\\u0447\\u0443\\u043a\"}','91.203.63.13','2017-04-10 14:01:37'),(129,24,'order_account','{\"customer_id\":\"24\",\"name\":\"\\u0412\\u0430\\u0441\\u0438\\u043b\\u0438\\u0439 \\u0422\\u043a\\u0430\\u0447\\u0443\\u043a\",\"order_id\":112}','91.203.63.13','2017-04-10 14:03:25'),(130,24,'order_account','{\"customer_id\":\"24\",\"name\":\"\\u0412\\u0430\\u0441\\u0438\\u043b\\u0438\\u0439 \\u0422\\u043a\\u0430\\u0447\\u0443\\u043a\",\"order_id\":113}','91.203.63.13','2017-04-10 14:07:53'),(131,25,'register','{\"customer_id\":25,\"name\":\"\\u0410\\u043d\\u043d\\u0430 \\u041a\\u0443\\u0437\\u043d\\u0435\\u0446\\u043e\\u0432\\u0430\"}','93.72.11.0','2017-05-02 12:58:50'),(132,25,'order_account','{\"customer_id\":\"25\",\"name\":\"\\u0410\\u043d\\u043d\\u0430 \\u041a\\u0443\\u0437\\u043d\\u0435\\u0446\\u043e\\u0432\\u0430\",\"order_id\":114}','93.72.11.0','2017-05-02 13:03:07'),(133,26,'register','{\"customer_id\":26,\"name\":\"\\u0410\\u0440\\u0442\\u0435\\u043c \\u0417\\u0430\\u0434\\u043e\\u0440\\u043e\\u0436\\u043d\\u044b\\u0439\"}','130.180.220.28','2017-05-03 10:58:52'),(134,27,'register','{\"customer_id\":27,\"name\":\"\\u0413\\u0430\\u043b\\u0438\\u043d\\u0430 \\u041f\\u0440\\u043e\\u0437\\u043e\\u0440\\u044f\"}','193.108.250.117','2017-05-05 09:02:40'),(135,27,'order_account','{\"customer_id\":\"27\",\"name\":\"\\u0413\\u0430\\u043b\\u0438\\u043d\\u0430 \\u041f\\u0440\\u043e\\u0437\\u043e\\u0440\\u044f\",\"order_id\":117}','193.108.250.117','2017-05-05 09:05:49'),(136,27,'login','{\"customer_id\":\"27\",\"name\":\"\\u0413\\u0430\\u043b\\u0438\\u043d\\u0430 \\u041f\\u0440\\u043e\\u0437\\u043e\\u0440\\u044f\"}','193.108.250.117','2017-05-05 13:23:34'),(137,28,'register','{\"customer_id\":28,\"name\":\"\\u0410\\u043b\\u0435\\u043a\\u0441\\u0430\\u043d\\u0434\\u0440 \\u0425\\u0430\\u0440\\u0447\\u0435\\u043d\\u043a\\u043e\"}','91.207.245.194','2017-05-10 18:54:55'),(138,28,'order_account','{\"customer_id\":\"28\",\"name\":\"\\u0410\\u043b\\u0435\\u043a\\u0441\\u0430\\u043d\\u0434\\u0440 \\u0425\\u0430\\u0440\\u0447\\u0435\\u043d\\u043a\\u043e\",\"order_id\":118}','91.207.245.194','2017-05-10 18:57:12'),(139,28,'login','{\"customer_id\":\"28\",\"name\":\"\\u0410\\u043b\\u0435\\u043a\\u0441\\u0430\\u043d\\u0434\\u0440 \\u0425\\u0430\\u0440\\u0447\\u0435\\u043d\\u043a\\u043e\"}','91.207.245.194','2017-05-10 18:59:47'),(140,29,'register','{\"customer_id\":29,\"name\":\"\\u041a\\u0440\\u0438\\u0441\\u0442\\u0438\\u043d\\u0430  \\u041d\\u0435\\u043c\\u0447\\u0438\\u043d\\u043e\\u0432\\u0430 \"}','46.133.42.22','2017-05-15 09:57:04'),(141,29,'order_account','{\"customer_id\":\"29\",\"name\":\"\\u041a\\u0440\\u0438\\u0441\\u0442\\u0438\\u043d\\u0430  \\u041d\\u0435\\u043c\\u0447\\u0438\\u043d\\u043e\\u0432\\u0430 \",\"order_id\":119}','46.133.42.22','2017-05-15 09:58:35'),(142,30,'register','{\"customer_id\":30,\"name\":\"\\u0412\\u0438\\u043a\\u0442\\u043e\\u0440 \\u041c\\u0430\\u0445\\u0430\\u043d\\u044c\\u043a\\u043e\"}','130.180.218.163','2017-05-16 16:33:31'),(143,30,'order_account','{\"customer_id\":\"30\",\"name\":\"\\u0412\\u0438\\u043a\\u0442\\u043e\\u0440 \\u041c\\u0430\\u0445\\u0430\\u043d\\u044c\\u043a\\u043e\",\"order_id\":120}','130.180.218.163','2017-05-16 16:36:17'),(144,31,'register','{\"customer_id\":31,\"name\":\"\\u0412\\u0430\\u043b\\u0435\\u043d\\u0442\\u0438\\u043d\\u0430 \\u0421\\u0430\\u0432\\u0438\\u0447\"}','77.239.167.116','2017-05-19 15:04:16'),(145,31,'order_account','{\"customer_id\":\"31\",\"name\":\"\\u0412\\u0430\\u043b\\u0435\\u043d\\u0442\\u0438\\u043d\\u0430 \\u0421\\u0430\\u0432\\u0438\\u0447\",\"order_id\":121}','77.239.167.116','2017-05-19 15:09:00'),(146,0,'order_guest','{\"name\":\"\\u0415\\u043b\\u0435\\u043d\\u0430 \\u041c\\u0435\\u0442\\u043a\\u0430\\u044f\",\"order_id\":122}','87.244.154.35','2017-06-07 15:21:02'),(147,27,'login','{\"customer_id\":\"27\",\"name\":\"\\u0413\\u0430\\u043b\\u0438\\u043d\\u0430 \\u041f\\u0440\\u043e\\u0437\\u043e\\u0440\\u044f\"}','193.108.250.117','2017-06-08 11:11:52'),(148,27,'order_account','{\"customer_id\":\"27\",\"name\":\"\\u0413\\u0430\\u043b\\u0438\\u043d\\u0430 \\u041f\\u0440\\u043e\\u0437\\u043e\\u0440\\u044f\",\"order_id\":124}','193.108.250.117','2017-06-08 11:14:45'),(149,0,'order_guest','{\"name\":\"\\u0415\\u0432\\u0433\\u0435\\u043d\\u0438\\u044f  \\u0411\\u0440\\u0435\\u0435\\u0432\\u0430 \",\"order_id\":125}','176.119.99.198','2017-06-08 23:51:56'),(150,0,'order_guest','{\"name\":\"\\u0410\\u043b\\u0435\\u043a\\u0441\\u0430\\u043d\\u0434\\u0440 \\u0424\\u043e\\u043c\\u0435\\u043d\\u043a\\u043e\",\"order_id\":126}','178.210.207.175','2017-06-09 11:16:28'),(151,31,'login','{\"customer_id\":\"31\",\"name\":\"\\u0412\\u0430\\u043b\\u0435\\u043d\\u0442\\u0438\\u043d\\u0430 \\u0421\\u0430\\u0432\\u0438\\u0447\"}','77.239.167.116','2017-06-14 13:55:43'),(152,31,'order_account','{\"customer_id\":\"31\",\"name\":\"\\u0412\\u0430\\u043b\\u0435\\u043d\\u0442\\u0438\\u043d\\u0430 \\u0421\\u0430\\u0432\\u0438\\u0447\",\"order_id\":127}','77.239.167.116','2017-06-14 13:56:29'),(153,4,'login','{\"customer_id\":\"4\",\"name\":\"\\u0420\\u0443\\u0441\\u043b\\u0430\\u043d \\u0410\\u043d\\u0430\\u0442\\u043e\\u043b\\u044c\\u0435\\u0432\\u0438\\u0447 \\u0411\\u0430\\u0430\\u0434\\u0436\\u0438\"}','151.0.9.134','2017-06-18 17:09:42'),(154,4,'order_account','{\"customer_id\":\"4\",\"name\":\"\\u0420\\u0443\\u0441\\u043b\\u0430\\u043d \\u0410\\u043d\\u0430\\u0442\\u043e\\u043b\\u044c\\u0435\\u0432\\u0438\\u0447 \\u0411\\u0430\\u0430\\u0434\\u0436\\u0438\",\"order_id\":128}','151.0.9.134','2017-06-18 17:12:36'),(155,4,'login','{\"customer_id\":\"4\",\"name\":\"\\u0420\\u0443\\u0441\\u043b\\u0430\\u043d \\u0410\\u043d\\u0430\\u0442\\u043e\\u043b\\u044c\\u0435\\u0432\\u0438\\u0447 \\u0411\\u0430\\u0430\\u0434\\u0436\\u0438\"}','151.0.9.134','2017-06-18 17:59:14'),(156,0,'order_guest','{\"name\":\"\\u041a\\u043b\\u0430\\u0432\\u0434\\u0438\\u044f \\u0423\\u0441\\u043e\\u043b\\u044c\\u0446\\u0435\\u0432\\u0430\",\"order_id\":129}','93.170.15.66','2017-06-19 17:57:29'),(157,0,'order_guest','{\"name\":\"\\u0421\\u0435\\u0440\\u0433\\u0435\\u0439 \\u0420\\u043e\\u043c\\u0430\\u0448\\u043e\\u0432\",\"order_id\":130}','83.142.111.225','2017-06-23 18:22:18'),(158,0,'order_guest','{\"name\":\"\\u0421\\u0435\\u0440\\u0433\\u0435\\u0439 \\u0420\\u043e\\u043c\\u0430\\u0448\\u043e\\u0432\",\"order_id\":131}','83.142.111.225','2017-06-23 19:25:15'),(159,15,'login','{\"customer_id\":\"15\",\"name\":\"\\u0435\\u043b\\u0435\\u043d\\u0430 \\u0441\\u044b\\u0440\\u043e\\u0432\\u0435\\u0442\\u043d\\u0438\\u043a\"}','109.251.117.46','2017-06-27 06:33:57'),(160,15,'order_account','{\"customer_id\":\"15\",\"name\":\"\\u0435\\u043b\\u0435\\u043d\\u0430 \\u0441\\u044b\\u0440\\u043e\\u0432\\u0435\\u0442\\u043d\\u0438\\u043a\",\"order_id\":132}','109.251.117.46','2017-06-27 06:34:39'),(161,32,'register','{\"customer_id\":32,\"name\":\"\\u0406\\u0440\\u0438\\u043d\\u0430 \\u0420\\u0430\\u043a\"}','212.1.101.82','2017-07-03 10:42:40'),(162,32,'order_account','{\"customer_id\":\"32\",\"name\":\"\\u0406\\u0440\\u0438\\u043d\\u0430 \\u0420\\u0430\\u043a\",\"order_id\":133}','212.1.101.82','2017-07-03 10:44:11'),(163,32,'login','{\"customer_id\":\"32\",\"name\":\"\\u0406\\u0440\\u0438\\u043d\\u0430 \\u0420\\u0430\\u043a\"}','212.1.101.82','2017-07-04 08:37:55'),(164,32,'return_account','{\"customer_id\":\"32\",\"name\":\"\\u0406\\u0440\\u0438\\u043d\\u0430 \\u0420\\u0430\\u043a\",\"return_id\":1}','212.1.101.82','2017-07-04 08:40:12'),(165,32,'return_account','{\"customer_id\":\"32\",\"name\":\"\\u0406\\u0440\\u0438\\u043d\\u0430 \\u0420\\u0430\\u043a\",\"return_id\":2}','212.1.101.82','2017-07-04 08:40:42'),(166,32,'return_account','{\"customer_id\":\"32\",\"name\":\"\\u0406\\u0440\\u0438\\u043d\\u0430 \\u0420\\u0430\\u043a\",\"return_id\":3}','212.1.101.82','2017-07-04 08:41:01'),(167,33,'register','{\"customer_id\":33,\"name\":\"\\u041b\\u0435\\u0441\\u044f \\u0428\\u0435\\u043b\\u0435\\u0441\\u0442\\u043e\\u0432\\u0430\"}','93.127.21.191','2017-07-04 09:55:23'),(168,34,'register','{\"customer_id\":34,\"name\":\"\\u0410\\u043b\\u0451\\u043d\\u0430 \\u041a\\u0443\\u0440\\u0433\\u0430\\u043d\\u0441\\u043a\\u0430\\u044f\"}','195.3.130.23','2017-07-06 20:09:52'),(169,34,'order_account','{\"customer_id\":\"34\",\"name\":\"\\u0410\\u043b\\u0451\\u043d\\u0430 \\u041a\\u0443\\u0440\\u0433\\u0430\\u043d\\u0441\\u043a\\u0430\\u044f\",\"order_id\":134}','195.3.130.23','2017-07-06 20:14:32'),(170,35,'register','{\"customer_id\":35,\"name\":\"\\u0410\\u043b\\u0438\\u0441\\u0430 \\u0421\\u0435\\u0440\\u0435\\u0434\\u0430\"}','212.55.66.228','2017-07-07 22:49:15'),(171,35,'order_account','{\"customer_id\":\"35\",\"name\":\"\\u0410\\u043b\\u0438\\u0441\\u0430 \\u0421\\u0435\\u0440\\u0435\\u0434\\u0430\",\"order_id\":135}','212.55.66.54','2017-07-07 23:25:02'),(172,15,'login','{\"customer_id\":\"15\",\"name\":\"\\u0435\\u043b\\u0435\\u043d\\u0430 \\u0441\\u044b\\u0440\\u043e\\u0432\\u0435\\u0442\\u043d\\u0438\\u043a\"}','109.251.117.46','2017-07-11 16:05:11'),(173,15,'order_account','{\"customer_id\":\"15\",\"name\":\"\\u0435\\u043b\\u0435\\u043d\\u0430 \\u0441\\u044b\\u0440\\u043e\\u0432\\u0435\\u0442\\u043d\\u0438\\u043a\",\"order_id\":136}','109.251.117.46','2017-07-11 16:05:29'),(174,36,'register','{\"customer_id\":36,\"name\":\"\\u041e\\u043a\\u0441\\u0430\\u043d\\u0430 \\u0421\\u0438\\u043c\\u043e\\u043d\\u0435\\u043d\\u043a\\u043e\"}','195.230.115.62','2017-07-14 18:19:41'),(175,36,'order_account','{\"customer_id\":\"36\",\"name\":\"\\u041e\\u043a\\u0441\\u0430\\u043d\\u0430 \\u0421\\u0438\\u043c\\u043e\\u043d\\u0435\\u043d\\u043a\\u043e\",\"order_id\":137}','195.230.115.62','2017-07-14 18:38:21'),(176,0,'order_guest','{\"name\":\"\\u0410\\u041b\\u0415\\u041a\\u0421\\u0410\\u041d\\u0414\\u0420 \\u0428\\u0410\\u0425\\u0420\\u0410\\u0419\",\"order_id\":138}','91.215.145.180','2017-07-18 22:17:28'),(177,0,'order_guest','{\"name\":\"\\u0412\\u044f\\u0447\\u0435\\u0441\\u043b\\u0430\\u0432 \\u041a\\u0430\\u0440\\u043f\\u0438\\u0447\\u0435\\u043d\\u043a\\u043e\",\"order_id\":139}','77.120.102.24','2017-07-19 14:32:00'),(178,0,'order_guest','{\"name\":\"\\u0412\\u044f\\u0447\\u0435\\u0441\\u043b\\u0430\\u0432 \\u041a\\u0430\\u0440\\u043f\\u0438\\u0447\\u0435\\u043d\\u043a\\u043e\",\"order_id\":140}','77.120.102.24','2017-07-19 14:40:26'),(179,37,'register','{\"customer_id\":37,\"name\":\"\\u041d\\u0430\\u0442\\u0430\\u043b\\u044c\\u044f \\u0413\\u043d\\u0430\\u0442\\u044e\\u043a\"}','46.119.6.101','2017-07-21 15:23:06'),(180,37,'order_account','{\"customer_id\":\"37\",\"name\":\"\\u041d\\u0430\\u0442\\u0430\\u043b\\u044c\\u044f \\u0413\\u043d\\u0430\\u0442\\u044e\\u043a\",\"order_id\":141}','46.119.6.101','2017-07-21 15:27:34'),(181,0,'order_guest','{\"name\":\"\\u044f\\u043d\\u0430 \\u043a\\u043e\\u043b\\u043e\\u043c\\u0438\\u0435\\u0446\",\"order_id\":142}','217.76.207.10','2017-07-30 08:48:51'),(182,0,'order_guest','{\"name\":\"\\u0442\\u0430\\u0442\\u044c\\u044f\\u043d\\u0430 \\u043a\\u0440\\u0430\\u0432\\u0447\\u0443\\u043a\",\"order_id\":143}','178.136.188.15','2017-07-30 17:18:34'),(183,0,'order_guest','{\"name\":\"\\u041e\\u043b\\u044c\\u0433\\u0430 \\u0413\\u0430\\u043c\\u0431\\u0443\\u0440\\u0433\",\"order_id\":144}','213.231.5.97','2017-08-05 11:56:26'),(184,38,'register','{\"customer_id\":38,\"name\":\"\\u041a\\u0430\\u0442\\u0435\\u0440\\u0438\\u043d\\u0430  \\u0420\\u0430\\u043c\\u0434\\u043e\\u043d\"}','78.26.161.44','2017-08-06 20:38:08'),(185,38,'order_account','{\"customer_id\":\"38\",\"name\":\"\\u041a\\u0430\\u0442\\u0435\\u0440\\u0438\\u043d\\u0430  \\u0420\\u0430\\u043c\\u0434\\u043e\\u043d\",\"order_id\":145}','78.26.161.44','2017-08-06 20:40:41'),(186,0,'order_guest','{\"name\":\"\\u044f\\u043d\\u0430 \\u043a\\u043e\\u0432\\u0430\\u043b\\u044c\",\"order_id\":146}','217.76.207.10','2017-08-07 10:53:13'),(187,38,'login','{\"customer_id\":\"38\",\"name\":\"\\u041a\\u0430\\u0442\\u0435\\u0440\\u0438\\u043d\\u0430  \\u0420\\u0430\\u043c\\u0434\\u043e\\u043d\"}','78.26.161.44','2017-08-08 20:25:55'),(188,38,'order_account','{\"customer_id\":\"38\",\"name\":\"\\u041a\\u0430\\u0442\\u0435\\u0440\\u0438\\u043d\\u0430  \\u0420\\u0430\\u043c\\u0434\\u043e\\u043d\",\"order_id\":147}','78.26.161.44','2017-08-08 20:26:54'),(189,39,'register','{\"customer_id\":39,\"name\":\"\\u0421\\u0435\\u0440\\u0433\\u0435\\u0439 \\u0411\\u043e\\u0433\\u0440\\u0430\\u0441\"}','194.54.160.9','2017-08-10 11:22:44'),(190,39,'order_account','{\"customer_id\":\"39\",\"name\":\"\\u0421\\u0435\\u0440\\u0433\\u0435\\u0439 \\u0411\\u043e\\u0433\\u0440\\u0430\\u0441\",\"order_id\":148}','194.54.160.9','2017-08-10 11:24:20'),(191,39,'login','{\"customer_id\":\"39\",\"name\":\"\\u0421\\u0435\\u0440\\u0433\\u0435\\u0439 \\u0411\\u043e\\u0433\\u0440\\u0430\\u0441\"}','194.54.160.9','2017-08-10 12:08:18'),(192,0,'order_guest','{\"name\":\"\\u041e\\u043a\\u0441\\u0430\\u043d\\u0430 \\u0410\\u043f\\u0430\\u0440\\u043e\\u0432\\u0430\",\"order_id\":152}','178.95.131.248','2017-08-14 16:15:58'),(193,40,'register','{\"customer_id\":40,\"name\":\"\\u0410\\u043b\\u0435\\u043d\\u0430 \\u0421\\u0435\\u043a\\u0440\\u0435\\u0442\"}','178.136.222.127','2017-08-17 18:40:00'),(194,40,'address_add','{\"customer_id\":\"40\",\"name\":\"\\u0410\\u043b\\u0435\\u043d\\u0430 \\u0421\\u0435\\u043a\\u0440\\u0435\\u0442\"}','178.136.222.127','2017-08-17 18:41:51'),(195,40,'order_account','{\"customer_id\":\"40\",\"name\":\"\\u0410\\u043b\\u0435\\u043d\\u0430 \\u0421\\u0435\\u043a\\u0440\\u0435\\u0442\",\"order_id\":153}','178.136.222.127','2017-08-17 18:42:09'),(196,0,'order_guest','{\"name\":\"\\u0418\\u043d\\u043d\\u0430 \\u0413\\u0435\\u0442\\u043c\\u0430\\u043d\\u0446\\u0435\\u0432\\u0430\",\"order_id\":155}','78.26.130.189','2017-08-25 16:22:14'),(197,0,'order_guest','{\"name\":\"\\u0413\\u0430\\u043b\\u0438\\u043d\\u0430 \\u0421\\u0435\\u0440\\u0435\\u0434\\u044e\\u043a\",\"order_id\":156}','95.133.218.101','2017-08-27 11:36:04'),(198,0,'order_guest','{\"name\":\"\\u041d\\u0438\\u043a\\u043e\\u043b\\u0430\\u0439 \\u0420\\u0443\\u0434\\u0435\\u043d\\u043a\\u043e\",\"order_id\":157}','212.178.3.93','2017-08-29 13:35:30'),(199,0,'order_guest','{\"name\":\" \\u0415\\u043b\\u0435\\u043d\\u0430 \\u041f\\u0435\\u0442\\u0440\\u043e\\u0432\\u0430\",\"order_id\":158}','176.38.168.141','2017-08-31 13:54:21'),(200,4,'login','{\"customer_id\":\"4\",\"name\":\"\\u0420\\u0443\\u0441\\u043b\\u0430\\u043d \\u0410\\u043d\\u0430\\u0442\\u043e\\u043b\\u044c\\u0435\\u0432\\u0438\\u0447 \\u0411\\u0430\\u0430\\u0434\\u0436\\u0438\"}','151.0.25.224','2017-09-04 16:57:34'),(201,4,'address_add','{\"customer_id\":\"4\",\"name\":\"\\u0420\\u0443\\u0441\\u043b\\u0430\\u043d \\u0410\\u043d\\u0430\\u0442\\u043e\\u043b\\u044c\\u0435\\u0432\\u0438\\u0447 \\u0411\\u0430\\u0430\\u0434\\u0436\\u0438\"}','151.0.25.224','2017-09-04 17:00:12'),(202,4,'order_account','{\"customer_id\":\"4\",\"name\":\"\\u0420\\u0443\\u0441\\u043b\\u0430\\u043d \\u0410\\u043d\\u0430\\u0442\\u043e\\u043b\\u044c\\u0435\\u0432\\u0438\\u0447 \\u0411\\u0430\\u0430\\u0434\\u0436\\u0438\",\"order_id\":159}','151.0.25.224','2017-09-04 17:00:35'),(203,12,'login','{\"customer_id\":\"12\",\"name\":\"\\u041a\\u0430\\u0442\\u0435\\u0440\\u0438\\u043d\\u0430 \\u041b\\u043e\\u0431\\u0430\\u043d\\u043e\\u0432\\u0430\"}','188.163.9.146','2017-09-12 20:43:07'),(204,12,'order_account','{\"customer_id\":\"12\",\"name\":\"\\u041a\\u0430\\u0442\\u0435\\u0440\\u0438\\u043d\\u0430 \\u041b\\u043e\\u0431\\u0430\\u043d\\u043e\\u0432\\u0430\",\"order_id\":160}','188.163.9.146','2017-09-12 20:43:56'),(205,0,'order_guest','{\"name\":\"\\u0410\\u043b\\u0435\\u043a\\u0441\\u0430\\u043d\\u0434\\u0440 \\u0414\\u0438\\u043a\\u0443\\u0441\\u0430\\u0440\\u0435\\u043d\\u043a\\u043e\",\"order_id\":161}','46.37.194.35','2017-09-14 15:48:52'),(206,0,'order_guest','{\"name\":\"\\u041e\\u043b\\u0435\\u0441\\u044f \\u041a\\u043e\\u0432\\u0448\\u043e\\u0432\\u0430\",\"order_id\":164}','46.98.55.29','2017-09-16 23:31:01'),(207,0,'order_guest','{\"name\":\"\\u041e\\u043b\\u0435\\u0433 \\u041b\\u044e\\u0431\\u043a\\u0438\\u043d\",\"order_id\":165}','94.179.37.198','2017-09-18 17:25:39'),(208,0,'order_guest','{\"name\":\"\\u0421\\u0432\\u0435\\u0442\\u043b\\u0430\\u043d\\u0430 \\u0411\\u0438\\u043b\\u044b\\u043a\",\"order_id\":166}','85.238.103.29','2017-09-18 22:30:38'),(209,0,'order_guest','{\"name\":\"\\u042d\\u043b\\u0438\\u043d\\u0430 \\u0421\\u0438\\u0440\\u043e\\u0442\\u043e\\u0432\\u0430\",\"order_id\":167}','217.146.247.249','2017-09-21 13:19:56'),(210,0,'order_guest','{\"name\":\"\\u041d\\u0430\\u0442\\u0430\\u043b\\u044c\\u044f \\u041e\\u0441\\u0438\\u043d\\u0441\\u043a\\u0430\\u044f\",\"order_id\":168}','46.211.121.198','2017-09-22 10:02:09'),(211,0,'order_guest','{\"name\":\"\\u0415\\u043b\\u0435\\u043d\\u0430 \\u0411\\u0443\\u0433\\u0430\\u0451\\u0432\\u0430\",\"order_id\":169}','46.250.113.141','2017-09-22 19:51:47'),(212,0,'order_guest','{\"name\":\"\\u0410\\u043b\\u0438\\u043d\\u0430 \\u041f\\u0430\\u043d\\u0447\\u0435\\u043d\\u043a\\u043e\",\"order_id\":170}','188.163.68.233','2017-09-22 22:43:55'),(213,0,'order_guest','{\"name\":\"\\u041e\\u043b\\u044c\\u0433\\u0430 \\u041c\\u0438\\u0445\\u0430\\u0439\\u043b\\u0435\\u043d\\u043a\\u043e\",\"order_id\":171}','46.33.43.215','2017-09-29 11:26:37'),(214,41,'register','{\"customer_id\":41,\"name\":\"\\u0412\\u0456\\u043a\\u0442\\u043e\\u0440\\u0456\\u044f \\u041e\\u043d\\u0438\\u0449\\u0435\\u043d\\u043a\\u043e\"}','91.219.80.13','2017-09-30 22:12:10'),(215,41,'order_account','{\"customer_id\":\"41\",\"name\":\"\\u0412\\u0456\\u043a\\u0442\\u043e\\u0440\\u0456\\u044f \\u041e\\u043d\\u0438\\u0449\\u0435\\u043d\\u043a\\u043e\",\"order_id\":172}','91.219.80.13','2017-09-30 22:16:37'),(216,42,'register','{\"customer_id\":42,\"name\":\"\\u0412\\u0438\\u0442\\u0430\\u043b\\u0438\\u0439 \\u041f\\u043b\\u043e\\u0449\\u0438\\u043d\\u0441\\u043a\\u0438\\u0439\"}','176.102.57.247','2017-10-03 21:45:41'),(217,42,'order_account','{\"customer_id\":\"42\",\"name\":\"\\u0412\\u0438\\u0442\\u0430\\u043b\\u0438\\u0439 \\u041f\\u043b\\u043e\\u0449\\u0438\\u043d\\u0441\\u043a\\u0438\\u0439\",\"order_id\":173}','176.102.57.247','2017-10-03 21:48:58'),(218,42,'login','{\"customer_id\":\"42\",\"name\":\"\\u0412\\u0438\\u0442\\u0430\\u043b\\u0438\\u0439 \\u041f\\u043b\\u043e\\u0449\\u0438\\u043d\\u0441\\u043a\\u0438\\u0439\"}','176.102.57.247','2017-10-03 22:38:18'),(219,4,'login','{\"customer_id\":\"4\",\"name\":\"\\u0420\\u0443\\u0441\\u043b\\u0430\\u043d \\u0410\\u043d\\u0430\\u0442\\u043e\\u043b\\u044c\\u0435\\u0432\\u0438\\u0447 \\u0411\\u0430\\u0430\\u0434\\u0436\\u0438\"}','151.0.11.179','2017-10-03 23:30:32'),(220,4,'order_account','{\"customer_id\":\"4\",\"name\":\"\\u0420\\u0443\\u0441\\u043b\\u0430\\u043d \\u0410\\u043d\\u0430\\u0442\\u043e\\u043b\\u044c\\u0435\\u0432\\u0438\\u0447 \\u0411\\u0430\\u0430\\u0434\\u0436\\u0438\",\"order_id\":174}','151.0.11.179','2017-10-03 23:32:12'),(221,43,'register','{\"customer_id\":43,\"name\":\"\\u0410\\u043d\\u0434\\u0440\\u0435\\u0439 \\u041f\\u0440\\u044f\\u0434\\u043a\\u0430\"}','176.105.103.90','2017-10-04 12:42:50'),(222,43,'order_account','{\"customer_id\":\"43\",\"name\":\"\\u0410\\u043d\\u0434\\u0440\\u0435\\u0439 \\u041f\\u0440\\u044f\\u0434\\u043a\\u0430\",\"order_id\":175}','176.105.103.90','2017-10-04 12:44:25'),(223,43,'edit','{\"customer_id\":\"43\",\"name\":\"\\u0410\\u043d\\u0434\\u0440\\u0435\\u0439 \\u041f\\u0440\\u044f\\u0434\\u043a\\u0430\"}','176.105.103.90','2017-10-04 12:45:09'),(224,4,'login','{\"customer_id\":\"4\",\"name\":\"\\u0420\\u0443\\u0441\\u043b\\u0430\\u043d \\u0410\\u043d\\u0430\\u0442\\u043e\\u043b\\u044c\\u0435\\u0432\\u0438\\u0447 \\u0411\\u0430\\u0430\\u0434\\u0436\\u0438\"}','151.0.11.179','2017-10-04 19:47:03'),(225,0,'order_guest','{\"name\":\"\\u044e\\u043b\\u0438\\u044f \\u0448\\u0443\\u043c\\u0430\\u0435\\u0432\\u0430\",\"order_id\":176}','193.176.251.165','2017-10-08 15:38:02'),(226,44,'register','{\"customer_id\":44,\"name\":\"\\u0413\\u0430\\u043b\\u0438\\u043d\\u0430 \\u041b\\u0438\\u0442\\u0432\\u0438\\u043d\\u043e\\u0432\\u0430\"}','195.138.82.25','2017-10-11 11:31:26'),(227,44,'login','{\"customer_id\":\"44\",\"name\":\"\\u0413\\u0430\\u043b\\u0438\\u043d\\u0430 \\u041b\\u0438\\u0442\\u0432\\u0438\\u043d\\u043e\\u0432\\u0430\"}','195.138.82.25','2017-10-11 12:49:59'),(228,45,'register','{\"customer_id\":45,\"name\":\"\\u042f\\u0440\\u043e\\u0441\\u043b\\u0430\\u0432\\u0430 \\u041c\\u043e\\u0440\\u043e\\u0437\\u043e\\u0432\\u0430\"}','188.163.72.23','2017-10-11 13:40:51'),(229,45,'order_account','{\"customer_id\":\"45\",\"name\":\"\\u042f\\u0440\\u043e\\u0441\\u043b\\u0430\\u0432\\u0430 \\u041c\\u043e\\u0440\\u043e\\u0437\\u043e\\u0432\\u0430\",\"order_id\":177}','188.163.72.23','2017-10-11 13:42:49'),(230,46,'register','{\"customer_id\":46,\"name\":\"\\u041d\\u0430\\u0442\\u0430\\u043b\\u044c\\u044f \\u0412\\u043e\\u0440\\u043e\\u043d\\u0447\\u0443\\u043a\"}','91.200.3.238','2017-10-11 16:17:01'),(231,46,'order_account','{\"customer_id\":\"46\",\"name\":\"\\u041d\\u0430\\u0442\\u0430\\u043b\\u044c\\u044f \\u0412\\u043e\\u0440\\u043e\\u043d\\u0447\\u0443\\u043a\",\"order_id\":178}','91.200.3.238','2017-10-11 16:34:29'),(232,46,'login','{\"customer_id\":\"46\",\"name\":\"\\u041d\\u0430\\u0442\\u0430\\u043b\\u044c\\u044f \\u0412\\u043e\\u0440\\u043e\\u043d\\u0447\\u0443\\u043a\"}','91.200.3.238','2017-10-11 21:01:42'),(233,0,'order_guest','{\"name\":\"\\u0410\\u043d\\u043d\\u0430 \\u0412\\u043e\\u0432\\u043a\\u0438\\u0432\\u0441\\u043a\\u0430\\u044f\",\"order_id\":179}','86.111.88.138','2017-10-14 16:24:49'),(234,47,'register','{\"customer_id\":47,\"name\":\"\\u041f\\u0440\\u0430\\u0441\\u043a\\u043e\\u0432\\u044c\\u044f \\u041a\\u0430\\u043b\\u0438\\u043d\\u043a\\u043e\\u0432\\u0430\"}','130.0.49.123','2017-10-14 16:53:34'),(235,47,'order_account','{\"customer_id\":\"47\",\"name\":\"\\u041f\\u0440\\u0430\\u0441\\u043a\\u043e\\u0432\\u044c\\u044f \\u041a\\u0430\\u043b\\u0438\\u043d\\u043a\\u043e\\u0432\\u0430\",\"order_id\":180}','130.0.49.123','2017-10-14 16:54:31'),(236,48,'register','{\"customer_id\":48,\"name\":\"\\u0415\\u043a\\u0430\\u0442\\u0435\\u0440\\u0438\\u043d\\u0430  \\u041e\\u043d\\u0443\\u0444\\u0440\\u0438\\u0435\\u043d\\u043a\\u043e \"}','108.170.8.184','2017-10-16 12:07:45'),(237,48,'login','{\"customer_id\":\"48\",\"name\":\"\\u0415\\u043a\\u0430\\u0442\\u0435\\u0440\\u0438\\u043d\\u0430  \\u041e\\u043d\\u0443\\u0444\\u0440\\u0438\\u0435\\u043d\\u043a\\u043e \"}','108.170.8.184','2017-10-16 12:08:46'),(238,48,'order_account','{\"customer_id\":\"48\",\"name\":\"\\u0415\\u043a\\u0430\\u0442\\u0435\\u0440\\u0438\\u043d\\u0430  \\u041e\\u043d\\u0443\\u0444\\u0440\\u0438\\u0435\\u043d\\u043a\\u043e \",\"order_id\":181}','108.170.8.184','2017-10-16 12:10:15'),(239,0,'order_guest','{\"name\":\"\\u0410\\u043b\\u0435\\u043a\\u0441\\u0430\\u043d\\u0434\\u0440 \\u041a\\u043e\\u0432\\u0430\\u043b\\u0435\\u043d\\u043a\\u043e\",\"order_id\":182}','37.73.226.16','2017-10-19 16:40:43'),(240,0,'order_guest','{\"name\":\"\\u0414\\u043c\\u0438\\u0442\\u0440\\u0438\\u0439 \\u0410\\u043d\\u0430\\u0448\\u043a\\u0438\\u043d\",\"order_id\":183}','188.163.65.137','2017-10-21 21:59:54'),(241,0,'order_guest','{\"name\":\"\\u041e\\u043a\\u0441\\u0430\\u043d\\u0430  \\u041b\\u0438\\u0445\\u043e\\u0432\\u0438\\u0434\\u043e\\u0432\\u0430 \",\"order_id\":185}','46.211.248.51','2017-10-26 13:58:16'),(242,0,'order_guest','{\"name\":\"\\u042e\\u043b\\u0438\\u044f \\u041f\\u043b\\u043e\\u0442\\u043d\\u0438\\u043a\\u043e\\u0432\\u0430\",\"order_id\":186}','178.151.25.138','2017-10-30 17:15:47'),(243,0,'order_guest','{\"name\":\"\\u0410\\u043b\\u0435\\u043a\\u0441\\u0430\\u043d\\u0434\\u0440 \\u041a\\u043e\\u0432\\u0430\\u043b\\u0435\\u043d\\u043a\\u043e\",\"order_id\":187}','194.29.60.210','2017-11-01 13:23:57'),(244,0,'order_guest','{\"name\":\"\\u0410\\u043d\\u0430\\u0441\\u0442\\u0430\\u0441\\u0456\\u044f \\u041a\\u043e\\u0431\\u0438\\u0437\\u0441\\u044c\\u043a\\u0430\",\"order_id\":188}','193.34.93.39','2017-11-01 15:20:46'),(245,0,'order_guest','{\"name\":\"test test\",\"order_id\":189}','194.54.160.9','2017-11-02 17:16:48'),(246,0,'order_guest','{\"name\":\"\\u044f\\u043d\\u0430 \\u043a\\u043e\\u043b\\u043e\\u043c\\u0438\\u0435\\u0446\",\"order_id\":190}','217.76.207.10','2017-11-04 05:40:52'),(247,15,'login','{\"customer_id\":\"15\",\"name\":\"\\u0435\\u043b\\u0435\\u043d\\u0430 \\u0441\\u044b\\u0440\\u043e\\u0432\\u0435\\u0442\\u043d\\u0438\\u043a\"}','109.251.117.46','2017-11-05 09:46:11'),(248,15,'order_account','{\"customer_id\":\"15\",\"name\":\"\\u0435\\u043b\\u0435\\u043d\\u0430 \\u0441\\u044b\\u0440\\u043e\\u0432\\u0435\\u0442\\u043d\\u0438\\u043a\",\"order_id\":191}','109.251.117.46','2017-11-05 09:46:37'),(249,44,'forgotten','{\"customer_id\":\"44\",\"name\":\"\\u0413\\u0430\\u043b\\u0438\\u043d\\u0430 \\u041b\\u0438\\u0442\\u0432\\u0438\\u043d\\u043e\\u0432\\u0430\"}','185.228.104.76','2017-11-05 10:11:38'),(250,0,'order_guest','{\"name\":\"\\u0410\\u043d\\u043d\\u0430 \\u041a\\u0430\\u0441\\u044c\\u044f\\u043d\\u0435\\u043d\\u043a\\u043e\",\"order_id\":192}','91.195.91.151','2017-11-05 11:21:39'),(251,0,'order_guest','{\"name\":\"test test\",\"order_id\":193}','194.54.160.9','2017-11-07 15:26:25'),(252,0,'order_guest','{\"name\":\"test test\",\"order_id\":194}','194.54.160.9','2017-11-07 16:30:28'),(253,0,'order_guest','{\"name\":\"\\u0435\\u043b\\u0435\\u043d\\u0430  \\u043c\\u0430\\u043c\\u0435\\u0435\\u0432\\u0430\",\"order_id\":196}','93.78.57.105','2017-11-07 16:48:15'),(254,0,'order_guest','{\"name\":\"\\u042f\\u043d\\u0430 \\u0416\\u043e\\u0432\\u0442\\u0430\\u043d\\u0441\\u043a\\u0430\\u044f\",\"order_id\":197}','95.133.160.236','2017-11-13 06:24:14'),(255,0,'order_guest','{\"name\":\"\\u0421\\u0432\\u0456\\u0442\\u043b\\u0430\\u043d\\u0430 \\u041a\\u0440\\u0443\\u043f\\u043d\\u0438\\u043a\",\"order_id\":198}','176.120.99.202','2017-11-15 21:12:37'),(256,49,'register','{\"customer_id\":49,\"name\":\"\\u0420\\u043e\\u043c\\u0430\\u043d \\u041a\\u0443\\u043b\\u044c\\u043a\\u0438\\u043d\"}','5.248.115.107','2017-11-18 14:29:07'),(257,49,'order_account','{\"customer_id\":\"49\",\"name\":\"\\u0420\\u043e\\u043c\\u0430\\u043d \\u041a\\u0443\\u043b\\u044c\\u043a\\u0438\\u043d\",\"order_id\":199}','5.248.115.107','2017-11-18 14:33:01'),(258,49,'login','{\"customer_id\":\"49\",\"name\":\"\\u0420\\u043e\\u043c\\u0430\\u043d \\u041a\\u0443\\u043b\\u044c\\u043a\\u0438\\u043d\"}','193.200.33.74','2017-11-20 12:19:29'),(259,49,'login','{\"customer_id\":\"49\",\"name\":\"\\u0420\\u043e\\u043c\\u0430\\u043d \\u041a\\u0443\\u043b\\u044c\\u043a\\u0438\\u043d\"}','193.200.33.74','2017-11-20 12:22:53'),(260,49,'edit','{\"customer_id\":\"49\",\"name\":\"\\u0420\\u043e\\u043c\\u0430\\u043d \\u041a\\u0443\\u043b\\u044c\\u043a\\u0438\\u043d\"}','193.200.33.74','2017-11-20 12:24:26'),(261,49,'login','{\"customer_id\":\"49\",\"name\":\"\\u0420\\u043e\\u043c\\u0430\\u043d \\u041a\\u0443\\u043b\\u044c\\u043a\\u0438\\u043d\"}','193.200.33.74','2017-11-20 13:02:04'),(262,49,'order_account','{\"customer_id\":\"49\",\"name\":\"\\u0420\\u043e\\u043c\\u0430\\u043d \\u041a\\u0443\\u043b\\u044c\\u043a\\u0438\\u043d\",\"order_id\":200}','193.200.33.74','2017-11-20 13:02:36'),(263,49,'login','{\"customer_id\":\"49\",\"name\":\"\\u0420\\u043e\\u043c\\u0430\\u043d \\u041a\\u0443\\u043b\\u044c\\u043a\\u0438\\u043d\"}','193.200.33.74','2017-11-20 14:28:18'),(264,38,'login','{\"customer_id\":\"38\",\"name\":\"\\u041a\\u0430\\u0442\\u0435\\u0440\\u0438\\u043d\\u0430  \\u0420\\u0430\\u043c\\u0434\\u043e\\u043d\"}','78.26.130.168','2017-11-20 21:44:09'),(265,38,'order_account','{\"customer_id\":\"38\",\"name\":\"\\u041a\\u0430\\u0442\\u0435\\u0440\\u0438\\u043d\\u0430  \\u0420\\u0430\\u043c\\u0434\\u043e\\u043d\",\"order_id\":201}','78.26.130.168','2017-11-20 21:45:36'),(266,50,'register','{\"customer_id\":50,\"name\":\"\\u0412\\u0430\\u043b\\u0435\\u0440\\u0438\\u044f \\u0412\\u0430\\u043a\\u0443\\u043b\\u0435\\u043d\\u043a\\u043e\"}','84.47.133.6','2017-11-21 11:02:50'),(267,50,'order_account','{\"customer_id\":\"50\",\"name\":\"\\u0412\\u0430\\u043b\\u0435\\u0440\\u0438\\u044f \\u0412\\u0430\\u043a\\u0443\\u043b\\u0435\\u043d\\u043a\\u043e\",\"order_id\":202}','84.47.133.6','2017-11-21 11:06:02'),(268,49,'login','{\"customer_id\":\"49\",\"name\":\"\\u0420\\u043e\\u043c\\u0430\\u043d \\u041a\\u0443\\u043b\\u044c\\u043a\\u0438\\u043d\"}','193.200.33.74','2017-11-21 11:17:07'),(269,0,'order_guest','{\"name\":\"\\u0412\\u0438\\u0442\\u0430\\u043b\\u0438\\u0439 \\u0414\\u044b\\u043a\\u0438\\u043d\",\"order_id\":203}','91.202.108.2','2017-11-22 10:30:36'),(270,51,'register','{\"customer_id\":51,\"name\":\"\\u041c\\u0438\\u0440\\u043e\\u0441\\u043b\\u0430\\u0432\\u0430 \\u0421\\u0443\\u0432\\u043e\\u0440\\u043e\\u0432\\u0430\"}','37.73.209.245','2017-11-25 16:48:25'),(271,51,'order_account','{\"customer_id\":\"51\",\"name\":\"\\u041c\\u0438\\u0440\\u043e\\u0441\\u043b\\u0430\\u0432\\u0430 \\u0421\\u0443\\u0432\\u043e\\u0440\\u043e\\u0432\\u0430\",\"order_id\":204}','37.73.209.245','2017-11-25 16:53:51'),(272,52,'register','{\"customer_id\":52,\"name\":\"\\u0422\\u0430\\u0442\\u044c\\u044f\\u043d\\u0430 \\u041a\\u0443\\u0440\\u0431\\u0435\\u0442\"}','176.37.14.148','2017-11-27 23:40:40'),(273,52,'order_account','{\"customer_id\":\"52\",\"name\":\"\\u0422\\u0430\\u0442\\u044c\\u044f\\u043d\\u0430 \\u041a\\u0443\\u0440\\u0431\\u0435\\u0442\",\"order_id\":205}','176.37.14.148','2017-11-27 23:42:50'),(274,0,'order_guest','{\"name\":\"\\u042f\\u043d\\u0430 \\u0411\\u0435\\u043b\\u043e\\u0443\\u0441\",\"order_id\":206}','77.122.118.84','2017-11-28 10:29:29'),(275,0,'order_guest','{\"name\":\"\\u041c\\u0430\\u0440\\u0438\\u043d\\u0430 \\u041b\\u0443\\u043d\\u0451\\u0432\\u0430 \",\"order_id\":207}','89.19.104.175','2017-12-02 01:18:50'),(276,43,'login','{\"customer_id\":\"43\",\"name\":\"\\u0410\\u043d\\u0434\\u0440\\u0435\\u0439 \\u041f\\u0440\\u044f\\u0434\\u043a\\u0430\"}','176.105.103.90','2017-12-06 12:25:00'),(277,43,'order_account','{\"customer_id\":\"43\",\"name\":\"\\u0410\\u043d\\u0434\\u0440\\u0435\\u0439 \\u041f\\u0440\\u044f\\u0434\\u043a\\u0430\",\"order_id\":208}','176.105.103.90','2017-12-06 12:33:23'),(278,0,'order_guest','{\"name\":\"\\u041e\\u043a\\u0441\\u0430\\u043d\\u0430 \\u041a\\u043e\\u0441\\u0435\\u043d\\u043a\\u043e\",\"order_id\":209}','93.171.64.242','2017-12-08 20:14:02'),(279,0,'order_guest','{\"name\":\"\\u041a\\u0440\\u0438\\u0441\\u0442\\u0438\\u043d\\u0430 \\u041d\\u0435\\u043c\\u0447\\u0438\\u043d\\u043e\\u0432\\u0430\",\"order_id\":210}','176.36.39.216','2017-12-11 00:24:56'),(280,46,'forgotten','{\"customer_id\":\"46\",\"name\":\"\\u041d\\u0430\\u0442\\u0430\\u043b\\u044c\\u044f \\u0412\\u043e\\u0440\\u043e\\u043d\\u0447\\u0443\\u043a\"}','91.200.3.238','2017-12-12 14:45:12'),(281,53,'register','{\"customer_id\":53,\"name\":\"\\u041c\\u0438\\u0440\\u043e\\u0441\\u043b\\u0430\\u0432\\u0430 \\u0421\\u0443\\u0432\\u043e\\u0440\\u043e\\u0432\\u0430\"}','37.73.173.43','2017-12-12 14:51:21'),(282,53,'order_account','{\"customer_id\":\"53\",\"name\":\"\\u041c\\u0438\\u0440\\u043e\\u0441\\u043b\\u0430\\u0432\\u0430 \\u0421\\u0443\\u0432\\u043e\\u0440\\u043e\\u0432\\u0430\",\"order_id\":211}','37.73.173.43','2017-12-12 14:52:29'),(283,54,'register','{\"customer_id\":54,\"name\":\"\\u0421\\u0432\\u0435\\u0442\\u043b\\u0430\\u043d\\u0430  \\u0413\\u043e\\u043d\\u0447\\u0430\\u0440\\u043e\\u0432\\u0430 \"}','79.142.196.151','2017-12-12 16:29:48'),(284,54,'order_account','{\"customer_id\":\"54\",\"name\":\"\\u0421\\u0432\\u0435\\u0442\\u043b\\u0430\\u043d\\u0430  \\u0413\\u043e\\u043d\\u0447\\u0430\\u0440\\u043e\\u0432\\u0430 \",\"order_id\":212}','79.142.196.151','2017-12-12 16:32:00'),(285,54,'edit','{\"customer_id\":\"54\",\"name\":\"\\u0421\\u0432\\u0435\\u0442\\u043b\\u0430\\u043d\\u0430  \\u0413\\u043e\\u043d\\u0447\\u0430\\u0440\\u043e\\u0432\\u0430 \"}','79.142.196.151','2017-12-12 16:33:48'),(286,54,'login','{\"customer_id\":\"54\",\"name\":\"\\u0421\\u0432\\u0435\\u0442\\u043b\\u0430\\u043d\\u0430  \\u0413\\u043e\\u043d\\u0447\\u0430\\u0440\\u043e\\u0432\\u0430 \"}','79.142.196.151','2017-12-12 16:36:25'),(287,46,'forgotten','{\"customer_id\":\"46\",\"name\":\"\\u041d\\u0430\\u0442\\u0430\\u043b\\u044c\\u044f \\u0412\\u043e\\u0440\\u043e\\u043d\\u0447\\u0443\\u043a\"}','91.200.3.238','2017-12-13 10:33:41'),(288,0,'order_guest','{\"name\":\"\\u0422\\u0430\\u0442\\u044c\\u044f\\u043d\\u0430 \\u0410\\u043d\\u0433\\u0435\\u043b\\u043e\\u0432\\u0430 \",\"order_id\":213}','193.160.224.188','2017-12-14 05:03:56'),(289,55,'register','{\"customer_id\":55,\"name\":\"\\u0421\\u0432\\u0435\\u0442\\u043b\\u0430\\u043d\\u0430 \\u0417\\u0430\\u0442\\u0445\\u0435\\u0439\"}','159.203.134.134','2017-12-17 20:07:59'),(290,55,'order_account','{\"customer_id\":\"55\",\"name\":\"\\u0421\\u0432\\u0435\\u0442\\u043b\\u0430\\u043d\\u0430 \\u0417\\u0430\\u0442\\u0445\\u0435\\u0439\",\"order_id\":215}','159.203.134.134','2017-12-17 20:13:41'),(291,0,'order_guest','{\"name\":\"\\u0412\\u0438\\u0442\\u0430\\u043b\\u0438\\u0439 \\u0420\\u044b\\u0431\\u0430\\u0447\\u0435\\u043d\\u043a\\u043e\",\"order_id\":216}','46.211.102.220','2017-12-18 10:52:38'),(292,55,'login','{\"customer_id\":\"55\",\"name\":\"\\u0421\\u0432\\u0435\\u0442\\u043b\\u0430\\u043d\\u0430 \\u0417\\u0430\\u0442\\u0445\\u0435\\u0439\"}','188.166.91.5','2017-12-18 11:28:15'),(293,55,'order_account','{\"customer_id\":\"55\",\"name\":\"\\u0421\\u0432\\u0435\\u0442\\u043b\\u0430\\u043d\\u0430 \\u0417\\u0430\\u0442\\u0445\\u0435\\u0439\",\"order_id\":217}','188.166.91.5','2017-12-18 11:40:46'),(294,56,'register','{\"customer_id\":56,\"name\":\"\\u0415\\u0432\\u0433\\u0435\\u043d\\u0438\\u0439 \\u0412\\u043e\\u043b\\u043a\\u043e\\u0432\"}','46.211.147.62','2017-12-20 15:08:12'),(295,56,'order_account','{\"customer_id\":\"56\",\"name\":\"\\u0415\\u0432\\u0433\\u0435\\u043d\\u0438\\u0439 \\u0412\\u043e\\u043b\\u043a\\u043e\\u0432\",\"order_id\":218}','66.102.9.24','2017-12-20 15:13:04'),(296,57,'register','{\"customer_id\":57,\"name\":\"\\u0410\\u043b\\u0438\\u043d\\u0430  \\u041c\\u0438\\u0440\\u043e\\u0448\\u043d\\u0438\\u0447\\u0435\\u043d\\u043a\\u043e \"}','194.213.120.2','2017-12-23 08:25:51'),(297,57,'order_account','{\"customer_id\":\"57\",\"name\":\"\\u0410\\u043b\\u0438\\u043d\\u0430  \\u041c\\u0438\\u0440\\u043e\\u0448\\u043d\\u0438\\u0447\\u0435\\u043d\\u043a\\u043e \",\"order_id\":219}','194.213.120.2','2017-12-23 08:27:54'),(298,58,'register','{\"customer_id\":58,\"name\":\"\\u043b\\u044e\\u0434\\u043c\\u0438\\u043b\\u0430 \\u043a\\u0430\\u0440\\u043d\\u0430\\u0443\\u0445\"}','46.98.125.150','2017-12-24 17:06:10'),(299,58,'order_account','{\"customer_id\":\"58\",\"name\":\"\\u043b\\u044e\\u0434\\u043c\\u0438\\u043b\\u0430 \\u043a\\u0430\\u0440\\u043d\\u0430\\u0443\\u0445\",\"order_id\":220}','46.98.125.150','2017-12-24 17:08:52'),(300,55,'login','{\"customer_id\":\"55\",\"name\":\"\\u0421\\u0432\\u0435\\u0442\\u043b\\u0430\\u043d\\u0430 \\u0417\\u0430\\u0442\\u0445\\u0435\\u0439\"}','162.243.246.160','2017-12-24 21:22:39'),(301,55,'address_add','{\"customer_id\":\"55\",\"name\":\"\\u0421\\u0432\\u0435\\u0442\\u043b\\u0430\\u043d\\u0430 \\u0417\\u0430\\u0442\\u0445\\u0435\\u0439\"}','162.243.246.160','2017-12-24 21:32:21'),(302,55,'order_account','{\"customer_id\":\"55\",\"name\":\"\\u0421\\u0432\\u0435\\u0442\\u043b\\u0430\\u043d\\u0430 \\u0417\\u0430\\u0442\\u0445\\u0435\\u0439\",\"order_id\":221}','162.243.246.160','2017-12-24 21:32:43'),(303,0,'order_guest','{\"name\":\"\\u041a\\u0440\\u0438\\u0441\\u0442\\u0438\\u043d\\u0430 \\u041d\\u0435\\u043c\\u0447\\u0438\\u043d\\u043e\\u0432\\u0430\",\"order_id\":222}','176.36.39.216','2017-12-25 18:39:49'),(304,27,'forgotten','{\"customer_id\":\"27\",\"name\":\"\\u0413\\u0430\\u043b\\u0438\\u043d\\u0430 \\u041f\\u0440\\u043e\\u0437\\u043e\\u0440\\u044f\"}','193.108.250.117','2017-12-26 09:41:11'),(305,27,'reset','{\"customer_id\":\"27\",\"name\":\"\\u0413\\u0430\\u043b\\u0438\\u043d\\u0430 \\u041f\\u0440\\u043e\\u0437\\u043e\\u0440\\u044f\"}','193.108.250.117','2017-12-26 09:42:49'),(306,27,'login','{\"customer_id\":\"27\",\"name\":\"\\u0413\\u0430\\u043b\\u0438\\u043d\\u0430 \\u041f\\u0440\\u043e\\u0437\\u043e\\u0440\\u044f\"}','193.108.250.117','2017-12-26 09:43:49'),(307,27,'order_account','{\"customer_id\":\"27\",\"name\":\"\\u0413\\u0430\\u043b\\u0438\\u043d\\u0430 \\u041f\\u0440\\u043e\\u0437\\u043e\\u0440\\u044f\",\"order_id\":223}','193.108.250.117','2017-12-26 09:52:20'),(308,58,'login','{\"customer_id\":\"58\",\"name\":\"\\u043b\\u044e\\u0434\\u043c\\u0438\\u043b\\u0430 \\u043a\\u0430\\u0440\\u043d\\u0430\\u0443\\u0445\"}','46.98.125.60','2017-12-26 10:03:39'),(309,27,'login','{\"customer_id\":\"27\",\"name\":\"\\u0413\\u0430\\u043b\\u0438\\u043d\\u0430 \\u041f\\u0440\\u043e\\u0437\\u043e\\u0440\\u044f\"}','217.115.104.72','2017-12-27 20:52:11'),(310,59,'register','{\"customer_id\":59,\"name\":\"\\u041d\\u0430\\u0442\\u0430\\u043b\\u0438\\u044f \\u0411\\u0430\\u0431\\u044f\\u043a\"}','178.54.13.48','2017-12-28 13:02:37'),(311,27,'login','{\"customer_id\":\"27\",\"name\":\"\\u0413\\u0430\\u043b\\u0438\\u043d\\u0430 \\u041f\\u0440\\u043e\\u0437\\u043e\\u0440\\u044f\"}','193.108.250.117','2017-12-29 13:28:21'),(312,27,'edit','{\"customer_id\":\"27\",\"name\":\"\\u0413\\u0430\\u043b\\u0438\\u043d\\u0430 \\u041f\\u0440\\u043e\\u0437\\u043e\\u0440\\u044f\"}','193.108.250.117','2017-12-29 13:29:08'),(313,27,'login','{\"customer_id\":\"27\",\"name\":\"\\u0413\\u0430\\u043b\\u0438\\u043d\\u0430 \\u041f\\u0440\\u043e\\u0437\\u043e\\u0440\\u044f\"}','217.115.107.252','2017-12-29 19:31:02'),(314,27,'login','{\"customer_id\":\"27\",\"name\":\"\\u0413\\u0430\\u043b\\u0438\\u043d\\u0430 \\u041f\\u0440\\u043e\\u0437\\u043e\\u0440\\u044f\"}','217.115.103.150','2017-12-30 21:14:03'),(315,60,'register','{\"customer_id\":60,\"name\":\"Alex Galperin\"}','85.238.104.44','2017-12-31 21:04:13'),(316,60,'order_account','{\"customer_id\":\"60\",\"name\":\"Alex Galperin\",\"order_id\":224}','85.238.104.44','2017-12-31 21:06:22'),(317,60,'forgotten','{\"customer_id\":\"60\",\"name\":\"Alex Galperin\"}','85.238.103.146','2018-01-03 11:14:37'),(318,60,'reset','{\"customer_id\":\"60\",\"name\":\"Alex Galperin\"}','85.238.104.44','2018-01-05 12:55:15'),(319,61,'register','{\"customer_id\":61,\"name\":\"\\u042f\\u043d\\u0430 \\u0411\\u0435\\u043b\\u043e\\u0443\\u0441\"}','77.122.118.84','2018-01-08 21:06:31'),(320,61,'order_account','{\"customer_id\":\"61\",\"name\":\"\\u042f\\u043d\\u0430 \\u0411\\u0435\\u043b\\u043e\\u0443\\u0441\",\"order_id\":225}','77.122.118.84','2018-01-08 21:09:14'),(321,62,'register','{\"customer_id\":62,\"name\":\"\\u0415\\u043b\\u0435\\u043d\\u0430 \\u0411\\u044b\\u0448\\u043e\\u043a\"}','176.97.56.24','2018-01-09 13:09:38'),(322,0,'order_guest','{\"name\":\"\\u0423\\u043b\\u044f\\u043d\\u0430 \\u041e\\u0432\\u0447\\u0430\\u0440\",\"order_id\":227}','92.253.246.105','2018-01-10 10:51:19'),(323,0,'order_guest','{\"name\":\"\\u041d\\u0438\\u043a\\u0430 \\u0421\\u0438\\u0434\\u043e\\u0440\\u0443\\u043a\",\"order_id\":228}','178.120.49.171','2018-01-11 15:10:54'),(324,0,'order_guest','{\"name\":\"\\u0421\\u0432\\u0435\\u0442\\u043b\\u0430\\u043d\\u0430 \\u041a\\u0420\\u0410\\u0412\\u0427\\u0423\\u041a\",\"order_id\":230}','130.180.219.194','2018-01-12 19:28:46'),(325,4,'login','{\"customer_id\":\"4\",\"name\":\"\\u0420\\u0443\\u0441\\u043b\\u0430\\u043d \\u0410\\u043d\\u0430\\u0442\\u043e\\u043b\\u044c\\u0435\\u0432\\u0438\\u0447 \\u0411\\u0430\\u0430\\u0434\\u0436\\u0438\"}','151.0.35.131','2018-01-18 08:58:05'),(326,63,'register','{\"customer_id\":63,\"name\":\"\\u0422\\u0430\\u0442\\u044c\\u044f\\u043d\\u0430  \\u041a\\u043e\\u043b\\u043e\\u043c\\u0438\\u0439\\u0446\\u0435\\u0432\\u0430 \"}','212.90.61.37','2018-01-18 13:08:35'),(327,63,'order_account','{\"customer_id\":\"63\",\"name\":\"\\u0422\\u0430\\u0442\\u044c\\u044f\\u043d\\u0430  \\u041a\\u043e\\u043b\\u043e\\u043c\\u0438\\u0439\\u0446\\u0435\\u0432\\u0430 \",\"order_id\":231}','212.90.61.37','2018-01-18 13:10:04'),(328,24,'login','{\"customer_id\":\"24\",\"name\":\"\\u0412\\u0430\\u0441\\u0438\\u043b\\u0438\\u0439 \\u0422\\u043a\\u0430\\u0447\\u0443\\u043a\"}','37.73.229.151','2018-01-24 17:37:54'),(329,0,'order_guest','{\"name\":\"Oleg Mihailov\",\"order_id\":232}','194.54.160.9','2018-01-25 09:58:12'),(330,64,'register','{\"customer_id\":64,\"name\":\"\\u044f\\u043d\\u0430 \\u043a\\u043e\\u043b\\u043e\\u043c\\u0438\\u0435\\u0446\"}','217.76.207.6','2018-01-29 05:10:13'),(331,0,'order_guest','{\"name\":\"\\u0412\\u043b\\u0430\\u0434\\u0438\\u0441\\u043b\\u0430\\u0432 \\u0418\\u043b\\u044c\\u0447\\u0435\\u043d\\u043a\\u043e\",\"order_id\":233}','193.105.200.212','2018-01-29 19:23:08'),(332,0,'order_guest','{\"name\":\"\\u0412\\u0430\\u043b\\u0435\\u0440\\u0438\\u044f \\u0412\\u0430\\u043a\\u0443\\u043b\\u0435\\u043d\\u043a\\u043e\",\"order_id\":234}','84.47.133.6','2018-02-01 13:01:30'),(333,65,'register','{\"customer_id\":65,\"name\":\"\\u0410\\u043d\\u0442\\u043e\\u043d\\u0438\\u043d\\u0430 \\u041d\\u0438\\u043a\\u043e\\u043b\\u0430\\u0435\\u0432\\u043d\\u0430 \\u0413\\u0440\\u0430\\u043c\\u043c\"}','176.116.82.49','2018-02-02 10:42:38'),(334,0,'order_guest','{\"name\":\"\\u0415\\u043b\\u0435\\u043d\\u0430 \\u041a\\u0440\\u0435\\u0442\\u043e\\u0432\\u0430\",\"order_id\":235}','46.200.193.44','2018-02-03 15:43:39'),(335,4,'login','{\"customer_id\":\"4\",\"name\":\"\\u0420\\u0443\\u0441\\u043b\\u0430\\u043d \\u0410\\u043d\\u0430\\u0442\\u043e\\u043b\\u044c\\u0435\\u0432\\u0438\\u0447 \\u0411\\u0430\\u0430\\u0434\\u0436\\u0438\"}','151.0.20.8','2018-02-04 17:13:09'),(336,65,'login','{\"customer_id\":\"65\",\"name\":\"\\u0410\\u043d\\u0442\\u043e\\u043d\\u0438\\u043d\\u0430 \\u041d\\u0438\\u043a\\u043e\\u043b\\u0430\\u0435\\u0432\\u043d\\u0430 \\u0413\\u0440\\u0430\\u043c\\u043c\"}','176.116.82.44','2018-02-05 11:51:49'),(337,4,'login','{\"customer_id\":\"4\",\"name\":\"\\u0420\\u0443\\u0441\\u043b\\u0430\\u043d \\u0410\\u043d\\u0430\\u0442\\u043e\\u043b\\u044c\\u0435\\u0432\\u0438\\u0447 \\u0411\\u0430\\u0430\\u0434\\u0436\\u0438\"}','151.0.20.8','2018-02-05 19:46:49'),(338,4,'order_account','{\"customer_id\":\"4\",\"name\":\"\\u0420\\u0443\\u0441\\u043b\\u0430\\u043d \\u0410\\u043d\\u0430\\u0442\\u043e\\u043b\\u044c\\u0435\\u0432\\u0438\\u0447 \\u0411\\u0430\\u0430\\u0434\\u0436\\u0438\",\"order_id\":236}','151.0.20.8','2018-02-05 20:03:55'),(339,4,'login','{\"customer_id\":\"4\",\"name\":\"\\u0420\\u0443\\u0441\\u043b\\u0430\\u043d \\u0410\\u043d\\u0430\\u0442\\u043e\\u043b\\u044c\\u0435\\u0432\\u0438\\u0447 \\u0411\\u0430\\u0430\\u0434\\u0436\\u0438\"}','151.0.20.8','2018-02-06 11:08:25'),(340,65,'login','{\"customer_id\":\"65\",\"name\":\"\\u0410\\u043d\\u0442\\u043e\\u043d\\u0438\\u043d\\u0430 \\u041d\\u0438\\u043a\\u043e\\u043b\\u0430\\u0435\\u0432\\u043d\\u0430 \\u0413\\u0440\\u0430\\u043c\\u043c\"}','176.116.82.31','2018-02-06 11:11:07'),(341,0,'order_guest','{\"name\":\"\\u043a\\u0440\\u0438\\u0441\\u0442\\u0438\\u043d\\u0430 \\u043d\\u0438\\u043a\\u0438\\u0442\\u0438\\u043d\\u0430\",\"order_id\":238}','185.17.127.224','2018-02-06 11:14:15'),(342,65,'order_account','{\"customer_id\":\"65\",\"name\":\"\\u0410\\u043d\\u0442\\u043e\\u043d\\u0438\\u043d\\u0430 \\u041d\\u0438\\u043a\\u043e\\u043b\\u0430\\u0435\\u0432\\u043d\\u0430 \\u0413\\u0440\\u0430\\u043c\\u043c\",\"order_id\":240}','176.116.82.31','2018-02-06 11:18:43'),(343,66,'register','{\"customer_id\":66,\"name\":\"\\u042e\\u043b\\u0438\\u044f \\u042f\\u043a\\u0443\\u0448\\u0435\\u0432\\u0430\"}','178.136.119.148','2018-02-07 13:35:56'),(344,66,'order_account','{\"customer_id\":\"66\",\"name\":\"\\u042e\\u043b\\u0438\\u044f \\u042f\\u043a\\u0443\\u0448\\u0435\\u0432\\u0430\",\"order_id\":241}','178.136.119.148','2018-02-07 13:37:51'),(345,4,'login','{\"customer_id\":\"4\",\"name\":\"\\u0420\\u0443\\u0441\\u043b\\u0430\\u043d \\u0410\\u043d\\u0430\\u0442\\u043e\\u043b\\u044c\\u0435\\u0432\\u0438\\u0447 \\u0411\\u0430\\u0430\\u0434\\u0436\\u0438\"}','151.0.20.8','2018-02-07 18:21:49'),(346,0,'order_guest','{\"name\":\"\\u0410\\u043d\\u043d\\u0430 \\u0410\\u043c\\u0431\\u0440\\u043e\\u0441\",\"order_id\":242}','46.133.22.55','2018-02-09 15:37:58'),(347,67,'register','{\"customer_id\":67,\"name\":\"\\u0410\\u043d\\u0430\\u0441\\u0442\\u0430\\u0441\\u0438\\u044f  \\u0410\\u043b\\u0435\\u043a\\u0441\\u0435\\u0435\\u0432\\u043d\\u0430\"}','78.26.151.225','2018-02-13 12:33:19'),(348,67,'edit','{\"customer_id\":\"67\",\"name\":\"\\u0410\\u043d\\u0430\\u0441\\u0442\\u0430\\u0441\\u0438\\u044f  \\u0410\\u043b\\u0435\\u043a\\u0441\\u0435\\u0435\\u0432\\u043d\\u0430\"}','78.26.151.225','2018-02-13 12:35:32'),(349,67,'edit','{\"customer_id\":\"67\",\"name\":\"\\u0410\\u043d\\u0430\\u0441\\u0442\\u0430\\u0441\\u0438\\u044f  \\u0428\\u0435\\u0432\\u0447\\u0443\\u043a\"}','78.26.151.225','2018-02-13 12:36:16'),(350,67,'edit','{\"customer_id\":\"67\",\"name\":\"\\u0410\\u043d\\u0430\\u0441\\u0442\\u0430\\u0441\\u0438\\u044f \\u0410\\u043b\\u0435\\u043a\\u0441\\u0435\\u0435\\u0432\\u043d\\u0430 \\u0428\\u0435\\u0432\\u0447\\u0443\\u043a\"}','78.26.151.225','2018-02-13 12:37:46'),(351,67,'edit','{\"customer_id\":\"67\",\"name\":\"\\u0410\\u043d\\u0430\\u0441\\u0442\\u0430\\u0441\\u0438\\u044f  \\u0428\\u0435\\u0432\\u0447\\u0443\\u043a\"}','78.26.151.225','2018-02-13 12:37:47'),(352,67,'order_account','{\"customer_id\":\"67\",\"name\":\"\\u0410\\u043d\\u0430\\u0441\\u0442\\u0430\\u0441\\u0438\\u044f  \\u0428\\u0435\\u0432\\u0447\\u0443\\u043a\",\"order_id\":243}','78.26.151.225','2018-02-13 12:42:04'),(353,68,'register','{\"customer_id\":68,\"name\":\"\\u0418\\u043d\\u043d\\u0430 \\u0421\\u0443\\u0440\\u043e\\u0432\\u0446\\u0435\\u0432\\u0430\"}','5.254.65.16','2018-02-18 18:13:28'),(354,68,'order_account','{\"customer_id\":\"68\",\"name\":\"\\u0418\\u043d\\u043d\\u0430 \\u0421\\u0443\\u0440\\u043e\\u0432\\u0446\\u0435\\u0432\\u0430\",\"order_id\":244}','5.254.65.16','2018-02-18 18:16:49'),(355,68,'login','{\"customer_id\":\"68\",\"name\":\"\\u0418\\u043d\\u043d\\u0430 \\u0421\\u0443\\u0440\\u043e\\u0432\\u0446\\u0435\\u0432\\u0430\"}','5.254.65.117','2018-02-19 09:47:20'),(356,68,'login','{\"customer_id\":\"68\",\"name\":\"\\u0418\\u043d\\u043d\\u0430 \\u0421\\u0443\\u0440\\u043e\\u0432\\u0446\\u0435\\u0432\\u0430\"}','5.254.65.29','2018-02-20 10:49:59'),(357,69,'register','{\"customer_id\":69,\"name\":\"\\u0415\\u043b\\u0435\\u043d\\u0430 \\u0413\\u0435\\u0440\\u0430\\u0441\\u0438\\u043c\\u043e\\u0432\\u0430\"}','78.26.209.46','2018-02-20 21:04:22'),(358,0,'order_guest','{\"name\":\"\\u042e\\u043b\\u0456\\u044f \\u0421\\u0435\\u0440\\u0433\\u0456\\u0435\\u043d\\u043a\\u043e\",\"order_id\":245}','109.108.82.185','2018-02-21 13:48:57'),(359,70,'register','{\"customer_id\":70,\"name\":\"\\u0410\\u043d\\u043d\\u0430 \\u041d\\u0435\\u043c\\u0430\\u0448\\u043a\\u0430\\u043b\\u043e\"}','178.95.178.74','2018-02-21 14:20:41'),(360,70,'order_account','{\"customer_id\":\"70\",\"name\":\"\\u0410\\u043d\\u043d\\u0430 \\u041d\\u0435\\u043c\\u0430\\u0448\\u043a\\u0430\\u043b\\u043e\",\"order_id\":246}','46.133.9.21','2018-02-21 14:23:03'),(361,65,'login','{\"customer_id\":\"65\",\"name\":\"\\u0410\\u043d\\u0442\\u043e\\u043d\\u0438\\u043d\\u0430 \\u041d\\u0438\\u043a\\u043e\\u043b\\u0430\\u0435\\u0432\\u043d\\u0430 \\u0413\\u0440\\u0430\\u043c\\u043c\"}','176.116.82.44','2018-02-23 11:48:28'),(362,65,'order_account','{\"customer_id\":\"65\",\"name\":\"\\u0410\\u043d\\u0442\\u043e\\u043d\\u0438\\u043d\\u0430 \\u041d\\u0438\\u043a\\u043e\\u043b\\u0430\\u0435\\u0432\\u043d\\u0430 \\u0413\\u0440\\u0430\\u043c\\u043c\",\"order_id\":247}','176.116.82.44','2018-02-23 11:50:54'),(363,71,'register','{\"customer_id\":71,\"name\":\"\\u041d\\u0430\\u0442\\u0430\\u043b\\u044c\\u044f \\u0428\\u0438\\u0448\\u043a\\u043e\"}','46.185.33.1','2018-02-24 00:07:37'),(364,71,'order_account','{\"customer_id\":\"71\",\"name\":\"\\u041d\\u0430\\u0442\\u0430\\u043b\\u044c\\u044f \\u0428\\u0438\\u0448\\u043a\\u043e\",\"order_id\":249}','46.185.33.1','2018-02-24 00:16:07'),(365,71,'login','{\"customer_id\":\"71\",\"name\":\"\\u041d\\u0430\\u0442\\u0430\\u043b\\u044c\\u044f \\u0428\\u0438\\u0448\\u043a\\u043e\"}','46.185.33.1','2018-02-26 09:34:50'),(366,0,'order_guest','{\"name\":\"\\u044f\\u043d\\u0430  \\u043a\\u043e\\u043b\\u043e\\u043c\\u0438\\u0435\\u0446\",\"order_id\":250}','217.76.207.6','2018-02-28 05:00:33'),(367,46,'forgotten','{\"customer_id\":\"46\",\"name\":\"\\u041d\\u0430\\u0442\\u0430\\u043b\\u044c\\u044f \\u0412\\u043e\\u0440\\u043e\\u043d\\u0447\\u0443\\u043a\"}','91.200.3.238','2018-03-02 15:32:34'),(368,46,'reset','{\"customer_id\":\"46\",\"name\":\"\\u041d\\u0430\\u0442\\u0430\\u043b\\u044c\\u044f \\u0412\\u043e\\u0440\\u043e\\u043d\\u0447\\u0443\\u043a\"}','91.200.3.238','2018-03-02 15:35:02'),(369,46,'reset','{\"customer_id\":\"46\",\"name\":\"\\u041d\\u0430\\u0442\\u0430\\u043b\\u044c\\u044f \\u0412\\u043e\\u0440\\u043e\\u043d\\u0447\\u0443\\u043a\"}','91.200.3.238','2018-03-02 21:43:11'),(370,69,'login','{\"customer_id\":\"69\",\"name\":\"\\u0415\\u043b\\u0435\\u043d\\u0430 \\u0413\\u0435\\u0440\\u0430\\u0441\\u0438\\u043c\\u043e\\u0432\\u0430\"}','78.26.209.46','2018-03-04 12:35:01'),(371,69,'address_add','{\"customer_id\":\"69\",\"name\":\"\\u0415\\u043b\\u0435\\u043d\\u0430 \\u0413\\u0435\\u0440\\u0430\\u0441\\u0438\\u043c\\u043e\\u0432\\u0430\"}','78.26.209.46','2018-03-04 12:42:39'),(372,69,'order_account','{\"customer_id\":\"69\",\"name\":\"\\u0415\\u043b\\u0435\\u043d\\u0430 \\u0413\\u0435\\u0440\\u0430\\u0441\\u0438\\u043c\\u043e\\u0432\\u0430\",\"order_id\":251}','78.26.209.46','2018-03-04 12:43:31'),(373,72,'register','{\"customer_id\":72,\"name\":\"\\u0415\\u0432\\u0433\\u0435\\u043d\\u0438\\u0439 \\u0416\\u0438\\u0434\\u0435\\u0435\\u0432\"}','164.127.76.102','2018-03-04 16:21:00'),(374,72,'order_account','{\"customer_id\":\"72\",\"name\":\"\\u0415\\u0432\\u0433\\u0435\\u043d\\u0438\\u0439 \\u0416\\u0438\\u0434\\u0435\\u0435\\u0432\",\"order_id\":253}','164.127.76.102','2018-03-04 16:29:28'),(375,72,'edit','{\"customer_id\":\"72\",\"name\":\"\\u0415\\u0432\\u0433\\u0435\\u043d\\u0438\\u0439 \\u0416\\u0438\\u0434\\u0435\\u0435\\u0432\"}','164.127.76.102','2018-03-04 16:33:38'),(376,72,'edit','{\"customer_id\":\"72\",\"name\":\"\\u0415\\u0432\\u0433\\u0435\\u043d\\u0438\\u0439 \\u0416\\u0438\\u0434\\u0435\\u0435\\u0432\"}','164.127.76.102','2018-03-04 16:42:17'),(377,72,'login','{\"customer_id\":\"72\",\"name\":\"\\u0415\\u0432\\u0433\\u0435\\u043d\\u0438\\u0439 \\u0416\\u0438\\u0434\\u0435\\u0435\\u0432\"}','164.127.76.106','2018-03-04 17:25:22'),(378,73,'register','{\"customer_id\":73,\"name\":\"\\u0417\\u0434\\u0435\\u0441\\u044c http:\\/\\/x0Yjgqu6.com \\u0418 \\u043d\\u0430\\u0432\\u0432\\u0435\\u0440\\u043d\\u043e\\u0435  http:\\/\\/x0Yjgqu6.ru\"}','89.151.179.172','2018-03-05 15:41:20'),(379,46,'forgotten','{\"customer_id\":\"46\",\"name\":\"\\u041d\\u0430\\u0442\\u0430\\u043b\\u044c\\u044f \\u0412\\u043e\\u0440\\u043e\\u043d\\u0447\\u0443\\u043a\"}','91.200.3.238','2018-03-07 14:42:38'),(380,46,'reset','{\"customer_id\":\"46\",\"name\":\"\\u041d\\u0430\\u0442\\u0430\\u043b\\u044c\\u044f \\u0412\\u043e\\u0440\\u043e\\u043d\\u0447\\u0443\\u043a\"}','91.200.3.238','2018-03-11 21:37:30'),(381,46,'forgotten','{\"customer_id\":\"46\",\"name\":\"\\u041d\\u0430\\u0442\\u0430\\u043b\\u044c\\u044f \\u0412\\u043e\\u0440\\u043e\\u043d\\u0447\\u0443\\u043a\"}','91.200.3.238','2018-03-11 21:38:49'),(382,46,'reset','{\"customer_id\":\"46\",\"name\":\"\\u041d\\u0430\\u0442\\u0430\\u043b\\u044c\\u044f \\u0412\\u043e\\u0440\\u043e\\u043d\\u0447\\u0443\\u043a\"}','91.200.3.238','2018-03-11 21:40:39'),(383,46,'reset','{\"customer_id\":\"46\",\"name\":\"\\u041d\\u0430\\u0442\\u0430\\u043b\\u044c\\u044f \\u0412\\u043e\\u0440\\u043e\\u043d\\u0447\\u0443\\u043a\"}','91.200.3.238','2018-03-12 11:58:26'),(384,46,'forgotten','{\"customer_id\":\"46\",\"name\":\"\\u041d\\u0430\\u0442\\u0430\\u043b\\u044c\\u044f \\u0412\\u043e\\u0440\\u043e\\u043d\\u0447\\u0443\\u043a\"}','91.200.3.238','2018-03-12 21:53:04'),(385,46,'reset','{\"customer_id\":\"46\",\"name\":\"\\u041d\\u0430\\u0442\\u0430\\u043b\\u044c\\u044f \\u0412\\u043e\\u0440\\u043e\\u043d\\u0447\\u0443\\u043a\"}','91.200.3.238','2018-03-12 21:54:35'),(386,74,'register','{\"customer_id\":74,\"name\":\"\\u0415\\u043a\\u0430\\u0442\\u0435\\u0440\\u0438\\u043d\\u0430 \\u041e\\u043d\\u0443\\u0444\\u0440\\u0438\\u0435\\u043d\\u043a\\u043e\"}','91.196.95.29','2018-03-13 15:53:03'),(387,74,'order_account','{\"customer_id\":\"74\",\"name\":\"\\u0415\\u043a\\u0430\\u0442\\u0435\\u0440\\u0438\\u043d\\u0430 \\u041e\\u043d\\u0443\\u0444\\u0440\\u0438\\u0435\\u043d\\u043a\\u043e\",\"order_id\":254}','91.196.95.29','2018-03-13 15:54:44'),(388,0,'order_guest','{\"name\":\"\\u0414\\u0435\\u043d\\u0438\\u0441 \\u041c\\u0430\\u0442\\u0432\\u0438\\u0435\\u043d\\u043a\\u043e\",\"order_id\":255}','178.219.88.137','2018-03-15 12:24:39'),(389,0,'order_guest','{\"name\":\"\\u0421\\u0443\\u0445\\u043e\\u0441\\u0442\\u0430\\u0432\\u0446\\u0435\\u0432\\u0430  \\u0412\\u0456\\u0440\\u0430\",\"order_id\":256}','93.75.93.155','2018-03-19 07:17:55'),(390,0,'order_guest','{\"name\":\"\\u0412\\u0438\\u0442\\u0430\\u043b\\u0438\\u0439  \\u0422\\u0430\\u0440\\u0430\\u0431\\u0430\\u0440\\u0430\",\"order_id\":257}','176.108.15.176','2018-03-20 17:08:20'),(391,0,'order_guest','{\"name\":\"\\u0418\\u0440\\u0438\\u043d\\u0430 \\u0429\\u0435\\u0440\\u0431\\u0438\\u043d\\u0438\\u043d\\u0430\",\"order_id\":258}','37.115.56.64','2018-03-20 19:08:03'),(392,69,'login','{\"customer_id\":\"69\",\"name\":\"\\u0415\\u043b\\u0435\\u043d\\u0430 \\u0413\\u0435\\u0440\\u0430\\u0441\\u0438\\u043c\\u043e\\u0432\\u0430\"}','78.26.209.46','2018-03-20 22:17:38'),(393,69,'order_account','{\"customer_id\":\"69\",\"name\":\"\\u0415\\u043b\\u0435\\u043d\\u0430 \\u0413\\u0435\\u0440\\u0430\\u0441\\u0438\\u043c\\u043e\\u0432\\u0430\",\"order_id\":259}','78.26.209.46','2018-03-20 22:18:51'),(394,55,'login','{\"customer_id\":\"55\",\"name\":\"\\u0421\\u0432\\u0435\\u0442\\u043b\\u0430\\u043d\\u0430 \\u0417\\u0430\\u0442\\u0445\\u0435\\u0439\"}','194.176.97.123','2018-03-22 12:53:02'),(395,70,'login','{\"customer_id\":\"70\",\"name\":\"\\u0410\\u043d\\u043d\\u0430 \\u041d\\u0435\\u043c\\u0430\\u0448\\u043a\\u0430\\u043b\\u043e\"}','46.200.218.88','2018-03-26 17:46:11'),(396,0,'order_guest','{\"name\":\"\\u0410\\u043b\\u0435\\u043a\\u0441\\u0435\\u0439 \\u041a\\u043e\\u0437\\u043b\\u043e\\u0432\",\"order_id\":260}','93.79.43.153','2018-03-31 09:04:47'),(397,4,'login','{\"customer_id\":\"4\",\"name\":\"\\u0420\\u0443\\u0441\\u043b\\u0430\\u043d \\u0410\\u043d\\u0430\\u0442\\u043e\\u043b\\u044c\\u0435\\u0432\\u0438\\u0447 \\u0411\\u0430\\u0430\\u0434\\u0436\\u0438\"}','151.0.29.229','2018-04-02 19:56:42'),(398,4,'order_account','{\"customer_id\":\"4\",\"name\":\"\\u0420\\u0443\\u0441\\u043b\\u0430\\u043d \\u0410\\u043d\\u0430\\u0442\\u043e\\u043b\\u044c\\u0435\\u0432\\u0438\\u0447 \\u0411\\u0430\\u0430\\u0434\\u0436\\u0438\",\"order_id\":261}','151.0.29.229','2018-04-02 19:59:42'),(399,0,'order_guest','{\"name\":\"\\u042f\\u043d\\u0430 \\u0411\\u0435\\u043b\\u043e\\u0443\\u0441\",\"order_id\":263}','77.122.118.84','2018-04-06 22:55:21'),(400,65,'forgotten','{\"customer_id\":\"65\",\"name\":\"\\u0410\\u043d\\u0442\\u043e\\u043d\\u0438\\u043d\\u0430 \\u041d\\u0438\\u043a\\u043e\\u043b\\u0430\\u0435\\u0432\\u043d\\u0430 \\u0413\\u0440\\u0430\\u043c\\u043c\"}','176.116.82.23','2018-04-17 15:20:29'),(401,65,'reset','{\"customer_id\":\"65\",\"name\":\"\\u0410\\u043d\\u0442\\u043e\\u043d\\u0438\\u043d\\u0430 \\u041d\\u0438\\u043a\\u043e\\u043b\\u0430\\u0435\\u0432\\u043d\\u0430 \\u0413\\u0440\\u0430\\u043c\\u043c\"}','176.116.82.23','2018-04-17 15:22:06'),(402,65,'forgotten','{\"customer_id\":\"65\",\"name\":\"\\u0410\\u043d\\u0442\\u043e\\u043d\\u0438\\u043d\\u0430 \\u041d\\u0438\\u043a\\u043e\\u043b\\u0430\\u0435\\u0432\\u043d\\u0430 \\u0413\\u0440\\u0430\\u043c\\u043c\"}','176.116.82.23','2018-04-17 15:25:22'),(403,65,'reset','{\"customer_id\":\"65\",\"name\":\"\\u0410\\u043d\\u0442\\u043e\\u043d\\u0438\\u043d\\u0430 \\u041d\\u0438\\u043a\\u043e\\u043b\\u0430\\u0435\\u0432\\u043d\\u0430 \\u0413\\u0440\\u0430\\u043c\\u043c\"}','176.116.82.23','2018-04-17 15:26:18'),(404,65,'reset','{\"customer_id\":\"65\",\"name\":\"\\u0410\\u043d\\u0442\\u043e\\u043d\\u0438\\u043d\\u0430 \\u041d\\u0438\\u043a\\u043e\\u043b\\u0430\\u0435\\u0432\\u043d\\u0430 \\u0413\\u0440\\u0430\\u043c\\u043c\"}','176.116.82.23','2018-04-17 15:29:25'),(405,0,'order_guest','{\"name\":\"\\u0410\\u043d\\u0442\\u043e\\u043d\\u0438\\u043d\\u0430 \\u041d\\u0438\\u043a\\u043e\\u043b\\u0430\\u0435\\u0432\\u043d\\u0430 \\u0413\\u0440\\u0430\\u043c\\u043c\",\"order_id\":265}','176.116.82.23','2018-04-17 15:41:42'),(406,75,'register','{\"customer_id\":75,\"name\":\"\\u041f\\u0430\\u0432\\u0435\\u043b \\u0425\\u0443\\u0434\\u044f\\u043a\\u043e\\u0432\"}','37.52.28.194','2018-04-19 13:44:51'),(407,0,'order_guest','{\"name\":\"\\u0415\\u043b\\u0435\\u043d\\u0430 \\u041b\\u0430\\u0441\\u043a\\u0430\",\"order_id\":266}','66.102.9.24','2018-04-22 11:41:57'),(408,0,'order_guest','{\"name\":\"\\u0422\\u0430\\u0442\\u044c\\u044f\\u043d\\u0430 \\u041f\\u0440\\u044f\\u0434\\u043a\\u0430\",\"order_id\":268}','212.90.62.251','2018-04-26 13:17:40'),(409,75,'login','{\"customer_id\":\"75\",\"name\":\"\\u041f\\u0430\\u0432\\u0435\\u043b \\u0425\\u0443\\u0434\\u044f\\u043a\\u043e\\u0432\"}','46.133.188.223','2018-04-27 11:39:36'),(410,0,'order_guest','{\"name\":\"\\u042e\\u043b\\u0438\\u044f \\u0418\\u0433\\u043d\\u0430\\u0442\\u0435\\u043d\\u043a\\u043e\",\"order_id\":269}','78.26.151.98','2018-04-29 13:50:07'),(411,0,'order_guest','{\"name\":\"\\u0415\\u043b\\u0435\\u043d\\u0430 \\u0421\\u0430\\u0432\\u0435\\u043b\\u044c\\u0435\\u0432\\u0430\",\"order_id\":270}','139.59.43.54','2018-05-01 12:15:14'),(412,76,'register','{\"customer_id\":76,\"name\":\"\\u042e\\u043b\\u0438\\u044f  \\u0421\\u0432\\u0438\\u0440\\u0438\\u0434\\u0435\\u043d\\u043a\\u043e \"}','193.200.32.183','2018-05-03 12:05:14'),(413,76,'address_add','{\"customer_id\":\"76\",\"name\":\"\\u042e\\u043b\\u0438\\u044f  \\u0421\\u0432\\u0438\\u0440\\u0438\\u0434\\u0435\\u043d\\u043a\\u043e \"}','193.200.32.183','2018-05-03 12:06:56'),(414,76,'order_account','{\"customer_id\":\"76\",\"name\":\"\\u042e\\u043b\\u0438\\u044f  \\u0421\\u0432\\u0438\\u0440\\u0438\\u0434\\u0435\\u043d\\u043a\\u043e \",\"order_id\":271}','193.200.32.183','2018-05-03 12:07:20'),(415,77,'register','{\"customer_id\":77,\"name\":\"\\u041d\\u0430\\u0442\\u0430\\u043b\\u0438\\u044f \\u0414\\u0438\\u0445\\u0442\\u044f\\u0440\\u0435\\u043d\\u043a\\u043e\"}','93.72.196.98','2018-05-09 22:35:40'),(416,77,'order_account','{\"customer_id\":\"77\",\"name\":\"\\u041d\\u0430\\u0442\\u0430\\u043b\\u0438\\u044f \\u0414\\u0438\\u0445\\u0442\\u044f\\u0440\\u0435\\u043d\\u043a\\u043e\",\"order_id\":272}','93.72.196.98','2018-05-09 22:37:40'),(417,0,'order_guest','{\"name\":\"\\u041a\\u0440\\u0438\\u0441\\u0442\\u0438\\u043d\\u0430 \\u041d\\u0438\\u043a\\u0438\\u0442\\u0438\\u043d\\u0430\",\"order_id\":273}','93.178.253.198','2018-05-10 20:37:14'),(418,78,'register','{\"customer_id\":78,\"name\":\"\\u0422\\u0435\\u0442\\u044f\\u043d\\u0430 \\u0420\\u0443\\u0434\\u0430\"}','46.63.61.138','2018-05-12 08:20:18'),(419,78,'order_account','{\"customer_id\":\"78\",\"name\":\"\\u0422\\u0435\\u0442\\u044f\\u043d\\u0430 \\u0420\\u0443\\u0434\\u0430\",\"order_id\":274}','46.63.61.138','2018-05-12 08:39:58'),(420,0,'order_guest','{\"name\":\"\\u041d\\u0438\\u043a\\u043e\\u043b\\u0430\\u0439 \\u0428\\u0442\\u0435\\u043b\\u044c\\u043c\\u0430\\u0445\",\"order_id\":275}','46.211.4.17','2018-05-13 21:45:31'),(421,0,'order_guest','{\"name\":\"\\u041d\\u0438\\u043a\\u043e\\u043b\\u0430\\u0439 \\u0428\\u0442\\u0435\\u043b\\u044c\\u043c\\u0430\\u0445 \",\"order_id\":276}','46.211.100.249','2018-05-14 13:19:43'),(422,0,'order_guest','{\"name\":\"\\u0410\\u043b\\u0435\\u043a\\u0441\\u0430\\u043d\\u0434\\u0440 \\u0421\\u0438\\u0434\\u043e\\u0440\\u0435\\u043d\\u043a\\u043e\",\"order_id\":277}','78.154.171.178','2018-05-14 19:35:15'),(423,79,'register','{\"customer_id\":79,\"name\":\"\\u0412\\u0430\\u043b\\u0435\\u0440\\u0438\\u044f \\u0417\\u0430\\u0439\\u0432\\u0435\\u043d\\u043a\\u043e\"}','185.228.107.63','2018-05-20 22:20:42'),(424,79,'order_account','{\"customer_id\":\"79\",\"name\":\"\\u0412\\u0430\\u043b\\u0435\\u0440\\u0438\\u044f \\u0417\\u0430\\u0439\\u0432\\u0435\\u043d\\u043a\\u043e\",\"order_id\":278}','185.228.107.63','2018-05-20 22:22:58'),(425,80,'register','{\"customer_id\":80,\"name\":\"Sara Williams\"}','185.5.249.220','2018-05-21 11:08:04'),(426,0,'order_guest','{\"name\":\"\\u0422\\u0430\\u0442\\u044c\\u044f\\u043d\\u0430 \\u041a\\u0430\\u0442\\u0435\\u0440\\u0435\\u043d\\u0447\\u0443\\u043a\",\"order_id\":280}','194.54.163.95','2018-05-23 11:52:17'),(427,0,'order_guest','{\"name\":\"\\u0412\\u043b\\u0430\\u0434\\u0438\\u043b\\u0435\\u043d\\u0430 \\u0417\\u0430\\u0431\\u043e\\u043b\\u043e\\u0442\\u043d\\u0430\\u044f\",\"order_id\":281}','66.102.9.28','2018-05-25 09:12:06'),(428,0,'order_guest','{\"name\":\"\\u0418\\u0440\\u0438\\u043d\\u0430 \\u0417\\u0430\\u043d\\u043a\\u043e\\u0432\\u0438\\u0447\",\"order_id\":282}','31.31.114.179','2018-05-28 09:47:54'),(429,0,'order_guest','{\"name\":\"\\u0422\\u0430\\u0442\\u044c\\u044f\\u043d\\u0430 \\u0414\\u0443\\u043d\\u0430\\u0435\\u0432\\u0430\",\"order_id\":283}','176.119.67.92','2018-05-28 21:17:13'),(430,81,'register','{\"customer_id\":81,\"name\":\"\\u0415\\u043b\\u0435\\u043d\\u0430 \\u041c\\u0438\\u0440\\u043e\\u0441\\u043b\\u0430\\u0432\\u043e\\u0432\\u043d\\u0430 \\u0414\\u043e\\u0434\\u043e\\u0441\\u0435\\u0432\\u0430\"}','194.48.209.198','2018-05-30 19:52:59'),(431,81,'order_account','{\"customer_id\":\"81\",\"name\":\"\\u0415\\u043b\\u0435\\u043d\\u0430 \\u041c\\u0438\\u0440\\u043e\\u0441\\u043b\\u0430\\u0432\\u043e\\u0432\\u043d\\u0430 \\u0414\\u043e\\u0434\\u043e\\u0441\\u0435\\u0432\\u0430\",\"order_id\":284}','194.48.209.198','2018-05-30 19:54:01'),(432,0,'order_guest','{\"name\":\"\\u0410\\u043b\\u0435\\u043a\\u0441\\u0430\\u043d\\u0434\\u0440  \\u0417\\u0430\\u043c\\u043a\\u043e\\u0432\\u043e\\u0439\",\"order_id\":285}','188.130.176.251','2018-05-30 23:30:58'),(433,0,'order_guest','{\"name\":\"\\u0414\\u043c\\u0438\\u0442\\u0440\\u0438\\u0439 \\u0411\\u0456\\u0432\\u043e\\u0439\\u043d\",\"order_id\":286}','212.79.122.69','2018-06-03 14:12:03'),(434,4,'login','{\"customer_id\":\"4\",\"name\":\"\\u0420\\u0443\\u0441\\u043b\\u0430\\u043d \\u0410\\u043d\\u0430\\u0442\\u043e\\u043b\\u044c\\u0435\\u0432\\u0438\\u0447 \\u0411\\u0430\\u0430\\u0434\\u0436\\u0438\"}','151.0.45.165','2018-06-04 18:40:10'),(435,4,'edit','{\"customer_id\":\"4\",\"name\":\"\\u0420\\u0443\\u0441\\u043b\\u0430\\u043d \\u0410\\u043d\\u0430\\u0442\\u043e\\u043b\\u044c\\u0435\\u0432\\u0438\\u0447 \\u0411\\u0430\\u0430\\u0434\\u0436\\u0438\"}','151.0.45.165','2018-06-04 18:40:34'),(436,4,'address_add','{\"customer_id\":\"4\",\"name\":\"\\u0420\\u0443\\u0441\\u043b\\u0430\\u043d \\u0410\\u043d\\u0430\\u0442\\u043e\\u043b\\u044c\\u0435\\u0432\\u0438\\u0447 \\u0411\\u0430\\u0430\\u0434\\u0436\\u0438\"}','151.0.45.165','2018-06-04 18:43:40'),(437,4,'order_account','{\"customer_id\":\"4\",\"name\":\"\\u0420\\u0443\\u0441\\u043b\\u0430\\u043d \\u0410\\u043d\\u0430\\u0442\\u043e\\u043b\\u044c\\u0435\\u0432\\u0438\\u0447 \\u0411\\u0430\\u0430\\u0434\\u0436\\u0438\",\"order_id\":287}','151.0.45.165','2018-06-04 18:45:21'),(438,0,'order_guest','{\"name\":\"\\u0412\\u0430\\u043b\\u0435\\u043d\\u0442\\u0438\\u043d\\u0430 \\u041a\\u043e\\u0432\\u0442\\u0443\\u043d\",\"order_id\":288}','66.102.9.26','2018-06-07 11:13:22'),(439,0,'order_guest','{\"name\":\"\\u0410\\u043b\\u0451\\u043d\\u0430  \\u041a\\u0443\\u0440\\u0433\\u0430\\u043d\\u0441\\u043a\\u0430\\u044f \",\"order_id\":289}','195.3.130.23','2018-06-08 00:19:53'),(440,0,'order_guest','{\"name\":\"\\u0410\\u043b\\u043b\\u0430 \\u041a\\u0440\\u0438\\u043b\\u044c\",\"order_id\":290}','31.3.192.16','2018-06-11 16:52:02'),(441,65,'forgotten','{\"customer_id\":\"65\",\"name\":\"\\u0410\\u043d\\u0442\\u043e\\u043d\\u0438\\u043d\\u0430 \\u041d\\u0438\\u043a\\u043e\\u043b\\u0430\\u0435\\u0432\\u043d\\u0430 \\u0413\\u0440\\u0430\\u043c\\u043c\"}','176.116.82.7','2018-06-13 12:06:14'),(442,65,'reset','{\"customer_id\":\"65\",\"name\":\"\\u0410\\u043d\\u0442\\u043e\\u043d\\u0438\\u043d\\u0430 \\u041d\\u0438\\u043a\\u043e\\u043b\\u0430\\u0435\\u0432\\u043d\\u0430 \\u0413\\u0440\\u0430\\u043c\\u043c\"}','176.116.82.7','2018-06-13 12:07:56'),(443,65,'forgotten','{\"customer_id\":\"65\",\"name\":\"\\u0410\\u043d\\u0442\\u043e\\u043d\\u0438\\u043d\\u0430 \\u041d\\u0438\\u043a\\u043e\\u043b\\u0430\\u0435\\u0432\\u043d\\u0430 \\u0413\\u0440\\u0430\\u043c\\u043c\"}','176.116.82.7','2018-06-13 12:10:46'),(444,65,'reset','{\"customer_id\":\"65\",\"name\":\"\\u0410\\u043d\\u0442\\u043e\\u043d\\u0438\\u043d\\u0430 \\u041d\\u0438\\u043a\\u043e\\u043b\\u0430\\u0435\\u0432\\u043d\\u0430 \\u0413\\u0440\\u0430\\u043c\\u043c\"}','176.116.82.7','2018-06-13 12:11:37'),(445,65,'reset','{\"customer_id\":\"65\",\"name\":\"\\u0410\\u043d\\u0442\\u043e\\u043d\\u0438\\u043d\\u0430 \\u041d\\u0438\\u043a\\u043e\\u043b\\u0430\\u0435\\u0432\\u043d\\u0430 \\u0413\\u0440\\u0430\\u043c\\u043c\"}','176.116.82.7','2018-06-13 12:14:10'),(446,0,'order_guest','{\"name\":\"\\u041d\\u0430\\u0442\\u0430\\u043b\\u0438\\u044f \\u0421\\u0442\\u0435\\u043f\\u0430\\u043d\\u0435\\u0446\\u044c\",\"order_id\":291}','195.66.79.242','2018-06-15 12:00:46'),(447,82,'register','{\"customer_id\":82,\"name\":\"\\u041e\\u043b\\u044c\\u0433\\u0430 \\u0412\\u0430\\u043b\\u0435\\u0440\\u044c\\u0435\\u0432\\u043d\\u0430 \\u0414\\u044c\\u044f\\u0447\\u0435\\u043d\\u043a\\u043e\"}','91.196.95.242','2018-06-19 08:26:46'),(448,0,'order_guest','{\"name\":\"\\u0421\\u0432\\u0435\\u0442\\u043b\\u0430\\u043d\\u0430 \\u041a\\u0440\\u0430\\u0432\\u0447\\u0443\\u043a\",\"order_id\":292}','46.133.198.30','2018-06-21 10:13:24'),(449,0,'order_guest','{\"name\":\"\\u041e\\u043a\\u0441\\u0430\\u043d\\u0430 \\u0421\\u043a\\u0440\\u0438\\u043f\\u043d\\u0438\\u043a\",\"order_id\":293}','37.73.245.162','2018-06-25 11:17:47'),(450,0,'order_guest','{\"name\":\"\\u0422\\u0430\\u0442\\u044c\\u044f\\u043d\\u0430 \\u0413\\u043e\\u043b\\u043e\\u0432\\u043a\\u043e\",\"order_id\":294}','176.122.100.229','2018-06-30 09:33:27'),(451,83,'register','{\"customer_id\":83,\"name\":\"\\u0410\\u043b\\u043b\\u0430 \\u041a\\u0440\\u0438\\u043b\\u044c\"}','31.3.192.16','2018-07-02 12:16:00'),(452,83,'order_account','{\"customer_id\":\"83\",\"name\":\"\\u0410\\u043b\\u043b\\u0430 \\u041a\\u0440\\u0438\\u043b\\u044c\",\"order_id\":295}','31.3.192.16','2018-07-02 12:22:18'),(453,69,'login','{\"customer_id\":\"69\",\"name\":\"\\u0415\\u043b\\u0435\\u043d\\u0430 \\u0413\\u0435\\u0440\\u0430\\u0441\\u0438\\u043c\\u043e\\u0432\\u0430\"}','176.119.88.39','2018-07-02 15:55:17'),(454,69,'order_account','{\"customer_id\":\"69\",\"name\":\"\\u0415\\u043b\\u0435\\u043d\\u0430 \\u0413\\u0435\\u0440\\u0430\\u0441\\u0438\\u043c\\u043e\\u0432\\u0430\",\"order_id\":297}','176.119.88.39','2018-07-02 15:58:07'),(455,0,'order_guest','{\"name\":\"\\u0422\\u0430\\u0442\\u044c\\u044f\\u043d\\u0430  \\u041c\\u043e\\u0441\\u0438\\u043d\\u0430\",\"order_id\":298}','178.159.215.233','2018-07-04 10:14:20'),(456,84,'register','{\"customer_id\":84,\"name\":\"\\u044e\\u043b\\u0438\\u044f \\u0441\\u0435\\u043d\\u044c\\u043a\\u0438\\u043d\\u0430\"}','185.22.16.99','2018-07-04 19:48:22'),(457,84,'order_account','{\"customer_id\":\"84\",\"name\":\"\\u044e\\u043b\\u0438\\u044f \\u0441\\u0435\\u043d\\u044c\\u043a\\u0438\\u043d\\u0430\",\"order_id\":299}','185.22.16.99','2018-07-04 19:51:53'),(458,0,'order_guest','{\"name\":\"\\u0410\\u043b\\u0451\\u043d\\u0430  \\u041a\\u0443\\u0440\\u0433\\u0430\\u043d\\u0441\\u043a\\u0430\\u044f \",\"order_id\":300}','195.3.130.23','2018-07-11 08:17:23'),(459,85,'register','{\"customer_id\":85,\"name\":\"\\u0415\\u043b\\u0435\\u043d\\u0430 \\u041a\\u0443\\u0434\\u0440\\u044f\\u0448\\u043e\\u0432\\u0430\"}','188.0.69.42','2018-07-15 17:34:50'),(460,85,'order_account','{\"customer_id\":\"85\",\"name\":\"\\u0415\\u043b\\u0435\\u043d\\u0430 \\u041a\\u0443\\u0434\\u0440\\u044f\\u0448\\u043e\\u0432\\u0430\",\"order_id\":301}','188.0.69.42','2018-07-15 17:36:09'),(461,0,'order_guest','{\"name\":\"\\u041d\\u0430\\u0442\\u0430\\u043b\\u0438\\u044f \\u041f\\u0430\\u043b\\u0435\\u0445\\u0430\",\"order_id\":302}','194.44.236.49','2018-07-15 17:38:34'),(462,0,'order_guest','{\"name\":\"\\u0412\\u0430\\u0441\\u0438\\u043b\\u044c  \\u041b\\u0430\\u0432\\u0440\\u0456\\u0432\",\"order_id\":303}','188.163.4.124','2018-07-16 07:44:22'),(463,86,'register','{\"customer_id\":86,\"name\":\"Vasil Lavriv\"}','188.163.4.124','2018-07-16 07:46:06'),(464,86,'address_add','{\"customer_id\":\"86\",\"name\":\"Vasil Lavriv\"}','188.163.4.124','2018-07-16 07:48:44'),(465,86,'order_account','{\"customer_id\":\"86\",\"name\":\"Vasil Lavriv\",\"order_id\":305}','188.163.4.124','2018-07-16 07:49:08'),(466,0,'order_guest','{\"name\":\"\\u0421\\u0430\\u043b\\u0438\\u0439 \\u0410\\u043b\\u043b\\u0430\",\"order_id\":306}','95.134.212.139','2018-07-17 14:01:55'),(467,0,'order_guest','{\"name\":\"\\u0412\\u0438\\u043a\\u0442\\u043e\\u0440\\u0438\\u044f \\u041b\\u043e\\u0439\",\"order_id\":307}','188.191.144.143','2018-07-17 14:03:39'),(468,0,'order_guest','{\"name\":\"\\u041c\\u0438\\u0445\\u0430\\u0438\\u043b \\u0417\\u044b\\u043a\\u043e\\u0432\\u0441\\u043a\\u0438\\u0439\",\"order_id\":309}','95.108.141.74','2018-07-20 11:37:57'),(469,0,'order_guest','{\"name\":\"\\u0410\\u043b\\u0435\\u043d\\u0430 \\u0413\\u0435\\u0434\\u0437\\u0435\\u043d\\u043a\\u043e\",\"order_id\":311}','185.145.105.136','2018-07-20 20:24:26'),(470,87,'register','{\"customer_id\":87,\"name\":\"\\u043e\\u043a\\u0441\\u0430\\u043d\\u0430 \\u044f\\u0446\\u0456\\u0432\"}','46.211.100.55','2018-07-30 13:06:36'),(471,87,'order_account','{\"customer_id\":\"87\",\"name\":\"\\u043e\\u043a\\u0441\\u0430\\u043d\\u0430 \\u044f\\u0446\\u0456\\u0432\",\"order_id\":312}','46.211.100.55','2018-07-30 13:27:12'),(472,87,'login','{\"customer_id\":\"87\",\"name\":\"\\u043e\\u043a\\u0441\\u0430\\u043d\\u0430 \\u044f\\u0446\\u0456\\u0432\"}','46.211.133.101','2018-07-30 18:55:13'),(473,0,'order_guest','{\"name\":\"\\u041f\\u0435\\u0442\\u0440 \\u0421\\u0432\\u0438\\u0440\\u0438\\u0434\\u043e\\u0432\",\"order_id\":313}','46.211.40.16','2018-07-31 12:45:29'),(474,0,'order_guest','{\"name\":\"\\u041d\\u0430\\u0442\\u0430\\u043b\\u044c\\u044f \\u0428\\u0438\\u0442\\u043e\\u0432\\u0430\",\"order_id\":314}','212.79.122.70','2018-07-31 17:37:47'),(475,0,'order_guest','{\"name\":\"\\u0412\\u0438\\u043a\\u0442\\u043e\\u0440\\u0438\\u044f \\u041a\\u043e\\u0436\\u0435\\u043c\\u044f\\u043a\\u0430\",\"order_id\":315}','176.105.197.45','2018-08-03 09:45:22'),(476,0,'order_guest','{\"name\":\"\\u0414\\u043c\\u0438\\u0442\\u0440\\u0438\\u0439 \\u041a\\u0440\\u0438\\u0446\\u043a\\u0438\\u0439\",\"order_id\":316}','176.119.105.188','2018-08-03 18:01:24'),(477,0,'order_guest','{\"name\":\"\\u041c\\u0430\\u043a\\u0441\\u0438\\u043c \\u041e\\u043b\\u0435\\u043a\\u0441\\u0430\\u043d\\u0434\\u0440\\u043e\\u0432\\u0438\\u0447\",\"order_id\":317}','46.211.122.143','2018-08-04 15:03:44'),(478,0,'order_guest','{\"name\":\"\\u0421\\u0435\\u0440\\u0433\\u0435\\u0439 Demchenko\",\"order_id\":318}','66.249.81.12','2018-08-05 11:51:53'),(479,0,'order_guest','{\"name\":\"\\u0410\\u043d\\u0442\\u043e\\u043d\\u0438\\u043d\\u0430 \\u0418\\u0432\\u0430\\u043d\\u0435\\u043d\\u043a\\u043e\",\"order_id\":319}','85.238.101.65','2018-08-06 16:14:17'),(480,15,'login','{\"customer_id\":\"15\",\"name\":\"\\u0435\\u043b\\u0435\\u043d\\u0430 \\u0441\\u044b\\u0440\\u043e\\u0432\\u0435\\u0442\\u043d\\u0438\\u043a\"}','109.251.117.46','2018-08-07 17:28:19'),(481,15,'address_add','{\"customer_id\":\"15\",\"name\":\"\\u0435\\u043b\\u0435\\u043d\\u0430 \\u0441\\u044b\\u0440\\u043e\\u0432\\u0435\\u0442\\u043d\\u0438\\u043a\"}','109.251.117.46','2018-08-07 17:29:32'),(482,15,'order_account','{\"customer_id\":\"15\",\"name\":\"\\u0435\\u043b\\u0435\\u043d\\u0430 \\u0441\\u044b\\u0440\\u043e\\u0432\\u0435\\u0442\\u043d\\u0438\\u043a\",\"order_id\":320}','109.251.117.46','2018-08-07 17:30:06'),(483,88,'register','{\"customer_id\":88,\"name\":\"\\u0422\\u0430\\u0442\\u044c\\u044f\\u043d\\u0430 \\u041c\\u0430\\u0441\\u044e\\u0442\\u0430\"}','178.54.144.237','2018-08-09 11:51:12'),(484,0,'order_guest','{\"name\":\"\\u0422\\u0430\\u0442\\u044c\\u044f\\u043d\\u0430 \\u0413\\u043e\\u043b\\u043e\\u0432\\u043a\\u043e\",\"order_id\":321}','176.122.100.101','2018-08-14 14:50:31'),(485,0,'order_guest','{\"name\":\"\\u041f\\u0430\\u0432\\u0435\\u043b \\u0412\\u0430\\u0441\\u0438\\u043b\\u044c\\u0435\\u0432\",\"order_id\":322}','94.74.96.241','2018-08-17 01:39:06'),(486,89,'register','{\"customer_id\":89,\"name\":\"\\u0438\\u0440\\u0438\\u043d\\u0430 \\u0434\\u0440\\u043e\\u0437\\u0434\\u043e\\u0432\\u0430\"}','188.163.40.73','2018-08-17 16:43:41'),(487,89,'order_account','{\"customer_id\":\"89\",\"name\":\"\\u0438\\u0440\\u0438\\u043d\\u0430 \\u0434\\u0440\\u043e\\u0437\\u0434\\u043e\\u0432\\u0430\",\"order_id\":323}','188.163.40.73','2018-08-17 16:55:28'),(488,0,'order_guest','{\"name\":\"\\u0415\\u043b\\u0435\\u043d\\u0430  \\u0414\\u043c\\u0438\\u0442\\u0440\\u0438\\u0435\\u0432\\u0430\",\"order_id\":324}','66.102.9.142','2018-08-18 14:46:24'),(489,90,'register','{\"customer_id\":90,\"name\":\"\\u0422\\u0430\\u0442\\u044c\\u044f\\u043d\\u0430 \\u0414\\u0435\\u043c\\u0443\\u0448\"}','5.248.113.133','2018-08-19 15:07:32'),(490,0,'order_guest','{\"name\":\"\\u042e\\u043b\\u0438\\u044f \\u0428\\u0430\\u043f\\u043e\\u0432\\u0430\\u043b\\u043e\\u0432\\u0430\",\"order_id\":325}','192.162.115.78','2018-08-20 09:04:15'),(491,90,'login','{\"customer_id\":\"90\",\"name\":\"\\u0422\\u0430\\u0442\\u044c\\u044f\\u043d\\u0430 \\u0414\\u0435\\u043c\\u0443\\u0448\"}','5.248.113.133','2018-08-21 12:29:06'),(492,0,'order_guest','{\"name\":\"\\u041d\\u0430\\u0442\\u0430\\u043b\\u044c\\u044f \\u0417\\u0435\\u043c\\u043b\\u044f\\u043a\",\"order_id\":326}','91.124.30.60','2018-08-24 17:20:33'),(493,91,'register','{\"customer_id\":91,\"name\":\"\\u0413\\u0430\\u043b\\u0438\\u043d\\u0430 \\u041e\\u0440\\u043b\\u043e\\u0432\\u0430\"}','195.191.25.194','2018-08-30 06:03:08'),(494,91,'order_account','{\"customer_id\":\"91\",\"name\":\"\\u0413\\u0430\\u043b\\u0438\\u043d\\u0430 \\u041e\\u0440\\u043b\\u043e\\u0432\\u0430\",\"order_id\":327}','195.191.25.194','2018-08-30 06:11:10'),(495,0,'order_guest','{\"name\":\"\\u044e\\u043b\\u0438\\u044f \\u043b\\u0430\\u0432\\u0440\\u0438\\u043d\\u0435\\u043d\\u043a\\u043e\",\"order_id\":328}','31.135.142.32','2018-08-31 16:24:01'),(496,0,'order_guest','{\"name\":\"\\u0410\\u043b\\u0435\\u043a\\u0441\\u0430\\u043d\\u0434\\u0440 \\u0425\\u0430\\u0440\\u0447\\u0435\\u043d\\u043a\\u043e\",\"order_id\":329}','91.207.245.194','2018-09-01 21:48:45'),(497,0,'order_guest','{\"name\":\"\\u0422\\u0430\\u0442\\u044c\\u044f\\u043d\\u0430 \\u041c\\u0430\\u043a\\u0435\\u0435\\u0432\\u0430\",\"order_id\":331}','93.77.117.211','2018-09-03 23:31:05'),(498,0,'order_guest','{\"name\":\"\\u042e\\u0440\\u0438\\u0439 \\u0420\\u0438\\u0437\\u0432\\u0430\\u043d\\u043e\\u0432\",\"order_id\":332}','217.19.209.247','2018-09-04 12:41:04'),(499,92,'register','{\"customer_id\":92,\"name\":\"\\u042e\\u043b\\u0438\\u044f \\u0411\\u0443\\u0440\\u0441\\u0430\\u043a\\u043e\\u0432\\u0441\\u043a\\u0430\\u044f\"}','217.19.208.98','2018-09-04 13:39:55'),(500,92,'order_account','{\"customer_id\":\"92\",\"name\":\"\\u042e\\u043b\\u0438\\u044f \\u0411\\u0443\\u0440\\u0441\\u0430\\u043a\\u043e\\u0432\\u0441\\u043a\\u0430\\u044f\",\"order_id\":333}','66.249.81.12','2018-09-04 13:47:09'),(501,92,'forgotten','{\"customer_id\":\"92\",\"name\":\"\\u042e\\u043b\\u0438\\u044f \\u0411\\u0443\\u0440\\u0441\\u0430\\u043a\\u043e\\u0432\\u0441\\u043a\\u0430\\u044f\"}','217.19.208.104','2018-09-06 09:52:57'),(502,92,'reset','{\"customer_id\":\"92\",\"name\":\"\\u042e\\u043b\\u0438\\u044f \\u0411\\u0443\\u0440\\u0441\\u0430\\u043a\\u043e\\u0432\\u0441\\u043a\\u0430\\u044f\"}','217.19.208.104','2018-09-06 09:54:07'),(503,92,'login','{\"customer_id\":\"92\",\"name\":\"\\u042e\\u043b\\u0438\\u044f \\u0411\\u0443\\u0440\\u0441\\u0430\\u043a\\u043e\\u0432\\u0441\\u043a\\u0430\\u044f\"}','217.19.208.104','2018-09-06 09:54:48'),(504,75,'login','{\"customer_id\":\"75\",\"name\":\"\\u041f\\u0430\\u0432\\u0435\\u043b \\u0425\\u0443\\u0434\\u044f\\u043a\\u043e\\u0432\"}','95.134.192.81','2018-09-06 18:51:30'),(505,75,'edit','{\"customer_id\":\"75\",\"name\":\"\\u041f\\u0430\\u0432\\u0435\\u043b \\u0425\\u0443\\u0434\\u044f\\u043a\\u043e\\u0432\"}','95.134.192.81','2018-09-06 18:51:47'),(506,75,'address_add','{\"customer_id\":\"75\",\"name\":\"\\u041f\\u0430\\u0432\\u0435\\u043b \\u0425\\u0443\\u0434\\u044f\\u043a\\u043e\\u0432\"}','95.134.192.81','2018-09-06 18:59:21'),(507,75,'login','{\"customer_id\":\"75\",\"name\":\"\\u041f\\u0430\\u0432\\u0435\\u043b \\u0425\\u0443\\u0434\\u044f\\u043a\\u043e\\u0432\"}','95.134.192.81','2018-09-06 21:01:02'),(508,75,'address_add','{\"customer_id\":\"75\",\"name\":\"\\u041f\\u0430\\u0432\\u0435\\u043b \\u0425\\u0443\\u0434\\u044f\\u043a\\u043e\\u0432\"}','95.134.192.81','2018-09-06 21:03:48'),(509,75,'order_account','{\"customer_id\":\"75\",\"name\":\"\\u041f\\u0430\\u0432\\u0435\\u043b \\u0425\\u0443\\u0434\\u044f\\u043a\\u043e\\u0432\",\"order_id\":337}','95.134.192.81','2018-09-06 21:04:13'),(510,0,'order_guest','{\"name\":\"\\u041e\\u043a\\u0441\\u0430\\u043d\\u0430 \\u0426\\u044e\\u043c\\u0430\\u043d\",\"order_id\":338}','66.102.9.26','2018-09-07 10:05:33'),(511,0,'order_guest','{\"name\":\"\\u0412\\u0438\\u0442\\u0430\\u043b\\u0438\\u0439 \\u041c\\u0438\\u0442\\u0440\\u0438\\u043a\",\"order_id\":339}','31.134.107.230','2018-09-07 11:25:04'),(512,0,'order_guest','{\"name\":\"\\u0412\\u0430\\u043b\\u0435\\u0440\\u0438\\u044f \\u0412\\u0430\\u043a\\u0443\\u043b\\u0435\\u043d\\u043a\\u043e\",\"order_id\":340}','84.47.133.6','2018-09-07 11:50:11'),(513,75,'login','{\"customer_id\":\"75\",\"name\":\"\\u041f\\u0430\\u0432\\u0435\\u043b \\u0425\\u0443\\u0434\\u044f\\u043a\\u043e\\u0432\"}','46.133.16.13','2018-09-07 14:01:15'),(514,0,'order_guest','{\"name\":\"\\u041b\\u044e\\u0434\\u043c\\u0438\\u043b\\u0430 \\u0427\\u0443\\u043f\\u0440\\u0438\\u043d\\u0430\",\"order_id\":341}','31.6.123.59','2018-09-08 11:23:29'),(515,93,'register','{\"customer_id\":93,\"name\":\"\\u0410\\u043b\\u0451\\u043d\\u0430  \\u041a\\u0443\\u0440\\u0433\\u0430\\u043d\\u0441\\u043a\\u0430\\u044f \"}','46.175.23.27','2018-09-09 21:37:11'),(516,93,'login','{\"customer_id\":\"93\",\"name\":\"\\u0410\\u043b\\u0451\\u043d\\u0430  \\u041a\\u0443\\u0440\\u0433\\u0430\\u043d\\u0441\\u043a\\u0430\\u044f \"}','46.175.23.27','2018-09-10 21:02:48'),(517,93,'address_add','{\"customer_id\":\"93\",\"name\":\"\\u0410\\u043b\\u0451\\u043d\\u0430  \\u041a\\u0443\\u0440\\u0433\\u0430\\u043d\\u0441\\u043a\\u0430\\u044f \"}','46.175.23.27','2018-09-10 21:07:05'),(518,93,'order_account','{\"customer_id\":\"93\",\"name\":\"\\u0410\\u043b\\u0451\\u043d\\u0430  \\u041a\\u0443\\u0440\\u0433\\u0430\\u043d\\u0441\\u043a\\u0430\\u044f \",\"order_id\":342}','46.175.23.27','2018-09-10 21:08:17'),(519,93,'login','{\"customer_id\":\"93\",\"name\":\"\\u0410\\u043b\\u0451\\u043d\\u0430  \\u041a\\u0443\\u0440\\u0433\\u0430\\u043d\\u0441\\u043a\\u0430\\u044f \"}','46.175.23.27','2018-09-11 09:02:22'),(520,94,'register','{\"customer_id\":94,\"name\":\"\\u041c\\u0430\\u0440\\u0438\\u043d\\u0430 \\u041a\\u043e\\u043d\\u043e\\u043d\\u043e\\u0432\\u0430\"}','85.238.97.144','2018-09-14 13:46:50'),(521,94,'order_account','{\"customer_id\":\"94\",\"name\":\"\\u041c\\u0430\\u0440\\u0438\\u043d\\u0430 \\u041a\\u043e\\u043d\\u043e\\u043d\\u043e\\u0432\\u0430\",\"order_id\":344}','85.238.97.144','2018-09-14 13:48:44'),(522,0,'order_guest','{\"name\":\"\\u0416\\u0430\\u043d\\u043d\\u0430 \\u041a\\u043e\\u0432\\u0430\\u043b\\u044c\\u0447\\u0443\\u043a\",\"order_id\":345}','78.27.154.60','2018-09-15 00:19:40'),(523,95,'register','{\"customer_id\":95,\"name\":\"\\u0415\\u0432\\u0433\\u0435\\u043d\\u0438\\u0439 \\u0427\\u0435\\u0440\\u043d\\u044f\\u043a \"}','109.197.220.116','2018-09-17 10:30:07'),(524,95,'order_account','{\"customer_id\":\"95\",\"name\":\"\\u0415\\u0432\\u0433\\u0435\\u043d\\u0438\\u0439 \\u0427\\u0435\\u0440\\u043d\\u044f\\u043a \",\"order_id\":346}','109.197.220.116','2018-09-17 10:32:08'),(525,0,'order_guest','{\"name\":\"\\u041e\\u043b\\u044c\\u0433\\u0430 \\u041a\\u0438\\u0440\\u0438\\u0447\\u0435\\u043d\\u043a\\u043e\",\"order_id\":347}','141.138.122.124','2018-09-17 15:34:39'),(526,4,'login','{\"customer_id\":\"4\",\"name\":\"\\u0420\\u0443\\u0441\\u043b\\u0430\\u043d \\u0410\\u043d\\u0430\\u0442\\u043e\\u043b\\u044c\\u0435\\u0432\\u0438\\u0447 \\u0411\\u0430\\u0430\\u0434\\u0436\\u0438\"}','151.0.14.149','2018-09-18 11:50:03'),(527,4,'order_account','{\"customer_id\":\"4\",\"name\":\"\\u0420\\u0443\\u0441\\u043b\\u0430\\u043d \\u0410\\u043d\\u0430\\u0442\\u043e\\u043b\\u044c\\u0435\\u0432\\u0438\\u0447 \\u0411\\u0430\\u0430\\u0434\\u0436\\u0438\",\"order_id\":348}','151.0.14.149','2018-09-18 12:00:45'),(528,0,'order_guest','{\"name\":\"\\u042f\\u043d\\u0430 \\u0411\\u0435\\u043b\\u043e\\u0443\\u0441\",\"order_id\":349}','46.211.136.36','2018-09-19 11:34:12'),(529,0,'order_guest','{\"name\":\"\\u042e\\u043b\\u0438\\u044f \\u0421\\u0435\\u043b\\u044e\\u0442\\u0438\\u043d\\u0430\",\"order_id\":350}','109.254.183.87','2018-09-19 19:40:06'),(530,0,'order_guest','{\"name\":\"\\u041b\\u044e\\u0434\\u043c\\u0438\\u043b\\u0430 \\u041c\\u0430\\u043b\\u044c\\u043a\\u043e\\u0432\\u0430\",\"order_id\":351}','79.135.218.103','2018-09-19 22:54:38'),(531,96,'register','{\"customer_id\":96,\"name\":\"\\u0412\\u0438\\u043a\\u0442\\u043e\\u0440\\u0438\\u044f \\u041b\\u0438\\u0442\\u0432\\u0438\\u043d\\u043e\\u0432\\u0430\"}','77.222.156.26','2018-09-24 13:41:38'),(532,0,'order_guest','{\"name\":\"\\u041b\\u0430\\u0440\\u0438\\u0441\\u0430  \\u0412\\u043b\\u0430\\u0434\\u0438\\u0447\\u0435\\u043d\\u043a\\u043e\",\"order_id\":352}','94.244.27.15','2018-09-25 08:37:52'),(533,69,'login','{\"customer_id\":\"69\",\"name\":\"\\u0415\\u043b\\u0435\\u043d\\u0430 \\u0413\\u0435\\u0440\\u0430\\u0441\\u0438\\u043c\\u043e\\u0432\\u0430\"}','176.119.83.169','2018-09-25 12:14:13'),(534,69,'order_account','{\"customer_id\":\"69\",\"name\":\"\\u0415\\u043b\\u0435\\u043d\\u0430 \\u0413\\u0435\\u0440\\u0430\\u0441\\u0438\\u043c\\u043e\\u0432\\u0430\",\"order_id\":353}','176.119.83.169','2018-09-25 12:16:09'),(535,97,'register','{\"customer_id\":97,\"name\":\"\\u041d\\u0430\\u043c\\u0438\\u043a \\u041d\\u0430\\u0440\\u0438\\u043c\\u0430\\u043d\\u043e\\u0432\"}','176.122.105.155','2018-09-25 18:08:31'),(536,97,'order_account','{\"customer_id\":\"97\",\"name\":\"\\u041d\\u0430\\u043c\\u0438\\u043a \\u041d\\u0430\\u0440\\u0438\\u043c\\u0430\\u043d\\u043e\\u0432\",\"order_id\":354}','176.122.105.155','2018-09-25 18:09:09'),(537,88,'login','{\"customer_id\":\"88\",\"name\":\"\\u0422\\u0430\\u0442\\u044c\\u044f\\u043d\\u0430 \\u041c\\u0430\\u0441\\u044e\\u0442\\u0430\"}','178.54.144.237','2018-10-04 08:19:20'),(538,98,'register','{\"customer_id\":98,\"name\":\"\\u041d\\u0430\\u0442\\u0430\\u043b\\u0438\\u044f  \\u0411\\u043e\\u044f\\u0440\\u0447\\u0443\\u043a \"}','94.74.90.147','2018-10-06 04:27:32'),(539,0,'order_guest','{\"name\":\"\\u041d\\u0430\\u0442\\u0430\\u043b\\u0438\\u044f  \\u0411\\u043e\\u044f\\u0440\\u0447\\u0443\\u043a \",\"order_id\":355}','94.74.90.147','2018-10-06 08:25:43'),(540,0,'order_guest','{\"name\":\"\\u041a\\u043e\\u043d\\u0441\\u0442\\u0430\\u043d\\u0442\\u0438\\u043d  \\u041f\\u0430\\u043b\\u0456\\u0439 \",\"order_id\":357}','91.199.93.92','2018-10-11 11:11:27'),(541,88,'login','{\"customer_id\":\"88\",\"name\":\"\\u0422\\u0430\\u0442\\u044c\\u044f\\u043d\\u0430 \\u041c\\u0430\\u0441\\u044e\\u0442\\u0430\"}','178.54.144.237','2018-10-11 15:06:06'),(542,88,'order_account','{\"customer_id\":\"88\",\"name\":\"\\u0422\\u0430\\u0442\\u044c\\u044f\\u043d\\u0430 \\u041c\\u0430\\u0441\\u044e\\u0442\\u0430\",\"order_id\":358}','178.54.144.237','2018-10-11 15:12:51'),(543,93,'login','{\"customer_id\":\"93\",\"name\":\"\\u0410\\u043b\\u0451\\u043d\\u0430  \\u041a\\u0443\\u0440\\u0433\\u0430\\u043d\\u0441\\u043a\\u0430\\u044f \"}','77.120.242.132','2018-10-11 17:07:52'),(544,93,'order_account','{\"customer_id\":\"93\",\"name\":\"\\u0410\\u043b\\u0451\\u043d\\u0430  \\u041a\\u0443\\u0440\\u0433\\u0430\\u043d\\u0441\\u043a\\u0430\\u044f \",\"order_id\":359}','77.120.242.132','2018-10-11 17:11:10'),(545,99,'register','{\"customer_id\":99,\"name\":\"\\u0418\\u0440\\u0438\\u043d\\u0430 \\u0421\\u043e\\u0432\\u0435\\u0442\\u043a\\u0438\\u043d\\u0430\"}','91.217.61.6','2018-10-11 23:07:42'),(546,99,'order_account','{\"customer_id\":\"99\",\"name\":\"\\u0418\\u0440\\u0438\\u043d\\u0430 \\u0421\\u043e\\u0432\\u0435\\u0442\\u043a\\u0438\\u043d\\u0430\",\"order_id\":360}','91.217.61.6','2018-10-11 23:20:51'),(547,100,'register','{\"customer_id\":100,\"name\":\"\\u041d\\u0430\\u0442\\u0430\\u043b\\u0438\\u044f \\u0411\\u0430\\u0431\\u044f\\u043a\"}','78.26.255.78','2018-10-12 08:06:51'),(548,101,'register','{\"customer_id\":101,\"name\":\"\\u041f\\u043e\\u043b\\u0438\\u043d\\u0430 \\u042e\\u0440\\u0430\\u0448\\u0435\\u0432\\u0430\"}','178.95.132.240','2018-10-13 22:08:22'),(549,101,'order_account','{\"customer_id\":\"101\",\"name\":\"\\u041f\\u043e\\u043b\\u0438\\u043d\\u0430 \\u042e\\u0440\\u0430\\u0448\\u0435\\u0432\\u0430\",\"order_id\":361}','178.95.132.240','2018-10-13 22:10:53'),(550,0,'order_guest','{\"name\":\"\\u0415\\u043b\\u0435\\u043d\\u0430 \\u041c\\u0430\\u043c\\u0435\\u0435\\u0432\\u0430\",\"order_id\":362}','66.102.9.26','2018-10-14 21:45:58'),(551,102,'register','{\"customer_id\":102,\"name\":\"\\u041d\\u0430\\u0442\\u0430\\u043b\\u044c\\u044f \\u041e\\u0440\\u043b\\u043e\\u0432\\u0441\\u043a\\u0430\\u044f\"}','188.163.45.215','2018-10-15 21:13:30'),(552,102,'order_account','{\"customer_id\":\"102\",\"name\":\"\\u041d\\u0430\\u0442\\u0430\\u043b\\u044c\\u044f \\u041e\\u0440\\u043b\\u043e\\u0432\\u0441\\u043a\\u0430\\u044f\",\"order_id\":363}','188.163.45.215','2018-10-15 21:15:42'),(553,103,'register','{\"customer_id\":103,\"name\":\"\\u0410\\u043d\\u0430\\u0441\\u0442\\u0430\\u0441\\u0438\\u044f \\u041a\\u0443\\u0447\\u0435\\u0440\\u0435\\u043d\\u043a\\u043e\"}','46.211.102.90','2018-10-17 14:29:11'),(554,103,'login','{\"customer_id\":\"103\",\"name\":\"\\u0410\\u043d\\u0430\\u0441\\u0442\\u0430\\u0441\\u0438\\u044f \\u041a\\u0443\\u0447\\u0435\\u0440\\u0435\\u043d\\u043a\\u043e\"}','37.55.132.46','2018-10-17 14:31:59'),(555,103,'order_account','{\"customer_id\":\"103\",\"name\":\"\\u0410\\u043d\\u0430\\u0441\\u0442\\u0430\\u0441\\u0438\\u044f \\u041a\\u0443\\u0447\\u0435\\u0440\\u0435\\u043d\\u043a\\u043e\",\"order_id\":365}','37.55.132.46','2018-10-17 14:35:23'),(556,0,'order_guest','{\"name\":\"\\u0414\\u0430\\u043d\\u0438\\u0438\\u043b \\u0411\\u0435\\u043b\\u043e\\u0443\\u0441\",\"order_id\":366}','178.165.35.219','2018-10-17 23:00:30'),(557,104,'register','{\"customer_id\":104,\"name\":\"\\u0415\\u043b\\u0435\\u043d\\u0430 \\u0413\\u0435\\u0440\\u043c\\u0430\\u043d\"}','78.26.198.88','2018-10-18 11:33:26'),(558,104,'order_account','{\"customer_id\":\"104\",\"name\":\"\\u0415\\u043b\\u0435\\u043d\\u0430 \\u0413\\u0435\\u0440\\u043c\\u0430\\u043d\",\"order_id\":367}','78.26.198.88','2018-10-18 11:46:21'),(559,104,'login','{\"customer_id\":\"104\",\"name\":\"\\u0415\\u043b\\u0435\\u043d\\u0430 \\u0413\\u0435\\u0440\\u043c\\u0430\\u043d\"}','78.26.198.77','2018-10-19 14:22:22'),(560,0,'order_guest','{\"name\":\"\\u041c\\u0430\\u0440\\u0433\\u0430\\u0440\\u0438\\u0442\\u0430 \\u0413\\u0440\\u0438\\u0448\\u0430\\u0435\\u0432\\u0430\",\"order_id\":369}','194.50.254.169','2018-10-22 10:46:32'),(561,0,'order_guest','{\"name\":\"\\u0415\\u043a\\u0430\\u0442\\u0435\\u0440\\u0438\\u043d\\u0430 \\u041e\\u043d\\u0443\\u0444\\u0440\\u0438\\u0435\\u043d\\u043a\\u043e\",\"order_id\":370}','188.115.144.80','2018-10-22 13:58:12'),(562,4,'forgotten','{\"customer_id\":\"4\",\"name\":\"\\u0420\\u0443\\u0441\\u043b\\u0430\\u043d \\u0410\\u043d\\u0430\\u0442\\u043e\\u043b\\u044c\\u0435\\u0432\\u0438\\u0447 \\u0411\\u0430\\u0430\\u0434\\u0436\\u0438\"}','46.133.68.117','2018-10-22 20:59:10'),(563,4,'reset','{\"customer_id\":\"4\",\"name\":\"\\u0420\\u0443\\u0441\\u043b\\u0430\\u043d \\u0410\\u043d\\u0430\\u0442\\u043e\\u043b\\u044c\\u0435\\u0432\\u0438\\u0447 \\u0411\\u0430\\u0430\\u0434\\u0436\\u0438\"}','46.133.68.117','2018-10-22 20:59:59'),(564,4,'login','{\"customer_id\":\"4\",\"name\":\"\\u0420\\u0443\\u0441\\u043b\\u0430\\u043d \\u0410\\u043d\\u0430\\u0442\\u043e\\u043b\\u044c\\u0435\\u0432\\u0438\\u0447 \\u0411\\u0430\\u0430\\u0434\\u0436\\u0438\"}','46.133.68.117','2018-10-22 21:00:11'),(565,4,'order_account','{\"customer_id\":\"4\",\"name\":\"\\u0420\\u0443\\u0441\\u043b\\u0430\\u043d \\u0410\\u043d\\u0430\\u0442\\u043e\\u043b\\u044c\\u0435\\u0432\\u0438\\u0447 \\u0411\\u0430\\u0430\\u0434\\u0436\\u0438\",\"order_id\":371}','46.133.68.117','2018-10-22 21:03:06'),(566,105,'register','{\"customer_id\":105,\"name\":\"\\u0410\\u043b\\u043b\\u0430 \\u0413\\u0440\\u0438\\u0446\\u044e\\u043a\"}','178.133.102.230','2018-10-25 11:17:21'),(567,105,'order_account','{\"customer_id\":\"105\",\"name\":\"\\u0410\\u043b\\u043b\\u0430 \\u0413\\u0440\\u0438\\u0446\\u044e\\u043a\",\"order_id\":372}','178.133.102.230','2018-10-25 11:23:55'),(568,105,'login','{\"customer_id\":\"105\",\"name\":\"\\u0410\\u043b\\u043b\\u0430 \\u0413\\u0440\\u0438\\u0446\\u044e\\u043a\"}','178.133.102.230','2018-10-25 11:30:09'),(569,106,'register','{\"customer_id\":106,\"name\":\"\\u041d\\u0430\\u0442\\u0430\\u043b\\u044c\\u044f  \\u0424\\u0435\\u043e\\u0434\\u043e\\u0440\\u0438\"}','78.26.130.110','2018-10-27 01:04:01'),(570,93,'login','{\"customer_id\":\"93\",\"name\":\"\\u0410\\u043b\\u0451\\u043d\\u0430  \\u041a\\u0443\\u0440\\u0433\\u0430\\u043d\\u0441\\u043a\\u0430\\u044f \"}','77.120.242.132','2018-10-27 13:30:23'),(571,93,'edit','{\"customer_id\":\"93\",\"name\":\"\\u0410\\u043b\\u0451\\u043d\\u0430  \\u041a\\u0443\\u0440\\u0433\\u0430\\u043d\\u0441\\u043a\\u0430\\u044f \"}','77.120.242.132','2018-10-27 13:30:37'),(572,93,'order_account','{\"customer_id\":\"93\",\"name\":\"\\u0410\\u043b\\u0451\\u043d\\u0430  \\u041a\\u0443\\u0440\\u0433\\u0430\\u043d\\u0441\\u043a\\u0430\\u044f \",\"order_id\":374}','77.120.242.132','2018-10-27 13:33:46'),(573,107,'register','{\"customer_id\":107,\"name\":\"\\u0421\\u0435\\u0440\\u0433\\u0435\\u0439 \\u0428\\u0435\\u0439\\u043a\\u043e\"}','212.55.73.24','2018-10-27 19:45:02'),(574,108,'register','{\"customer_id\":108,\"name\":\"\\u0420\\u0443\\u0441\\u043b\\u0430\\u043d \\u041e\\u0441\\u0438\\u043f\\u0435\\u043d\\u043a\\u043e\"}','37.73.79.124','2018-10-31 18:10:29'),(575,96,'login','{\"customer_id\":\"96\",\"name\":\"\\u0412\\u0438\\u043a\\u0442\\u043e\\u0440\\u0438\\u044f \\u041b\\u0438\\u0442\\u0432\\u0438\\u043d\\u043e\\u0432\\u0430\"}','77.222.156.178','2018-11-01 12:38:08'),(576,88,'login','{\"customer_id\":\"88\",\"name\":\"\\u0422\\u0430\\u0442\\u044c\\u044f\\u043d\\u0430 \\u041c\\u0430\\u0441\\u044e\\u0442\\u0430\"}','178.54.144.237','2018-11-06 10:12:27'),(577,109,'register','{\"customer_id\":109,\"name\":\"\\u041d\\u0430\\u0442\\u0430\\u043b\\u044c\\u044f \\u0412\\u0430\\u0441\\u0438\\u043b\\u0438\\u043d\\u0430-\\u0420\\u044b\\u0431\\u043a\\u0430\"}','46.133.203.229','2018-11-06 21:27:29'),(578,15,'login','{\"customer_id\":\"15\",\"name\":\"\\u0435\\u043b\\u0435\\u043d\\u0430 \\u0441\\u044b\\u0440\\u043e\\u0432\\u0435\\u0442\\u043d\\u0438\\u043a\"}','109.251.117.46','2018-11-07 10:01:11'),(579,15,'order_account','{\"customer_id\":\"15\",\"name\":\"\\u0435\\u043b\\u0435\\u043d\\u0430 \\u0441\\u044b\\u0440\\u043e\\u0432\\u0435\\u0442\\u043d\\u0438\\u043a\",\"order_id\":376}','109.251.117.46','2018-11-07 10:01:46'),(580,110,'register','{\"customer_id\":110,\"name\":\"\\u041b\\u0438\\u0434\\u0438\\u044f \\u0415\\u0432\\u0441\\u044e\\u043a\\u043e\\u0432\\u0430\"}','46.201.254.55','2018-11-13 15:48:18'),(581,110,'order_account','{\"customer_id\":\"110\",\"name\":\"\\u041b\\u0438\\u0434\\u0438\\u044f \\u0415\\u0432\\u0441\\u044e\\u043a\\u043e\\u0432\\u0430\",\"order_id\":377}','46.201.254.55','2018-11-13 16:14:49'),(582,110,'login','{\"customer_id\":\"110\",\"name\":\"\\u041b\\u0438\\u0434\\u0438\\u044f \\u0415\\u0432\\u0441\\u044e\\u043a\\u043e\\u0432\\u0430\"}','46.201.254.55','2018-11-14 08:23:29'),(583,110,'login','{\"customer_id\":\"110\",\"name\":\"\\u041b\\u0438\\u0434\\u0438\\u044f \\u0415\\u0432\\u0441\\u044e\\u043a\\u043e\\u0432\\u0430\"}','46.201.254.55','2018-11-14 09:48:58'),(584,110,'login','{\"customer_id\":\"110\",\"name\":\"\\u041b\\u0438\\u0434\\u0438\\u044f \\u0415\\u0432\\u0441\\u044e\\u043a\\u043e\\u0432\\u0430\"}','46.201.254.55','2018-11-14 15:12:05'),(585,111,'register','{\"customer_id\":111,\"name\":\"\\u041c\\u0430\\u0440\\u0438\\u043d\\u0430  \\u041a\\u043e\\u0437\\u043b\\u043e\\u0432\\u0430\"}','93.79.43.224','2018-11-15 13:18:44'),(586,111,'address_add','{\"customer_id\":\"111\",\"name\":\"\\u041c\\u0430\\u0440\\u0438\\u043d\\u0430  \\u041a\\u043e\\u0437\\u043b\\u043e\\u0432\\u0430\"}','93.79.43.224','2018-11-15 13:20:03'),(587,111,'order_account','{\"customer_id\":\"111\",\"name\":\"\\u041c\\u0430\\u0440\\u0438\\u043d\\u0430  \\u041a\\u043e\\u0437\\u043b\\u043e\\u0432\\u0430\",\"order_id\":378}','93.79.43.224','2018-11-15 13:20:46'),(588,110,'login','{\"customer_id\":\"110\",\"name\":\"\\u041b\\u0438\\u0434\\u0438\\u044f \\u0415\\u0432\\u0441\\u044e\\u043a\\u043e\\u0432\\u0430\"}','178.93.99.247','2018-11-15 14:00:59'),(589,110,'login','{\"customer_id\":\"110\",\"name\":\"\\u041b\\u0438\\u0434\\u0438\\u044f \\u0415\\u0432\\u0441\\u044e\\u043a\\u043e\\u0432\\u0430\"}','46.201.254.55','2018-11-16 08:58:35'),(590,112,'register','{\"customer_id\":112,\"name\":\"\\u0418\\u0440\\u0438\\u043d\\u0430 \\u0413\\u0438\\u0440\\u043d\\u044b\\u043a\"}','91.202.135.13','2018-11-17 09:39:11'),(591,112,'edit','{\"customer_id\":\"112\",\"name\":\"\\u0418\\u0440\\u0438\\u043d\\u0430 \\u0413\\u0438\\u0440\\u043d\\u044b\\u043a\"}','91.202.135.13','2018-11-17 09:41:07'),(592,112,'order_account','{\"customer_id\":\"112\",\"name\":\"\\u0418\\u0440\\u0438\\u043d\\u0430 \\u0413\\u0438\\u0440\\u043d\\u044b\\u043a\",\"order_id\":381}','91.202.135.13','2018-11-17 09:43:05'),(593,110,'login','{\"customer_id\":\"110\",\"name\":\"\\u041b\\u0438\\u0434\\u0438\\u044f \\u0415\\u0432\\u0441\\u044e\\u043a\\u043e\\u0432\\u0430\"}','193.138.245.84','2018-11-17 14:22:16'),(594,112,'login','{\"customer_id\":\"112\",\"name\":\"\\u0418\\u0440\\u0438\\u043d\\u0430 \\u0413\\u0438\\u0440\\u043d\\u044b\\u043a\"}','91.202.135.195','2018-11-18 18:41:01'),(595,112,'address_add','{\"customer_id\":\"112\",\"name\":\"\\u0418\\u0440\\u0438\\u043d\\u0430 \\u0413\\u0438\\u0440\\u043d\\u044b\\u043a\"}','91.202.135.195','2018-11-18 18:41:50'),(596,112,'order_account','{\"customer_id\":\"112\",\"name\":\"\\u0418\\u0440\\u0438\\u043d\\u0430 \\u0413\\u0438\\u0440\\u043d\\u044b\\u043a\",\"order_id\":382}','91.202.135.195','2018-11-18 18:41:58'),(597,112,'edit','{\"customer_id\":\"112\",\"name\":\"\\u0418\\u0440\\u0438\\u043d\\u0430 \\u0413\\u0438\\u0440\\u043d\\u044b\\u043a\"}','91.202.135.195','2018-11-18 18:42:29'),(598,112,'login','{\"customer_id\":\"112\",\"name\":\"\\u0418\\u0440\\u0438\\u043d\\u0430 \\u0413\\u0438\\u0440\\u043d\\u044b\\u043a\"}','91.202.133.19','2018-11-19 13:33:29'),(599,112,'edit','{\"customer_id\":\"112\",\"name\":\"\\u0418\\u0440\\u0438\\u043d\\u0430 \\u0413\\u0438\\u0440\\u043d\\u044b\\u043a\"}','91.202.133.19','2018-11-19 13:33:42'),(600,110,'login','{\"customer_id\":\"110\",\"name\":\"\\u041b\\u0438\\u0434\\u0438\\u044f \\u0415\\u0432\\u0441\\u044e\\u043a\\u043e\\u0432\\u0430\"}','37.52.146.21','2018-11-22 09:32:05'),(601,74,'forgotten','{\"customer_id\":\"74\",\"name\":\"\\u0415\\u043a\\u0430\\u0442\\u0435\\u0440\\u0438\\u043d\\u0430 \\u041e\\u043d\\u0443\\u0444\\u0440\\u0438\\u0435\\u043d\\u043a\\u043e\"}','176.119.64.96','2018-11-22 23:03:21'),(602,74,'reset','{\"customer_id\":\"74\",\"name\":\"\\u0415\\u043a\\u0430\\u0442\\u0435\\u0440\\u0438\\u043d\\u0430 \\u041e\\u043d\\u0443\\u0444\\u0440\\u0438\\u0435\\u043d\\u043a\\u043e\"}','176.119.64.96','2018-11-22 23:06:12'),(603,74,'reset','{\"customer_id\":\"74\",\"name\":\"\\u0415\\u043a\\u0430\\u0442\\u0435\\u0440\\u0438\\u043d\\u0430 \\u041e\\u043d\\u0443\\u0444\\u0440\\u0438\\u0435\\u043d\\u043a\\u043e\"}','176.119.64.96','2018-11-22 23:08:03'),(604,113,'register','{\"customer_id\":113,\"name\":\"\\u041c\\u0430\\u0440\\u0438\\u043d\\u0430 \\u0413\\u0440\\u0438\\u0433\\u043e\\u0440\\u044c\\u0435\\u0432\\u0430\"}','188.163.109.101','2018-11-25 09:44:05'),(605,113,'address_add','{\"customer_id\":\"113\",\"name\":\"\\u041c\\u0430\\u0440\\u0438\\u043d\\u0430 \\u0413\\u0440\\u0438\\u0433\\u043e\\u0440\\u044c\\u0435\\u0432\\u0430\"}','188.163.109.101','2018-11-25 09:45:28'),(606,113,'order_account','{\"customer_id\":\"113\",\"name\":\"\\u041c\\u0430\\u0440\\u0438\\u043d\\u0430 \\u0413\\u0440\\u0438\\u0433\\u043e\\u0440\\u044c\\u0435\\u0432\\u0430\",\"order_id\":383}','188.163.109.101','2018-11-25 09:45:40'),(607,102,'login','{\"customer_id\":\"102\",\"name\":\"\\u041d\\u0430\\u0442\\u0430\\u043b\\u044c\\u044f \\u041e\\u0440\\u043b\\u043e\\u0432\\u0441\\u043a\\u0430\\u044f\"}','188.163.45.215','2018-11-27 14:22:31'),(608,114,'register','{\"customer_id\":114,\"name\":\"\\u0422\\u0430\\u0442\\u044c\\u044f\\u043d\\u0430 \\u041a\\u0438\\u0442\\u0430\\u0439\\u0433\\u043e\\u0440\\u043e\\u0434\"}','78.26.130.65','2018-12-03 20:49:58'),(609,115,'register','{\"customer_id\":115,\"name\":\"\\u0415\\u043b\\u0435\\u043d\\u0430 \\u041f\\u0430\\u0432\\u0448\\u0435\\u043d\\u044e\\u043a\"}','91.214.16.28','2018-12-07 16:41:29'),(610,115,'order_account','{\"customer_id\":\"115\",\"name\":\"\\u0415\\u043b\\u0435\\u043d\\u0430 \\u041f\\u0430\\u0432\\u0448\\u0435\\u043d\\u044e\\u043a\",\"order_id\":384}','91.214.16.28','2018-12-07 16:42:03'),(611,49,'login','{\"customer_id\":\"49\",\"name\":\"\\u0420\\u043e\\u043c\\u0430\\u043d \\u041a\\u0443\\u043b\\u044c\\u043a\\u0438\\u043d\"}','46.119.90.218','2018-12-07 18:08:44'),(612,49,'order_account','{\"customer_id\":\"49\",\"name\":\"\\u0420\\u043e\\u043c\\u0430\\u043d \\u041a\\u0443\\u043b\\u044c\\u043a\\u0438\\u043d\",\"order_id\":385}','46.119.90.218','2018-12-07 18:12:21'),(613,116,'register','{\"customer_id\":116,\"name\":\"\\u0415\\u043b\\u0435\\u043d\\u0430 \\u041c\\u0438\\u0445\\u0430\\u0439\\u043b\\u043e\\u0432\\u0430-\\u041a\\u0440\\u0430\\u0441\\u043d\\u043e\\u0432\\u0430\"}','85.238.102.83','2018-12-10 11:27:51'),(614,116,'order_account','{\"customer_id\":\"116\",\"name\":\"\\u0415\\u043b\\u0435\\u043d\\u0430 \\u041c\\u0438\\u0445\\u0430\\u0439\\u043b\\u043e\\u0432\\u0430-\\u041a\\u0440\\u0430\\u0441\\u043d\\u043e\\u0432\\u0430\",\"order_id\":386}','85.238.102.83','2018-12-10 11:30:11'),(615,116,'login','{\"customer_id\":\"116\",\"name\":\"\\u0415\\u043b\\u0435\\u043d\\u0430 \\u041c\\u0438\\u0445\\u0430\\u0439\\u043b\\u043e\\u0432\\u0430-\\u041a\\u0440\\u0430\\u0441\\u043d\\u043e\\u0432\\u0430\"}','85.238.102.83','2018-12-10 12:58:39'),(616,116,'password','{\"customer_id\":\"116\",\"name\":\"\\u0415\\u043b\\u0435\\u043d\\u0430 \\u041c\\u0438\\u0445\\u0430\\u0439\\u043b\\u043e\\u0432\\u0430-\\u041a\\u0440\\u0430\\u0441\\u043d\\u043e\\u0432\\u0430\"}','85.238.102.83','2018-12-10 12:59:24'),(617,117,'register','{\"customer_id\":117,\"name\":\"\\u0421\\u0435\\u0440\\u0433\\u0435\\u0439 \\u0421\\u0430\\u0432\\u0438\\u043d\"}','46.219.217.71','2018-12-14 11:43:08'),(618,117,'order_account','{\"customer_id\":\"117\",\"name\":\"\\u0421\\u0435\\u0440\\u0433\\u0435\\u0439 \\u0421\\u0430\\u0432\\u0438\\u043d\",\"order_id\":387}','46.219.217.71','2018-12-14 11:43:36'),(619,4,'login','{\"customer_id\":\"4\",\"name\":\"\\u0420\\u0443\\u0441\\u043b\\u0430\\u043d \\u0410\\u043d\\u0430\\u0442\\u043e\\u043b\\u044c\\u0435\\u0432\\u0438\\u0447 \\u0411\\u0430\\u0430\\u0434\\u0436\\u0438\"}','151.0.1.97','2018-12-14 18:40:12'),(620,4,'login','{\"customer_id\":\"4\",\"name\":\"\\u0420\\u0443\\u0441\\u043b\\u0430\\u043d \\u0410\\u043d\\u0430\\u0442\\u043e\\u043b\\u044c\\u0435\\u0432\\u0438\\u0447 \\u0411\\u0430\\u0430\\u0434\\u0436\\u0438\"}','151.0.1.97','2018-12-15 15:21:36'),(621,4,'edit','{\"customer_id\":\"4\",\"name\":\"\\u0420\\u0443\\u0441\\u043b\\u0430\\u043d \\u0410\\u043d\\u0430\\u0442\\u043e\\u043b\\u044c\\u0435\\u0432\\u0438\\u0447 \\u0411\\u0430\\u0430\\u0434\\u0436\\u0438\"}','151.0.1.97','2018-12-15 15:34:11'),(622,4,'order_account','{\"customer_id\":\"4\",\"name\":\"\\u0414\\u0430\\u043d\\u0438\\u0438\\u043b \\u0410\\u043d\\u0430\\u0442\\u043e\\u043b\\u044c\\u0435\\u0432\\u0438\\u0447 \\u0411\\u0430\\u0430\\u0434\\u0436\\u0438\",\"order_id\":389}','151.0.1.97','2018-12-15 15:35:09'),(623,118,'register','{\"customer_id\":118,\"name\":\"\\u041f\\u0430\\u0432\\u0435\\u043b \\u0413\\u043e\\u0440\\u043e\\u0445\\u043e\\u0432\\u0441\\u043a\\u0438\\u0439\"}','46.17.243.223','2018-12-23 14:36:56'),(624,118,'order_account','{\"customer_id\":\"118\",\"name\":\"\\u041f\\u0430\\u0432\\u0435\\u043b \\u0413\\u043e\\u0440\\u043e\\u0445\\u043e\\u0432\\u0441\\u043a\\u0438\\u0439\",\"order_id\":390}','46.17.243.223','2018-12-23 14:37:21'),(625,119,'register','{\"customer_id\":119,\"name\":\"\\u0415\\u0432\\u0433\\u0435\\u043d\\u0438\\u0439 \\u0411\\u0430\\u0440\\u0430\\u043d\\u043e\\u0432\\u0441\\u044c\\u043a\\u0438\\u0439 \"}','188.163.16.210','2019-01-11 10:57:34'),(626,119,'edit','{\"customer_id\":\"119\",\"name\":\"\\u0415\\u0432\\u0433\\u0435\\u043d\\u0438\\u0439 \\u0411\\u0430\\u0440\\u0430\\u043d\\u043e\\u0432\\u0441\\u044c\\u043a\\u0438\\u0439 \"}','188.163.16.210','2019-01-11 10:57:58'),(627,119,'edit','{\"customer_id\":\"119\",\"name\":\"\\u0415\\u0432\\u0433\\u0435\\u043d\\u0438\\u0439 \\u0411\\u0430\\u0440\\u0430\\u043d\\u043e\\u0432\\u0441\\u044c\\u043a\\u0438\\u0439 \"}','188.163.16.210','2019-01-11 11:05:21'),(628,120,'register','{\"customer_id\":120,\"name\":\"\\u0412\\u0438\\u043a\\u0442\\u043e\\u0440\\u0438\\u044f \\u041b\\u043e\\u0439\"}','46.133.108.191','2019-01-11 15:15:28'),(629,121,'register','{\"customer_id\":121,\"name\":\"\\u0423\\u043b\\u044c\\u044f\\u043d\\u0430 \\u041a\\u0430\\u043b\\u0438\\u043d\\u0438\\u0447\\u0435\\u043d\\u043a\\u043e\"}','176.100.162.164','2019-01-14 20:48:31'),(630,122,'register','{\"customer_id\":122,\"name\":\"\\u0421\\u0432\\u0435\\u0442\\u043b\\u0430\\u043d\\u0430 \\u041f\\u043e\\u0434\\u043e\\u043f\\u0440\\u0438\\u0433\\u043e\\u0440\\u0430\"}','194.28.4.89','2019-01-14 20:53:51'),(631,121,'order_account','{\"customer_id\":\"121\",\"name\":\"\\u0423\\u043b\\u044c\\u044f\\u043d\\u0430 \\u041a\\u0430\\u043b\\u0438\\u043d\\u0438\\u0447\\u0435\\u043d\\u043a\\u043e\",\"order_id\":391}','176.100.162.164','2019-01-14 20:57:47'),(632,121,'login','{\"customer_id\":\"121\",\"name\":\"\\u0423\\u043b\\u044c\\u044f\\u043d\\u0430 \\u041a\\u0430\\u043b\\u0438\\u043d\\u0438\\u0447\\u0435\\u043d\\u043a\\u043e\"}','176.100.162.164','2019-01-15 13:12:50'),(633,123,'register','{\"customer_id\":123,\"name\":\"\\u0412\\u043b\\u0430\\u0434\\u0438\\u0441\\u043b\\u0430\\u0432 \\u041c\\u044b\\u0446\\u0435\\u043d\\u043a\\u043e\"}','46.211.36.163','2019-02-01 09:19:00'),(634,124,'register','{\"customer_id\":124,\"name\":\"\\u0412\\u0418\\u0422\\u0410\\u041b\\u0418\\u042f \\u042f\\u0446\\u0435\\u043d\\u043a\\u043e\"}','109.227.85.64','2019-02-05 17:21:13'),(635,124,'order_account','{\"customer_id\":\"124\",\"name\":\"\\u0412\\u0418\\u0422\\u0410\\u041b\\u0418\\u042f \\u042f\\u0446\\u0435\\u043d\\u043a\\u043e\",\"order_id\":393}','109.227.85.64','2019-02-05 17:23:13'),(636,124,'login','{\"customer_id\":\"124\",\"name\":\"\\u0412\\u0418\\u0422\\u0410\\u041b\\u0418\\u042f \\u042f\\u0446\\u0435\\u043d\\u043a\\u043e\"}','109.227.85.64','2019-02-06 15:54:54'),(637,125,'register','{\"customer_id\":125,\"name\":\"\\u0410\\u043d\\u0442\\u043e\\u043d \\u041a\\u0443\\u0437\\u043d\\u0435\\u0446\\u043e\\u0432\"}','85.238.101.69','2019-02-11 18:45:54'),(638,125,'order_account','{\"customer_id\":\"125\",\"name\":\"\\u0410\\u043d\\u0442\\u043e\\u043d \\u041a\\u0443\\u0437\\u043d\\u0435\\u0446\\u043e\\u0432\",\"order_id\":394}','85.238.101.69','2019-02-11 18:46:33'),(639,125,'login','{\"customer_id\":\"125\",\"name\":\"\\u0410\\u043d\\u0442\\u043e\\u043d \\u041a\\u0443\\u0437\\u043d\\u0435\\u0446\\u043e\\u0432\"}','37.73.68.42','2019-02-12 10:06:27'),(640,126,'register','{\"customer_id\":126,\"name\":\"\\u0417\\u043e\\u0440\\u0435\\u0441\\u043b\\u0430\\u0432\\u0430 \\u041a\\u043e\\u0432\\u0430\\u043b\\u044c\\u0447\\u0443\\u043a\"}','62.80.171.118','2019-02-12 11:03:48'),(641,126,'address_add','{\"customer_id\":\"126\",\"name\":\"\\u0417\\u043e\\u0440\\u0435\\u0441\\u043b\\u0430\\u0432\\u0430 \\u041a\\u043e\\u0432\\u0430\\u043b\\u044c\\u0447\\u0443\\u043a\"}','62.80.171.118','2019-02-12 11:07:03'),(642,126,'order_account','{\"customer_id\":\"126\",\"name\":\"\\u0417\\u043e\\u0440\\u0435\\u0441\\u043b\\u0430\\u0432\\u0430 \\u041a\\u043e\\u0432\\u0430\\u043b\\u044c\\u0447\\u0443\\u043a\",\"order_id\":395}','62.80.171.118','2019-02-12 11:07:13'),(643,58,'login','{\"customer_id\":\"58\",\"name\":\"\\u043b\\u044e\\u0434\\u043c\\u0438\\u043b\\u0430 \\u043a\\u0430\\u0440\\u043d\\u0430\\u0443\\u0445\"}','46.98.124.120','2019-02-12 16:10:56'),(644,58,'order_account','{\"customer_id\":\"58\",\"name\":\"\\u043b\\u044e\\u0434\\u043c\\u0438\\u043b\\u0430 \\u043a\\u0430\\u0440\\u043d\\u0430\\u0443\\u0445\",\"order_id\":396}','46.98.124.120','2019-02-12 16:11:52'),(645,4,'login','{\"customer_id\":\"4\",\"name\":\"\\u0414\\u0430\\u043d\\u0438\\u0438\\u043b \\u0410\\u043d\\u0430\\u0442\\u043e\\u043b\\u044c\\u0435\\u0432\\u0438\\u0447 \\u0411\\u0430\\u0430\\u0434\\u0436\\u0438\"}','151.0.11.137','2019-02-13 18:19:35'),(646,4,'login','{\"customer_id\":\"4\",\"name\":\"\\u0414\\u0430\\u043d\\u0438\\u0438\\u043b \\u0410\\u043d\\u0430\\u0442\\u043e\\u043b\\u044c\\u0435\\u0432\\u0438\\u0447 \\u0411\\u0430\\u0430\\u0434\\u0436\\u0438\"}','151.0.11.137','2019-02-13 20:57:16'),(647,4,'order_account','{\"customer_id\":\"4\",\"name\":\"\\u0414\\u0430\\u043d\\u0438\\u0438\\u043b \\u0410\\u043d\\u0430\\u0442\\u043e\\u043b\\u044c\\u0435\\u0432\\u0438\\u0447 \\u0411\\u0430\\u0430\\u0434\\u0436\\u0438\",\"order_id\":397}','151.0.11.137','2019-02-13 21:03:55'),(648,4,'login','{\"customer_id\":\"4\",\"name\":\"\\u0414\\u0430\\u043d\\u0438\\u0438\\u043b \\u0410\\u043d\\u0430\\u0442\\u043e\\u043b\\u044c\\u0435\\u0432\\u0438\\u0447 \\u0411\\u0430\\u0430\\u0434\\u0436\\u0438\"}','151.0.11.137','2019-02-13 21:06:01'),(649,127,'register','{\"customer_id\":127,\"name\":\"\\u0410\\u043d\\u0434\\u0440\\u0435\\u0439 \\u041a\\u0443\\u043b\\u0435\\u0448\\u0430\"}','188.163.26.51','2019-02-15 11:01:11'),(650,127,'order_account','{\"customer_id\":\"127\",\"name\":\"\\u0410\\u043d\\u0434\\u0440\\u0435\\u0439 \\u041a\\u0443\\u043b\\u0435\\u0448\\u0430\",\"order_id\":398}','188.163.26.51','2019-02-15 11:04:27'),(651,128,'register','{\"customer_id\":128,\"name\":\"\\u041e\\u043a\\u0441\\u0430\\u043d\\u0430 \\u0422\\u0430\\u0448\\u043f\\u0443\\u043b\\u0430\\u0442\\u043e\\u0432\\u0430\"}','78.26.151.241','2019-02-18 12:03:53'),(652,93,'login','{\"customer_id\":\"93\",\"name\":\"\\u0410\\u043b\\u0451\\u043d\\u0430  \\u041a\\u0443\\u0440\\u0433\\u0430\\u043d\\u0441\\u043a\\u0430\\u044f \"}','195.3.130.23','2019-02-21 20:53:49'),(653,93,'order_account','{\"customer_id\":\"93\",\"name\":\"\\u0410\\u043b\\u0451\\u043d\\u0430  \\u041a\\u0443\\u0440\\u0433\\u0430\\u043d\\u0441\\u043a\\u0430\\u044f \",\"order_id\":399}','195.3.130.23','2019-02-21 20:57:08'),(654,129,'register','{\"customer_id\":129,\"name\":\"\\u041e\\u043b\\u044c\\u0433\\u0430 \\u0412\\u0434\\u043e\\u0432\\u0438\\u0447\\u0435\\u043d\\u043a\\u043e\"}','142.93.98.225','2019-02-24 16:01:17'),(655,129,'login','{\"customer_id\":\"129\",\"name\":\"\\u041e\\u043b\\u044c\\u0433\\u0430 \\u0412\\u0434\\u043e\\u0432\\u0438\\u0447\\u0435\\u043d\\u043a\\u043e\"}','31.31.121.169','2019-02-24 16:11:23'),(656,58,'login','{\"customer_id\":\"58\",\"name\":\"\\u043b\\u044e\\u0434\\u043c\\u0438\\u043b\\u0430 \\u043a\\u0430\\u0440\\u043d\\u0430\\u0443\\u0445\"}','46.98.124.181','2019-02-25 19:17:01'),(657,58,'order_account','{\"customer_id\":\"58\",\"name\":\"\\u043b\\u044e\\u0434\\u043c\\u0438\\u043b\\u0430 \\u043a\\u0430\\u0440\\u043d\\u0430\\u0443\\u0445\",\"order_id\":400}','46.98.124.181','2019-02-25 19:17:22'),(658,130,'register','{\"customer_id\":130,\"name\":\"\\u0418\\u0440\\u0438\\u043d\\u0430 \\u041f\\u0440\\u043e\\u043a\\u043e\\u043f\\u0447\\u0443\\u043a\"}','195.78.246.248','2019-02-27 17:29:29'),(659,130,'order_account','{\"customer_id\":\"130\",\"name\":\"\\u0418\\u0440\\u0438\\u043d\\u0430 \\u041f\\u0440\\u043e\\u043a\\u043e\\u043f\\u0447\\u0443\\u043a\",\"order_id\":401}','195.78.246.248','2019-02-27 17:31:41'),(660,131,'register','{\"customer_id\":131,\"name\":\"\\u0416\\u0430\\u043d\\u043d\\u0430 \\u041a\\u043e\\u0441\\u0442\\u043e\\u0433\\u043b\\u043e\\u0434\\u043e\\u0432\\u0430\"}','188.163.60.73','2019-03-01 19:20:36'),(661,132,'register','{\"customer_id\":132,\"name\":\"\\u0418\\u043d\\u043d\\u0430 \\u0411\\u0435\\u043b\\u0430\\u044f\"}','78.26.130.188','2019-03-02 19:01:36'),(662,132,'edit','{\"customer_id\":\"132\",\"name\":\"\\u0418\\u043d\\u043d\\u0430 \\u0411\\u0435\\u043b\\u0430\\u044f\"}','78.26.130.188','2019-03-02 19:03:04'),(663,132,'address_add','{\"customer_id\":\"132\",\"name\":\"\\u0418\\u043d\\u043d\\u0430 \\u0411\\u0435\\u043b\\u0430\\u044f\"}','78.26.130.188','2019-03-02 19:03:53'),(664,132,'order_account','{\"customer_id\":\"132\",\"name\":\"\\u0418\\u043d\\u043d\\u0430 \\u0411\\u0435\\u043b\\u0430\\u044f\",\"order_id\":402}','78.26.130.188','2019-03-02 19:04:08'),(665,97,'login','{\"customer_id\":\"97\",\"name\":\"\\u041d\\u0430\\u043c\\u0438\\u043a \\u041d\\u0430\\u0440\\u0438\\u043c\\u0430\\u043d\\u043e\\u0432\"}','91.124.4.163','2019-03-04 12:12:05'),(666,97,'order_account','{\"customer_id\":\"97\",\"name\":\"\\u041d\\u0430\\u043c\\u0438\\u043a \\u041d\\u0430\\u0440\\u0438\\u043c\\u0430\\u043d\\u043e\\u0432\",\"order_id\":403}','91.124.4.163','2019-03-04 12:12:24'),(667,133,'register','{\"customer_id\":133,\"name\":\"\\u041b\\u0438\\u0437\\u0430 \\u0411\\u043b\\u0430\\u043a\\u0438\\u0442\\u043d\\u0430\\u044f\"}','178.133.106.204','2019-03-04 19:50:13'),(668,133,'order_account','{\"customer_id\":\"133\",\"name\":\"\\u041b\\u0438\\u0437\\u0430 \\u0411\\u043b\\u0430\\u043a\\u0438\\u0442\\u043d\\u0430\\u044f\",\"order_id\":405}','178.133.106.204','2019-03-04 19:51:19'),(669,133,'login','{\"customer_id\":\"133\",\"name\":\"\\u041b\\u0438\\u0437\\u0430 \\u0411\\u043b\\u0430\\u043a\\u0438\\u0442\\u043d\\u0430\\u044f\"}','46.133.149.16','2019-03-06 14:11:34'),(670,127,'login','{\"customer_id\":\"127\",\"name\":\"\\u0410\\u043d\\u0434\\u0440\\u0435\\u0439 \\u041a\\u0443\\u043b\\u0435\\u0448\\u0430\"}','188.163.26.51','2019-03-15 12:46:31'),(671,127,'order_account','{\"customer_id\":\"127\",\"name\":\"\\u0410\\u043d\\u0434\\u0440\\u0435\\u0439 \\u041a\\u0443\\u043b\\u0435\\u0448\\u0430\",\"order_id\":406}','188.163.26.51','2019-03-15 12:47:53'),(672,105,'login','{\"customer_id\":\"105\",\"name\":\"\\u0410\\u043b\\u043b\\u0430 \\u0413\\u0440\\u0438\\u0446\\u044e\\u043a\"}','46.133.16.131','2019-03-18 10:52:55'),(673,105,'order_account','{\"customer_id\":\"105\",\"name\":\"\\u0410\\u043b\\u043b\\u0430 \\u0413\\u0440\\u0438\\u0446\\u044e\\u043a\",\"order_id\":407}','46.133.16.131','2019-03-18 11:55:52'),(674,134,'register','{\"customer_id\":134,\"name\":\"Marina Bolz\"}','185.11.28.5','2019-03-22 21:34:01'),(675,134,'order_account','{\"customer_id\":\"134\",\"name\":\"Marina Bolz\",\"order_id\":408}','185.11.28.5','2019-03-22 21:34:49'),(676,135,'register','{\"customer_id\":135,\"name\":\"Diana \\u0417\\u0435\\u0439\\u043a\\u0430\\u043d\"}','31.41.94.148','2019-03-23 21:15:57'),(677,135,'order_account','{\"customer_id\":\"135\",\"name\":\"Diana \\u0417\\u0435\\u0439\\u043a\\u0430\\u043d\",\"order_id\":409}','31.41.94.148','2019-03-23 21:18:09'),(678,136,'register','{\"customer_id\":136,\"name\":\"\\u0414\\u0435\\u043d\\u0438\\u0441 \\u041f\\u0438\\u0441\\u0435\\u0446\\u043a\\u0438\\u0439\"}','213.111.223.173','2019-03-24 10:11:14'),(679,136,'order_account','{\"customer_id\":\"136\",\"name\":\"\\u0414\\u0435\\u043d\\u0438\\u0441 \\u041f\\u0438\\u0441\\u0435\\u0446\\u043a\\u0438\\u0439\",\"order_id\":410}','213.111.223.173','2019-03-24 10:12:53'),(680,136,'login','{\"customer_id\":\"136\",\"name\":\"\\u0414\\u0435\\u043d\\u0438\\u0441 \\u041f\\u0438\\u0441\\u0435\\u0446\\u043a\\u0438\\u0439\"}','213.111.223.173','2019-03-25 13:00:02'),(681,104,'login','{\"customer_id\":\"104\",\"name\":\"\\u0415\\u043b\\u0435\\u043d\\u0430 \\u0413\\u0435\\u0440\\u043c\\u0430\\u043d\"}','78.26.198.30','2019-03-26 18:27:43'),(682,137,'register','{\"customer_id\":137,\"name\":\"A\\u043b\\u0435\\u043a\\u0441\\u0430\\u043d\\u0434\\u0440 \\u0411\\u0443\\u0440\\u043a\\u043e\\u0432\\u0441\\u043a\\u0438\\u0439\"}','46.133.34.82','2019-03-29 12:45:12'),(683,138,'register','{\"customer_id\":138,\"name\":\"\\u041b\\u0438\\u0430\\u043d\\u0430 \\u041a\\u0435\\u0441\\u044c\"}','37.73.223.182','2019-03-31 15:43:44'),(684,139,'register','{\"customer_id\":139,\"name\":\"\\u041c\\u0430\\u0440\\u0438\\u043d\\u0430 \\u0423\\u0432\\u0430\\u0440\\u043e\\u0432\\u0430\"}','213.111.90.131','2019-03-31 22:19:04'),(685,139,'order_account','{\"customer_id\":\"139\",\"name\":\"\\u041c\\u0430\\u0440\\u0438\\u043d\\u0430 \\u0423\\u0432\\u0430\\u0440\\u043e\\u0432\\u0430\",\"order_id\":411}','66.102.9.22','2019-03-31 22:20:11'),(686,140,'register','{\"customer_id\":140,\"name\":\"\\u0415\\u043a\\u0430\\u0442\\u0435\\u0440\\u0438\\u043d\\u0430 \\u0421\\u044b\\u0447-\\u041f\\u043e\\u0434\\u0435\\u043d\\u043d\\u0430\\u044f\"}','193.178.51.129','2019-04-04 15:54:33'),(687,140,'order_account','{\"customer_id\":\"140\",\"name\":\"\\u0415\\u043a\\u0430\\u0442\\u0435\\u0440\\u0438\\u043d\\u0430 \\u0421\\u044b\\u0447-\\u041f\\u043e\\u0434\\u0435\\u043d\\u043d\\u0430\\u044f\",\"order_id\":412}','193.178.51.129','2019-04-04 15:55:56'),(688,93,'login','{\"customer_id\":\"93\",\"name\":\"\\u0410\\u043b\\u0451\\u043d\\u0430  \\u041a\\u0443\\u0440\\u0433\\u0430\\u043d\\u0441\\u043a\\u0430\\u044f \"}','195.3.130.23','2019-04-05 09:07:58'),(689,93,'order_account','{\"customer_id\":\"93\",\"name\":\"\\u0410\\u043b\\u0451\\u043d\\u0430  \\u041a\\u0443\\u0440\\u0433\\u0430\\u043d\\u0441\\u043a\\u0430\\u044f \",\"order_id\":413}','195.3.130.23','2019-04-05 09:09:57'),(690,139,'login','{\"customer_id\":\"139\",\"name\":\"\\u041c\\u0430\\u0440\\u0438\\u043d\\u0430 \\u0423\\u0432\\u0430\\u0440\\u043e\\u0432\\u0430\"}','213.111.90.131','2019-04-06 22:28:13'),(691,139,'order_account','{\"customer_id\":\"139\",\"name\":\"\\u041c\\u0430\\u0440\\u0438\\u043d\\u0430 \\u0423\\u0432\\u0430\\u0440\\u043e\\u0432\\u0430\",\"order_id\":414}','66.102.9.24','2019-04-06 22:29:11'),(692,141,'register','{\"customer_id\":141,\"name\":\"\\u042e\\u043b\\u0438\\u044f \\u0416\\u0443\\u0448\\u043c\\u0430\\u043d\"}','188.163.41.173','2019-04-07 22:58:38'),(693,141,'order_account','{\"customer_id\":\"141\",\"name\":\"\\u042e\\u043b\\u0438\\u044f \\u0416\\u0443\\u0448\\u043c\\u0430\\u043d\",\"order_id\":415}','188.163.41.173','2019-04-07 22:59:59'),(694,141,'edit','{\"customer_id\":\"141\",\"name\":\"\\u042e\\u043b\\u0438\\u044f \\u0416\\u0443\\u0448\\u043c\\u0430\\u043d\"}','188.163.41.173','2019-04-07 23:00:47'),(695,111,'forgotten','{\"customer_id\":\"111\",\"name\":\"\\u041c\\u0430\\u0440\\u0438\\u043d\\u0430  \\u041a\\u043e\\u0437\\u043b\\u043e\\u0432\\u0430\"}','93.79.42.211','2019-04-08 13:53:34'),(696,58,'login','{\"customer_id\":\"58\",\"name\":\"\\u043b\\u044e\\u0434\\u043c\\u0438\\u043b\\u0430 \\u043a\\u0430\\u0440\\u043d\\u0430\\u0443\\u0445\"}','46.98.124.19','2019-04-10 15:07:53'),(697,58,'order_account','{\"customer_id\":\"58\",\"name\":\"\\u043b\\u044e\\u0434\\u043c\\u0438\\u043b\\u0430 \\u043a\\u0430\\u0440\\u043d\\u0430\\u0443\\u0445\",\"order_id\":416}','46.98.124.19','2019-04-10 15:08:14'),(698,142,'register','{\"customer_id\":142,\"name\":\"\\u0418\\u0440\\u0438\\u043d\\u0430 \\u0426\\u0438\\u0442\\u0443\\u043b\\u044c\\u0441\\u043a\\u0430\\u044f\"}','31.134.121.64','2019-04-11 06:50:57'),(699,46,'forgotten','{\"customer_id\":\"46\",\"name\":\"\\u041d\\u0430\\u0442\\u0430\\u043b\\u044c\\u044f \\u0412\\u043e\\u0440\\u043e\\u043d\\u0447\\u0443\\u043a\"}','91.200.3.238','2019-04-11 14:24:50'),(700,143,'register','{\"customer_id\":143,\"name\":\"\\u0428 pelovit.com \\u043a\\u043e \\u0429 pelovit.com \\u043d\\u0438\"}','95.81.215.67','2019-04-11 14:50:22'),(701,142,'login','{\"customer_id\":\"142\",\"name\":\"\\u0418\\u0440\\u0438\\u043d\\u0430 \\u0426\\u0438\\u0442\\u0443\\u043b\\u044c\\u0441\\u043a\\u0430\\u044f\"}','31.134.121.64','2019-04-11 16:51:15'),(702,144,'register','{\"customer_id\":144,\"name\":\"\\u0410\\u043b\\u0435\\u043a\\u0441\\u0430\\u043d\\u0434\\u0440\\u0430 \\u041c\\u0438\\u0440\\u043e\\u0448\\u043d\\u0438\\u043a\"}','46.211.91.65','2019-04-12 09:14:33'),(703,144,'order_account','{\"customer_id\":\"144\",\"name\":\"\\u0410\\u043b\\u0435\\u043a\\u0441\\u0430\\u043d\\u0434\\u0440\\u0430 \\u041c\\u0438\\u0440\\u043e\\u0448\\u043d\\u0438\\u043a\",\"order_id\":417}','46.211.91.65','2019-04-12 09:15:04'),(704,4,'login','{\"customer_id\":\"4\",\"name\":\"\\u0414\\u0430\\u043d\\u0438\\u0438\\u043b \\u0410\\u043d\\u0430\\u0442\\u043e\\u043b\\u044c\\u0435\\u0432\\u0438\\u0447 \\u0411\\u0430\\u0430\\u0434\\u0436\\u0438\"}','151.0.22.184','2019-04-13 10:47:36'),(705,4,'edit','{\"customer_id\":\"4\",\"name\":\"\\u0414\\u0430\\u043d\\u0438\\u0438\\u043b \\u0410\\u043d\\u0430\\u0442\\u043e\\u043b\\u044c\\u0435\\u0432\\u0438\\u0447 \\u0411\\u0430\\u0430\\u0434\\u0436\\u0438\"}','151.0.22.184','2019-04-13 10:47:56'),(706,4,'address_add','{\"customer_id\":\"4\",\"name\":\"\\u0414\\u0430\\u043d\\u0438\\u0438\\u043b \\u0410\\u043d\\u0430\\u0442\\u043e\\u043b\\u044c\\u0435\\u0432\\u0438\\u0447 \\u0411\\u0430\\u0430\\u0434\\u0436\\u0438\"}','151.0.22.184','2019-04-13 11:01:09'),(707,4,'order_account','{\"customer_id\":\"4\",\"name\":\"\\u0414\\u0430\\u043d\\u0438\\u0438\\u043b \\u0410\\u043d\\u0430\\u0442\\u043e\\u043b\\u044c\\u0435\\u0432\\u0438\\u0447 \\u0411\\u0430\\u0430\\u0434\\u0436\\u0438\",\"order_id\":418}','151.0.22.184','2019-04-13 11:01:29'),(708,145,'register','{\"customer_id\":145,\"name\":\"\\u041d\\u0430\\u0442\\u0430\\u043b\\u0438\\u044f \\u041f\\u043e\\u043d\\u043e\\u043c\\u0430\\u0440\\u0435\\u043d\\u043a\\u043e\"}','78.111.186.209','2019-04-13 19:19:16'),(709,142,'login','{\"customer_id\":\"142\",\"name\":\"\\u0418\\u0440\\u0438\\u043d\\u0430 \\u0426\\u0438\\u0442\\u0443\\u043b\\u044c\\u0441\\u043a\\u0430\\u044f\"}','31.134.121.64','2019-04-14 22:12:08'),(710,144,'login','{\"customer_id\":\"144\",\"name\":\"\\u0410\\u043b\\u0435\\u043a\\u0441\\u0430\\u043d\\u0434\\u0440\\u0430 \\u041c\\u0438\\u0440\\u043e\\u0448\\u043d\\u0438\\u043a\"}','46.211.81.125','2019-04-15 10:23:12'),(711,93,'login','{\"customer_id\":\"93\",\"name\":\"\\u0410\\u043b\\u0451\\u043d\\u0430  \\u041a\\u0443\\u0440\\u0433\\u0430\\u043d\\u0441\\u043a\\u0430\\u044f \"}','46.211.55.31','2019-04-16 21:26:37'),(712,93,'order_account','{\"customer_id\":\"93\",\"name\":\"\\u0410\\u043b\\u0451\\u043d\\u0430  \\u041a\\u0443\\u0440\\u0433\\u0430\\u043d\\u0441\\u043a\\u0430\\u044f \",\"order_id\":419}','46.211.55.31','2019-04-16 21:27:14'),(713,146,'register','{\"customer_id\":146,\"name\":\"\\u0410\\u043d\\u043d\\u0430  \\u0421\\u0443\\u0445\\u0430\\u043d\\u043e\\u0432\\u0430 \"}','46.33.239.117','2019-04-18 15:46:16'),(714,146,'order_account','{\"customer_id\":\"146\",\"name\":\"\\u0410\\u043d\\u043d\\u0430  \\u0421\\u0443\\u0445\\u0430\\u043d\\u043e\\u0432\\u0430 \",\"order_id\":421}','46.33.239.117','2019-04-18 15:47:27'),(715,147,'register','{\"customer_id\":147,\"name\":\"\\u041b\\u044e\\u0434\\u043c\\u0438\\u043b\\u0430 \\u041b\\u0443\\u0436\\u0430\\u043d\\u0441\\u043a\\u0430\\u044f\"}','213.231.28.53','2019-04-19 23:18:22'),(716,148,'register','{\"customer_id\":148,\"name\":\"chuck david\"}','95.211.224.199','2019-04-22 19:10:28'),(717,127,'login','{\"customer_id\":\"127\",\"name\":\"\\u0410\\u043d\\u0434\\u0440\\u0435\\u0439 \\u041a\\u0443\\u043b\\u0435\\u0448\\u0430\"}','188.163.26.51','2019-04-23 10:07:45'),(718,127,'address_add','{\"customer_id\":\"127\",\"name\":\"\\u0410\\u043d\\u0434\\u0440\\u0435\\u0439 \\u041a\\u0443\\u043b\\u0435\\u0448\\u0430\"}','188.163.26.51','2019-04-23 10:09:14'),(719,127,'order_account','{\"customer_id\":\"127\",\"name\":\"\\u0410\\u043d\\u0434\\u0440\\u0435\\u0439 \\u041a\\u0443\\u043b\\u0435\\u0448\\u0430\",\"order_id\":423}','188.163.26.51','2019-04-23 10:13:14'),(720,50,'forgotten','{\"customer_id\":\"50\",\"name\":\"\\u0412\\u0430\\u043b\\u0435\\u0440\\u0438\\u044f \\u0412\\u0430\\u043a\\u0443\\u043b\\u0435\\u043d\\u043a\\u043e\"}','84.47.133.6','2019-04-23 13:21:59'),(721,50,'forgotten','{\"customer_id\":\"50\",\"name\":\"\\u0412\\u0430\\u043b\\u0435\\u0440\\u0438\\u044f \\u0412\\u0430\\u043a\\u0443\\u043b\\u0435\\u043d\\u043a\\u043e\"}','84.47.133.6','2019-04-23 14:15:13'),(722,50,'login','{\"customer_id\":\"50\",\"name\":\"\\u0412\\u0430\\u043b\\u0435\\u0440\\u0438\\u044f \\u0412\\u0430\\u043a\\u0443\\u043b\\u0435\\u043d\\u043a\\u043e\"}','84.47.133.6','2019-04-23 14:16:29'),(723,149,'register','{\"customer_id\":149,\"name\":\"\\u041e\\u043a\\u0441\\u0430\\u043d\\u0430 \\u0410\\u043d\\u0434\\u0440\\u0435\\u0435\\u0432\\u0430\"}','178.93.40.20','2019-04-24 16:24:36'),(724,149,'order_account','{\"customer_id\":\"149\",\"name\":\"\\u041e\\u043a\\u0441\\u0430\\u043d\\u0430 \\u0410\\u043d\\u0434\\u0440\\u0435\\u0435\\u0432\\u0430\",\"order_id\":424}','178.93.40.20','2019-04-24 16:25:33'),(725,93,'login','{\"customer_id\":\"93\",\"name\":\"\\u0410\\u043b\\u0451\\u043d\\u0430  \\u041a\\u0443\\u0440\\u0433\\u0430\\u043d\\u0441\\u043a\\u0430\\u044f \"}','195.3.130.23','2019-04-30 10:12:05'),(726,93,'order_account','{\"customer_id\":\"93\",\"name\":\"\\u0410\\u043b\\u0451\\u043d\\u0430  \\u041a\\u0443\\u0440\\u0433\\u0430\\u043d\\u0441\\u043a\\u0430\\u044f \",\"order_id\":425}','195.3.130.23','2019-04-30 10:13:29'),(727,93,'login','{\"customer_id\":\"93\",\"name\":\"\\u0410\\u043b\\u0451\\u043d\\u0430  \\u041a\\u0443\\u0440\\u0433\\u0430\\u043d\\u0441\\u043a\\u0430\\u044f \"}','77.120.242.132','2019-05-02 19:25:53'),(728,150,'register','{\"customer_id\":150,\"name\":\"\\u041b\\u0435\\u043e\\u043d\\u0438\\u0434 \\u0412\\u0430\\u043b\\u0435\\u043d\\u0442\\u0438\\u043d\\u043e\\u0432\\u0438\\u0447 \\u041c\\u0430\\u043a\\u0441\\u0438\\u043c\\u0435\\u043d\\u043a\\u043e\"}','78.26.198.144','2019-05-03 14:06:05'),(729,150,'order_account','{\"customer_id\":\"150\",\"name\":\"\\u041b\\u0435\\u043e\\u043d\\u0438\\u0434 \\u0412\\u0430\\u043b\\u0435\\u043d\\u0442\\u0438\\u043d\\u043e\\u0432\\u0438\\u0447 \\u041c\\u0430\\u043a\\u0441\\u0438\\u043c\\u0435\\u043d\\u043a\\u043e\",\"order_id\":426}','78.26.198.144','2019-05-03 14:07:57'),(730,151,'register','{\"customer_id\":151,\"name\":\"\\u041b\\u044e\\u0434\\u043c\\u0438\\u043b\\u0430 \\u0428\\u0442\\u0435\\u043f\\u0430\"}','154.41.3.89','2019-05-03 14:47:32'),(731,93,'login','{\"customer_id\":\"93\",\"name\":\"\\u0410\\u043b\\u0451\\u043d\\u0430  \\u041a\\u0443\\u0440\\u0433\\u0430\\u043d\\u0441\\u043a\\u0430\\u044f \"}','46.211.71.208','2019-05-03 16:39:11'),(732,152,'register','{\"customer_id\":152,\"name\":\"\\u0413\\u0435\\u043d\\u043d\\u0430\\u0434\\u0438\\u0439 \\u0414\\u0430\\u0432\\u044b\\u0434\\u043e\\u0432\"}','194.187.28.63','2019-05-05 17:29:21'),(733,152,'order_account','{\"customer_id\":\"152\",\"name\":\"\\u0413\\u0435\\u043d\\u043d\\u0430\\u0434\\u0438\\u0439 \\u0414\\u0430\\u0432\\u044b\\u0434\\u043e\\u0432\",\"order_id\":427}','194.187.28.63','2019-05-05 17:32:58'),(734,153,'register','{\"customer_id\":153,\"name\":\"\\u0410\\u043b\\u0438\\u043d\\u0430  \\u041c\\u0438\\u043d\\u0447\\u0435\\u0432\\u0430\"}','188.130.179.18','2019-05-06 10:21:59'),(735,153,'order_account','{\"customer_id\":\"153\",\"name\":\"\\u0410\\u043b\\u0438\\u043d\\u0430  \\u041c\\u0438\\u043d\\u0447\\u0435\\u0432\\u0430\",\"order_id\":428}','188.130.179.18','2019-05-06 10:26:39'),(736,154,'register','{\"customer_id\":154,\"name\":\"\\u0410\\u043b\\u0438\\u043d\\u0430  \\u0427\\u043e\\u043f\\u0435\\u043d\\u043a\\u043e \"}','46.133.18.86','2019-05-08 14:37:30'),(737,154,'order_account','{\"customer_id\":\"154\",\"name\":\"\\u0410\\u043b\\u0438\\u043d\\u0430  \\u0427\\u043e\\u043f\\u0435\\u043d\\u043a\\u043e \",\"order_id\":429}','46.133.18.86','2019-05-08 14:38:04'),(738,155,'register','{\"customer_id\":155,\"name\":\"\\u0410\\u043d\\u0442\\u043e\\u043d \\u041a\\u0430\\u0447\\u0438\\u043d\\u0441\\u044c\\u043a\\u0438\\u0439\"}','93.171.248.19','2019-05-08 16:37:29'),(739,155,'address_add','{\"customer_id\":\"155\",\"name\":\"\\u0410\\u043d\\u0442\\u043e\\u043d \\u041a\\u0430\\u0447\\u0438\\u043d\\u0441\\u044c\\u043a\\u0438\\u0439\"}','93.171.248.19','2019-05-08 16:39:35'),(740,155,'order_account','{\"customer_id\":\"155\",\"name\":\"\\u0410\\u043d\\u0442\\u043e\\u043d \\u041a\\u0430\\u0447\\u0438\\u043d\\u0441\\u044c\\u043a\\u0438\\u0439\",\"order_id\":430}','93.171.248.19','2019-05-08 16:40:05'),(741,156,'register','{\"customer_id\":156,\"name\":\"\\u0418\\u0440\\u0438\\u043d\\u0430 \\u041f\\u044b\\u0445\\u0442\\u0438\\u043d\\u0430\"}','198.16.70.53','2019-05-17 14:43:49'),(742,156,'order_account','{\"customer_id\":\"156\",\"name\":\"\\u0418\\u0440\\u0438\\u043d\\u0430 \\u041f\\u044b\\u0445\\u0442\\u0438\\u043d\\u0430\",\"order_id\":432}','198.16.70.53','2019-05-17 14:44:55'),(743,93,'login','{\"customer_id\":\"93\",\"name\":\"\\u0410\\u043b\\u0451\\u043d\\u0430  \\u041a\\u0443\\u0440\\u0433\\u0430\\u043d\\u0441\\u043a\\u0430\\u044f \"}','46.211.98.136','2019-05-22 15:17:27'),(744,93,'order_account','{\"customer_id\":\"93\",\"name\":\"\\u0410\\u043b\\u0451\\u043d\\u0430  \\u041a\\u0443\\u0440\\u0433\\u0430\\u043d\\u0441\\u043a\\u0430\\u044f \",\"order_id\":434}','46.211.100.194','2019-05-22 15:20:31'),(745,93,'login','{\"customer_id\":\"93\",\"name\":\"\\u0410\\u043b\\u0451\\u043d\\u0430  \\u041a\\u0443\\u0440\\u0433\\u0430\\u043d\\u0441\\u043a\\u0430\\u044f \"}','46.211.111.161','2019-05-23 09:32:32'),(746,93,'edit','{\"customer_id\":\"93\",\"name\":\"\\u0410\\u043b\\u0451\\u043d\\u0430  \\u041a\\u0443\\u0440\\u0433\\u0430\\u043d\\u0441\\u043a\\u0430\\u044f \"}','46.211.111.161','2019-05-23 09:33:15'),(747,77,'login','{\"customer_id\":\"77\",\"name\":\"\\u041d\\u0430\\u0442\\u0430\\u043b\\u0438\\u044f \\u0414\\u0438\\u0445\\u0442\\u044f\\u0440\\u0435\\u043d\\u043a\\u043e\"}','213.160.145.133','2019-05-27 10:34:46'),(748,77,'order_account','{\"customer_id\":\"77\",\"name\":\"\\u041d\\u0430\\u0442\\u0430\\u043b\\u0438\\u044f \\u0414\\u0438\\u0445\\u0442\\u044f\\u0440\\u0435\\u043d\\u043a\\u043e\",\"order_id\":435}','213.160.145.133','2019-05-27 10:35:54'),(749,157,'register','{\"customer_id\":157,\"name\":\"\\u0414\\u043c\\u0438\\u0442\\u0440\\u043e Anashkin\"}','188.163.65.54','2019-06-01 18:33:53'),(750,157,'edit','{\"customer_id\":\"157\",\"name\":\"\\u0414\\u043c\\u0438\\u0442\\u0440\\u043e Anashkin\"}','188.163.65.54','2019-06-01 18:34:15'),(751,157,'address_add','{\"customer_id\":\"157\",\"name\":\"\\u0414\\u043c\\u0438\\u0442\\u0440\\u043e Anashkin\"}','188.163.65.54','2019-06-01 18:38:47'),(752,157,'order_account','{\"customer_id\":\"157\",\"name\":\"\\u0414\\u043c\\u0438\\u0442\\u0440\\u043e Anashkin\",\"order_id\":436}','188.163.65.54','2019-06-01 18:39:15'),(753,157,'edit','{\"customer_id\":\"157\",\"name\":\"\\u0414\\u043c\\u0438\\u0442\\u0440\\u043e Anashkin\"}','188.163.65.54','2019-06-01 18:40:01'),(754,78,'forgotten','{\"customer_id\":\"78\",\"name\":\"\\u0422\\u0435\\u0442\\u044f\\u043d\\u0430 \\u0420\\u0443\\u0434\\u0430\"}','46.63.61.138','2019-06-02 10:44:42'),(755,78,'reset','{\"customer_id\":\"78\",\"name\":\"\\u0422\\u0435\\u0442\\u044f\\u043d\\u0430 \\u0420\\u0443\\u0434\\u0430\"}','46.63.61.138','2019-06-02 10:48:26'),(756,158,'register','{\"customer_id\":158,\"name\":\"\\u042d\\u043b\\u0435\\u043e\\u043d\\u043e\\u0440\\u0430  \\u041f\\u0440\\u0438\\u0439\\u043c\\u0430\\u043a\"}','78.26.151.75','2019-06-02 14:41:12'),(757,158,'address_add','{\"customer_id\":\"158\",\"name\":\"\\u042d\\u043b\\u0435\\u043e\\u043d\\u043e\\u0440\\u0430  \\u041f\\u0440\\u0438\\u0439\\u043c\\u0430\\u043a\"}','78.26.151.75','2019-06-02 14:53:14'),(758,15,'login','{\"customer_id\":\"15\",\"name\":\"\\u0435\\u043b\\u0435\\u043d\\u0430 \\u0441\\u044b\\u0440\\u043e\\u0432\\u0435\\u0442\\u043d\\u0438\\u043a\"}','109.251.117.46','2019-06-04 17:08:19'),(759,15,'order_account','{\"customer_id\":\"15\",\"name\":\"\\u0435\\u043b\\u0435\\u043d\\u0430 \\u0441\\u044b\\u0440\\u043e\\u0432\\u0435\\u0442\\u043d\\u0438\\u043a\",\"order_id\":438}','109.251.117.46','2019-06-04 17:08:52'),(760,27,'forgotten','{\"customer_id\":\"27\",\"name\":\"\\u0413\\u0430\\u043b\\u0438\\u043d\\u0430 \\u041f\\u0440\\u043e\\u0437\\u043e\\u0440\\u044f\"}','193.108.250.218','2019-06-06 07:38:08'),(761,27,'reset','{\"customer_id\":\"27\",\"name\":\"\\u0413\\u0430\\u043b\\u0438\\u043d\\u0430 \\u041f\\u0440\\u043e\\u0437\\u043e\\u0440\\u044f\"}','193.108.250.218','2019-06-06 07:39:51'),(762,27,'login','{\"customer_id\":\"27\",\"name\":\"\\u0413\\u0430\\u043b\\u0438\\u043d\\u0430 \\u041f\\u0440\\u043e\\u0437\\u043e\\u0440\\u044f\"}','193.108.250.218','2019-06-06 07:40:40'),(763,27,'edit','{\"customer_id\":\"27\",\"name\":\"\\u0413\\u0430\\u043b\\u0438\\u043d\\u0430 \\u041f\\u0440\\u043e\\u0437\\u043e\\u0440\\u044f\"}','193.108.250.218','2019-06-06 08:02:57'),(764,27,'address_add','{\"customer_id\":\"27\",\"name\":\"\\u0413\\u0430\\u043b\\u0438\\u043d\\u0430 \\u041f\\u0440\\u043e\\u0437\\u043e\\u0440\\u044f\"}','193.108.250.218','2019-06-06 08:04:33'),(765,27,'order_account','{\"customer_id\":\"27\",\"name\":\"\\u0413\\u0430\\u043b\\u0438\\u043d\\u0430 \\u041f\\u0440\\u043e\\u0437\\u043e\\u0440\\u044f\",\"order_id\":439}','193.108.250.218','2019-06-06 08:05:27'),(766,156,'login','{\"customer_id\":\"156\",\"name\":\"\\u0418\\u0440\\u0438\\u043d\\u0430 \\u041f\\u044b\\u0445\\u0442\\u0438\\u043d\\u0430\"}','167.99.222.250','2019-06-08 21:58:23'),(767,159,'register','{\"customer_id\":159,\"name\":\"\\u0410\\u043d\\u043d\\u0430 \\u041e\\u0441\\u0442\\u0440\\u043e\\u0432\\u0441\\u043a\\u0430\\u044f \"}','212.90.63.134','2019-06-09 17:04:26'),(768,159,'order_account','{\"customer_id\":\"159\",\"name\":\"\\u0410\\u043d\\u043d\\u0430 \\u041e\\u0441\\u0442\\u0440\\u043e\\u0432\\u0441\\u043a\\u0430\\u044f \",\"order_id\":440}','212.90.63.134','2019-06-09 17:05:15'),(769,159,'login','{\"customer_id\":\"159\",\"name\":\"\\u0410\\u043d\\u043d\\u0430 \\u041e\\u0441\\u0442\\u0440\\u043e\\u0432\\u0441\\u043a\\u0430\\u044f \"}','46.211.100.214','2019-06-12 09:54:08'),(770,159,'order_account','{\"customer_id\":\"159\",\"name\":\"\\u0410\\u043d\\u043d\\u0430 \\u041e\\u0441\\u0442\\u0440\\u043e\\u0432\\u0441\\u043a\\u0430\\u044f \",\"order_id\":441}','46.211.100.214','2019-06-12 09:55:20'),(771,160,'register','{\"customer_id\":160,\"name\":\" \\u0415\\u043b\\u0435\\u043d\\u0430 \\u041f\\u0435\\u0442\\u0440\\u0438\\u0447\\u0435\\u043d\\u043a\\u043e\"}','95.158.60.27','2019-06-14 15:23:59'),(772,160,'order_account','{\"customer_id\":\"160\",\"name\":\" \\u0415\\u043b\\u0435\\u043d\\u0430 \\u041f\\u0435\\u0442\\u0440\\u0438\\u0447\\u0435\\u043d\\u043a\\u043e\",\"order_id\":442}','95.158.60.27','2019-06-14 15:26:05'),(773,161,'register','{\"customer_id\":161,\"name\":\"\\u0410\\u043d\\u043d\\u0430 \\u041d\\u0435\\u0441\\u0442\\u0435\\u0440\\u0435\\u043d\\u043a\\u043e \"}','193.194.107.75','2019-06-18 23:07:53'),(774,161,'order_account','{\"customer_id\":\"161\",\"name\":\"\\u0410\\u043d\\u043d\\u0430 \\u041d\\u0435\\u0441\\u0442\\u0435\\u0440\\u0435\\u043d\\u043a\\u043e \",\"order_id\":443}','193.194.107.75','2019-06-18 23:13:52'),(775,128,'login','{\"customer_id\":\"128\",\"name\":\"\\u041e\\u043a\\u0441\\u0430\\u043d\\u0430 \\u0422\\u0430\\u0448\\u043f\\u0443\\u043b\\u0430\\u0442\\u043e\\u0432\\u0430\"}','78.26.151.242','2019-06-19 10:35:56'),(776,128,'order_account','{\"customer_id\":\"128\",\"name\":\"\\u041e\\u043a\\u0441\\u0430\\u043d\\u0430 \\u0422\\u0430\\u0448\\u043f\\u0443\\u043b\\u0430\\u0442\\u043e\\u0432\\u0430\",\"order_id\":444}','78.26.151.242','2019-06-19 11:07:57'),(777,142,'login','{\"customer_id\":\"142\",\"name\":\"\\u0418\\u0440\\u0438\\u043d\\u0430 \\u0426\\u0438\\u0442\\u0443\\u043b\\u044c\\u0441\\u043a\\u0430\\u044f\"}','31.134.121.64','2019-06-21 00:09:03'),(778,162,'register','{\"customer_id\":162,\"name\":\"\\u0418\\u0440\\u0438\\u043d\\u0430 \\u041c\\u043e\\u043b\\u0438\\u0431\\u043e\\u0433\\u0430\"}','82.196.9.195','2019-06-23 12:42:59'),(779,162,'order_account','{\"customer_id\":\"162\",\"name\":\"\\u0418\\u0440\\u0438\\u043d\\u0430 \\u041c\\u043e\\u043b\\u0438\\u0431\\u043e\\u0433\\u0430\",\"order_id\":445}','82.196.9.195','2019-06-23 12:43:23'),(780,156,'login','{\"customer_id\":\"156\",\"name\":\"\\u0418\\u0440\\u0438\\u043d\\u0430 \\u041f\\u044b\\u0445\\u0442\\u0438\\u043d\\u0430\"}','77.111.244.56','2019-06-24 15:05:53'),(781,156,'edit','{\"customer_id\":\"156\",\"name\":\"\\u0418\\u0440\\u0438\\u043d\\u0430 \\u041f\\u044b\\u0445\\u0442\\u0438\\u043d\\u0430\"}','77.111.244.56','2019-06-24 15:06:34'),(782,156,'order_account','{\"customer_id\":\"156\",\"name\":\"\\u0418\\u0440\\u0438\\u043d\\u0430 \\u041f\\u044b\\u0445\\u0442\\u0438\\u043d\\u0430\",\"order_id\":446}','77.111.244.56','2019-06-24 15:10:13'),(783,163,'register','{\"customer_id\":163,\"name\":\"\\u042f\\u0440\\u043e\\u0441\\u043b\\u0430\\u0432  \\u042f\\u043d\\u0435\\u043d\\u043a\\u043e \"}','95.47.249.121','2019-06-24 19:59:17'),(784,163,'order_account','{\"customer_id\":\"163\",\"name\":\"\\u042f\\u0440\\u043e\\u0441\\u043b\\u0430\\u0432  \\u042f\\u043d\\u0435\\u043d\\u043a\\u043e \",\"order_id\":447}','95.47.249.121','2019-06-24 20:00:21'),(785,140,'login','{\"customer_id\":\"140\",\"name\":\"\\u0415\\u043a\\u0430\\u0442\\u0435\\u0440\\u0438\\u043d\\u0430 \\u0421\\u044b\\u0447-\\u041f\\u043e\\u0434\\u0435\\u043d\\u043d\\u0430\\u044f\"}','193.178.51.128','2019-06-26 00:54:01'),(786,140,'order_account','{\"customer_id\":\"140\",\"name\":\"\\u0415\\u043a\\u0430\\u0442\\u0435\\u0440\\u0438\\u043d\\u0430 \\u0421\\u044b\\u0447-\\u041f\\u043e\\u0434\\u0435\\u043d\\u043d\\u0430\\u044f\",\"order_id\":448}','193.178.51.128','2019-06-26 00:54:49'),(787,157,'login','{\"customer_id\":\"157\",\"name\":\"\\u0414\\u043c\\u0438\\u0442\\u0440\\u043e Anashkin\"}','188.163.65.54','2019-07-01 15:54:01'),(788,157,'address_add','{\"customer_id\":\"157\",\"name\":\"\\u0414\\u043c\\u0438\\u0442\\u0440\\u043e Anashkin\"}','188.163.65.54','2019-07-01 15:56:08'),(789,157,'order_account','{\"customer_id\":\"157\",\"name\":\"\\u0414\\u043c\\u0438\\u0442\\u0440\\u043e Anashkin\",\"order_id\":449}','188.163.65.54','2019-07-01 15:56:29'),(790,164,'register','{\"customer_id\":164,\"name\":\"\\u041c\\u0430\\u0440\\u0438\\u043d\\u0430 \\u041c\\u0438\\u043a\\u0438\\u0442\\u0435\\u043d\\u043a\\u043e\"}','212.90.62.135','2019-07-06 01:21:27'),(791,164,'order_account','{\"customer_id\":\"164\",\"name\":\"\\u041c\\u0430\\u0440\\u0438\\u043d\\u0430 \\u041c\\u0438\\u043a\\u0438\\u0442\\u0435\\u043d\\u043a\\u043e\",\"order_id\":450}','212.90.62.135','2019-07-06 01:22:44'),(792,142,'login','{\"customer_id\":\"142\",\"name\":\"\\u0418\\u0440\\u0438\\u043d\\u0430 \\u0426\\u0438\\u0442\\u0443\\u043b\\u044c\\u0441\\u043a\\u0430\\u044f\"}','31.134.121.64','2019-07-07 07:31:51'),(793,164,'login','{\"customer_id\":\"164\",\"name\":\"\\u041c\\u0430\\u0440\\u0438\\u043d\\u0430 \\u041c\\u0438\\u043a\\u0438\\u0442\\u0435\\u043d\\u043a\\u043e\"}','212.90.62.135','2019-07-08 10:17:42'),(794,142,'login','{\"customer_id\":\"142\",\"name\":\"\\u0418\\u0440\\u0438\\u043d\\u0430 \\u0426\\u0438\\u0442\\u0443\\u043b\\u044c\\u0441\\u043a\\u0430\\u044f\"}','31.134.121.64','2019-07-11 21:29:16'),(795,165,'register','{\"customer_id\":165,\"name\":\"\\u0410\\u043d\\u043d\\u0430 \\u041f\\u0430\\u0441\\u0435\\u043d\\u0447\\u0435\\u043d\\u043a\\u043e \"}','31.172.136.160','2019-07-12 20:55:36'),(796,165,'address_add','{\"customer_id\":\"165\",\"name\":\"\\u0410\\u043d\\u043d\\u0430 \\u041f\\u0430\\u0441\\u0435\\u043d\\u0447\\u0435\\u043d\\u043a\\u043e \"}','31.172.136.160','2019-07-12 21:00:00'),(797,165,'order_account','{\"customer_id\":\"165\",\"name\":\"\\u0410\\u043d\\u043d\\u0430 \\u041f\\u0430\\u0441\\u0435\\u043d\\u0447\\u0435\\u043d\\u043a\\u043e \",\"order_id\":452}','31.172.136.160','2019-07-12 21:01:00'),(798,159,'login','{\"customer_id\":\"159\",\"name\":\"\\u0410\\u043d\\u043d\\u0430 \\u041e\\u0441\\u0442\\u0440\\u043e\\u0432\\u0441\\u043a\\u0430\\u044f \"}','212.90.63.134','2019-07-13 08:53:32'),(799,159,'order_account','{\"customer_id\":\"159\",\"name\":\"\\u0410\\u043d\\u043d\\u0430 \\u041e\\u0441\\u0442\\u0440\\u043e\\u0432\\u0441\\u043a\\u0430\\u044f \",\"order_id\":453}','212.90.63.134','2019-07-13 09:01:16'),(800,166,'register','{\"customer_id\":166,\"name\":\"\\u0412\\u0438\\u043a\\u0442\\u043e\\u0440\\u0438\\u044f \\u041e\\u0441\\u0438\\u043d\\u0446\\u0435\\u0432\\u0430\"}','130.0.50.15','2019-07-13 09:41:06'),(801,166,'order_account','{\"customer_id\":\"166\",\"name\":\"\\u0412\\u0438\\u043a\\u0442\\u043e\\u0440\\u0438\\u044f \\u041e\\u0441\\u0438\\u043d\\u0446\\u0435\\u0432\\u0430\",\"order_id\":454}','130.0.50.15','2019-07-13 10:06:36'),(802,166,'login','{\"customer_id\":\"166\",\"name\":\"\\u0412\\u0438\\u043a\\u0442\\u043e\\u0440\\u0438\\u044f \\u041e\\u0441\\u0438\\u043d\\u0446\\u0435\\u0432\\u0430\"}','130.0.50.15','2019-07-13 11:29:20'),(803,167,'register','{\"customer_id\":167,\"name\":\"\\u0421\\u0432\\u0435\\u0442\\u043b\\u0430\\u043d\\u0430 \\u0413\\u0443\\u0440\\u0438\\u043d\\u0435\\u0446\\u044c\"}','31.128.252.141','2019-07-14 18:07:43'),(804,167,'order_account','{\"customer_id\":\"167\",\"name\":\"\\u0421\\u0432\\u0435\\u0442\\u043b\\u0430\\u043d\\u0430 \\u0413\\u0443\\u0440\\u0438\\u043d\\u0435\\u0446\\u044c\",\"order_id\":455}','31.128.252.141','2019-07-14 18:08:26'),(805,163,'login','{\"customer_id\":\"163\",\"name\":\"\\u042f\\u0440\\u043e\\u0441\\u043b\\u0430\\u0432  \\u042f\\u043d\\u0435\\u043d\\u043a\\u043e \"}','95.47.249.121','2019-07-15 15:26:22'),(806,163,'order_account','{\"customer_id\":\"163\",\"name\":\"\\u042f\\u0440\\u043e\\u0441\\u043b\\u0430\\u0432  \\u042f\\u043d\\u0435\\u043d\\u043a\\u043e \",\"order_id\":457}','95.47.249.121','2019-07-15 15:28:57'),(807,168,'register','{\"customer_id\":168,\"name\":\"\\u041d\\u0438\\u043d\\u0430 \\u0410\\u0434\\u0438\\u0430\\u043d\\u043e\\u0432\\u0430\"}','31.31.98.187','2019-07-18 11:51:07'),(808,168,'order_account','{\"customer_id\":\"168\",\"name\":\"\\u041d\\u0438\\u043d\\u0430 \\u0410\\u0434\\u0438\\u0430\\u043d\\u043e\\u0432\\u0430\",\"order_id\":458}','31.31.98.187','2019-07-18 11:51:54'),(809,169,'register','{\"customer_id\":169,\"name\":\"Daniel Morrons\"}','5.164.224.5','2019-07-19 03:16:01'),(810,166,'login','{\"customer_id\":\"166\",\"name\":\"\\u0412\\u0438\\u043a\\u0442\\u043e\\u0440\\u0438\\u044f \\u041e\\u0441\\u0438\\u043d\\u0446\\u0435\\u0432\\u0430\"}','212.178.28.94','2019-07-19 17:37:43'),(811,166,'order_account','{\"customer_id\":\"166\",\"name\":\"\\u0412\\u0438\\u043a\\u0442\\u043e\\u0440\\u0438\\u044f \\u041e\\u0441\\u0438\\u043d\\u0446\\u0435\\u0432\\u0430\",\"order_id\":459}','212.178.28.94','2019-07-19 19:00:12'),(812,93,'login','{\"customer_id\":\"93\",\"name\":\"\\u0410\\u043b\\u0451\\u043d\\u0430  \\u041a\\u0443\\u0440\\u0433\\u0430\\u043d\\u0441\\u043a\\u0430\\u044f \"}','46.175.23.27','2019-07-19 23:15:33'),(813,93,'order_account','{\"customer_id\":\"93\",\"name\":\"\\u0410\\u043b\\u0451\\u043d\\u0430  \\u041a\\u0443\\u0440\\u0433\\u0430\\u043d\\u0441\\u043a\\u0430\\u044f \",\"order_id\":461}','66.102.9.20','2019-07-19 23:16:43'),(814,170,'register','{\"customer_id\":170,\"name\":\"\\u0410\\u043d\\u043d\\u0430 \\u041a\\u0440\\u0430\\u043f\\u0438\\u0432\\u043d\\u0430\\u044f\"}','188.115.168.3','2019-07-21 18:01:08'),(815,171,'register','{\"customer_id\":171,\"name\":\"\\u0432\\u0438\\u043a\\u0442\\u043e\\u0440\\u0438\\u044f \\u043a\\u043e\\u0441\\u044c\\u043c\\u0438\\u043d\\u0430\"}','37.57.86.146','2019-07-23 14:34:12'),(816,171,'order_account','{\"customer_id\":\"171\",\"name\":\"\\u0432\\u0438\\u043a\\u0442\\u043e\\u0440\\u0438\\u044f \\u043a\\u043e\\u0441\\u044c\\u043c\\u0438\\u043d\\u0430\",\"order_id\":462}','37.57.86.146','2019-07-23 14:36:20'),(817,164,'login','{\"customer_id\":\"164\",\"name\":\"\\u041c\\u0430\\u0440\\u0438\\u043d\\u0430 \\u041c\\u0438\\u043a\\u0438\\u0442\\u0435\\u043d\\u043a\\u043e\"}','195.138.73.181','2019-07-24 11:48:46'),(818,172,'register','{\"customer_id\":172,\"name\":\"Anna Zakharova\"}','37.73.136.125','2019-07-27 11:41:40'),(819,172,'order_account','{\"customer_id\":\"172\",\"name\":\"Anna Zakharova\",\"order_id\":463}','37.73.136.125','2019-07-27 11:42:20'),(820,173,'register','{\"customer_id\":173,\"name\":\"\\u041b\\u0438\\u043b\\u0438\\u044f \\u041d\\u0435\\u0434\\u044f\\u043b\\u043a\\u043e\\u0432\\u0430\"}','195.138.82.230','2019-07-29 09:54:44'),(821,173,'order_account','{\"customer_id\":\"173\",\"name\":\"\\u041b\\u0438\\u043b\\u0438\\u044f \\u041d\\u0435\\u0434\\u044f\\u043b\\u043a\\u043e\\u0432\\u0430\",\"order_id\":464}','195.138.82.230','2019-07-29 09:57:16'),(822,174,'register','{\"customer_id\":174,\"name\":\"\\u0421\\u0435\\u0440\\u0433\\u0435\\u0439 \\u0428\\u0443\\u043c\\u0430\\u043a\\u043e\\u0432\"}','83.143.233.131','2019-07-30 10:05:40'),(823,174,'order_account','{\"customer_id\":\"174\",\"name\":\"\\u0421\\u0435\\u0440\\u0433\\u0435\\u0439 \\u0428\\u0443\\u043c\\u0430\\u043a\\u043e\\u0432\",\"order_id\":465}','83.143.233.131','2019-07-30 10:06:27'),(824,139,'login','{\"customer_id\":\"139\",\"name\":\"\\u041c\\u0430\\u0440\\u0438\\u043d\\u0430 \\u0423\\u0432\\u0430\\u0440\\u043e\\u0432\\u0430\"}','213.111.90.108','2019-07-31 22:04:36'),(825,139,'order_account','{\"customer_id\":\"139\",\"name\":\"\\u041c\\u0430\\u0440\\u0438\\u043d\\u0430 \\u0423\\u0432\\u0430\\u0440\\u043e\\u0432\\u0430\",\"order_id\":466}','66.102.9.22','2019-07-31 22:05:36'),(826,175,'register','{\"customer_id\":175,\"name\":\"\\u0412\\u0430\\u043b\\u0435\\u0440\\u0438\\u0439 \\u0421\\u043a\\u043b\\u044f\\u0440\\u0435\\u043d\\u043a\\u043e\"}','178.151.51.182','2019-08-02 20:46:53'),(827,175,'order_account','{\"customer_id\":\"175\",\"name\":\"\\u0412\\u0430\\u043b\\u0435\\u0440\\u0438\\u0439 \\u0421\\u043a\\u043b\\u044f\\u0440\\u0435\\u043d\\u043a\\u043e\",\"order_id\":467}','178.151.51.182','2019-08-02 20:49:18'),(828,172,'login','{\"customer_id\":\"172\",\"name\":\"Anna Zakharova\"}','94.158.91.188','2019-08-03 23:22:51'),(829,166,'login','{\"customer_id\":\"166\",\"name\":\"\\u0412\\u0438\\u043a\\u0442\\u043e\\u0440\\u0438\\u044f \\u041e\\u0441\\u0438\\u043d\\u0446\\u0435\\u0432\\u0430\"}','185.177.241.183','2019-08-05 20:21:23'),(830,166,'order_account','{\"customer_id\":\"166\",\"name\":\"\\u0412\\u0438\\u043a\\u0442\\u043e\\u0440\\u0438\\u044f \\u041e\\u0441\\u0438\\u043d\\u0446\\u0435\\u0432\\u0430\",\"order_id\":468}','185.177.241.183','2019-08-05 20:21:57'),(831,176,'register','{\"customer_id\":176,\"name\":\"Daniel Morrons\"}','5.164.212.19','2019-08-07 19:46:41'),(832,89,'login','{\"customer_id\":\"89\",\"name\":\"\\u0438\\u0440\\u0438\\u043d\\u0430 \\u0434\\u0440\\u043e\\u0437\\u0434\\u043e\\u0432\\u0430\"}','77.111.247.65','2019-08-11 15:59:33'),(833,177,'register','{\"customer_id\":177,\"name\":\"\\u0418\\u0440\\u0438\\u043d\\u0430  \\u0415\\u0437\\u0443\\u0441\"}','85.238.102.83','2019-08-12 20:46:38'),(834,177,'order_account','{\"customer_id\":\"177\",\"name\":\"\\u0418\\u0440\\u0438\\u043d\\u0430  \\u0415\\u0437\\u0443\\u0441\",\"order_id\":469}','85.238.102.83','2019-08-12 20:47:13'),(835,89,'login','{\"customer_id\":\"89\",\"name\":\"\\u0438\\u0440\\u0438\\u043d\\u0430 \\u0434\\u0440\\u043e\\u0437\\u0434\\u043e\\u0432\\u0430\"}','188.163.40.80','2019-08-15 10:34:14'),(836,89,'order_account','{\"customer_id\":\"89\",\"name\":\"\\u0438\\u0440\\u0438\\u043d\\u0430 \\u0434\\u0440\\u043e\\u0437\\u0434\\u043e\\u0432\\u0430\",\"order_id\":470}','188.163.40.80','2019-08-15 11:30:17'),(837,155,'login','{\"customer_id\":\"155\",\"name\":\"\\u0410\\u043d\\u0442\\u043e\\u043d \\u041a\\u0430\\u0447\\u0438\\u043d\\u0441\\u044c\\u043a\\u0438\\u0439\"}','93.171.248.19','2019-08-15 15:06:32'),(838,155,'order_account','{\"customer_id\":\"155\",\"name\":\"\\u0410\\u043d\\u0442\\u043e\\u043d \\u041a\\u0430\\u0447\\u0438\\u043d\\u0441\\u044c\\u043a\\u0438\\u0439\",\"order_id\":471}','93.171.248.19','2019-08-15 15:11:24'),(839,178,'register','{\"customer_id\":178,\"name\":\"Marina Isadchenko\"}','176.37.8.173','2019-08-16 11:31:44'),(840,178,'order_account','{\"customer_id\":\"178\",\"name\":\"Marina Isadchenko\",\"order_id\":472}','176.37.8.173','2019-08-16 11:32:16'),(841,179,'register','{\"customer_id\":179,\"name\":\"\\u0406\\u0432\\u0430\\u043d \\u041b\\u0443\\u0431\\u0456\\u0432\"}','93.170.116.194','2019-08-16 11:45:54'),(842,179,'order_account','{\"customer_id\":\"179\",\"name\":\"\\u0406\\u0432\\u0430\\u043d \\u041b\\u0443\\u0431\\u0456\\u0432\",\"order_id\":473}','93.170.116.194','2019-08-16 11:46:23'),(843,180,'register','{\"customer_id\":180,\"name\":\"\\u041e\\u043b\\u0435\\u0433 \\u0413\\u043e\\u0440\\u0435\\u0441\\u043a\\u0443\\u043b\"}','78.26.209.125','2019-08-16 16:08:37'),(844,180,'edit','{\"customer_id\":\"180\",\"name\":\"\\u041e\\u043b\\u0435\\u0433 \\u0413\\u043e\\u0440\\u0435\\u0441\\u043a\\u0443\\u043b\"}','78.26.209.125','2019-08-16 16:09:00'),(845,180,'order_account','{\"customer_id\":\"180\",\"name\":\"\\u041e\\u043b\\u0435\\u0433 \\u0413\\u043e\\u0440\\u0435\\u0441\\u043a\\u0443\\u043b\",\"order_id\":474}','78.26.209.125','2019-08-16 16:11:58'),(846,181,'register','{\"customer_id\":181,\"name\":\"\\u0421\\u0432\\u0435\\u0442\\u043b\\u0430\\u043d\\u0430 \\u0412\\u0435\\u0440\\u0431\\u0438\\u043b\\u043e\"}','188.130.178.66','2019-08-17 11:52:54'),(847,181,'order_account','{\"customer_id\":\"181\",\"name\":\"\\u0421\\u0432\\u0435\\u0442\\u043b\\u0430\\u043d\\u0430 \\u0412\\u0435\\u0440\\u0431\\u0438\\u043b\\u043e\",\"order_id\":475}','66.249.81.146','2019-08-17 11:53:56'),(848,182,'register','{\"customer_id\":182,\"name\":\"\\u0412\\u0438\\u0442\\u0430\\u043b\\u0438\\u043a \\u041c\\u043e\\u0441\\u043a\\u0430\\u043b\\u0438\\u043a\"}','37.203.16.148','2019-08-17 19:00:34'),(849,182,'edit','{\"customer_id\":\"182\",\"name\":\"\\u0412\\u0438\\u0442\\u0430\\u043b\\u0438\\u043a \\u041c\\u043e\\u0441\\u043a\\u0430\\u043b\\u0438\\u043a\"}','37.203.16.148','2019-08-17 19:01:29'),(850,182,'order_account','{\"customer_id\":\"182\",\"name\":\"\\u0412\\u0438\\u0442\\u0430\\u043b\\u0438\\u043a \\u041c\\u043e\\u0441\\u043a\\u0430\\u043b\\u0438\\u043a\",\"order_id\":476}','37.203.16.148','2019-08-17 19:03:13'),(851,182,'order_account','{\"customer_id\":\"182\",\"name\":\"\\u0412\\u0438\\u0442\\u0430\\u043b\\u0438\\u043a \\u041c\\u043e\\u0441\\u043a\\u0430\\u043b\\u0438\\u043a\",\"order_id\":477}','37.203.16.148','2019-08-17 19:07:47'),(852,177,'login','{\"customer_id\":\"177\",\"name\":\"\\u0418\\u0440\\u0438\\u043d\\u0430  \\u0415\\u0437\\u0443\\u0441\"}','83.142.111.197','2019-08-22 13:56:03'),(853,177,'order_account','{\"customer_id\":\"177\",\"name\":\"\\u0418\\u0440\\u0438\\u043d\\u0430  \\u0415\\u0437\\u0443\\u0441\",\"order_id\":478}','83.142.111.197','2019-08-22 13:56:27'),(854,177,'login','{\"customer_id\":\"177\",\"name\":\"\\u0418\\u0440\\u0438\\u043d\\u0430  \\u0415\\u0437\\u0443\\u0441\"}','37.73.156.182','2019-08-22 15:00:41'),(855,183,'register','{\"customer_id\":183,\"name\":\"\\u0412\\u0438\\u043a\\u0442\\u043e\\u0440\\u0438\\u044f \\u041e\\u0441\\u0438\\u043f\\u0435\\u043d\\u043a\\u043e\"}','95.164.44.104','2019-08-23 12:45:59'),(856,183,'order_account','{\"customer_id\":\"183\",\"name\":\"\\u0412\\u0438\\u043a\\u0442\\u043e\\u0440\\u0438\\u044f \\u041e\\u0441\\u0438\\u043f\\u0435\\u043d\\u043a\\u043e\",\"order_id\":479}','95.164.44.104','2019-08-23 12:48:04'),(857,183,'login','{\"customer_id\":\"183\",\"name\":\"\\u0412\\u0438\\u043a\\u0442\\u043e\\u0440\\u0438\\u044f \\u041e\\u0441\\u0438\\u043f\\u0435\\u043d\\u043a\\u043e\"}','95.164.44.104','2019-08-23 13:30:18'),(858,184,'register','{\"customer_id\":184,\"name\":\"\\u0412\\u0438\\u043a\\u0442\\u043e\\u0440\\u0438\\u044f \\u041a\\u043e\\u0441\\u0430\\u0447\\u0435\\u043d\\u043a\\u043e\"}','79.142.207.69','2019-08-24 18:38:39'),(859,184,'order_account','{\"customer_id\":\"184\",\"name\":\"\\u0412\\u0438\\u043a\\u0442\\u043e\\u0440\\u0438\\u044f \\u041a\\u043e\\u0441\\u0430\\u0447\\u0435\\u043d\\u043a\\u043e\",\"order_id\":480}','79.142.207.69','2019-08-24 18:42:03'),(860,155,'login','{\"customer_id\":\"155\",\"name\":\"\\u0410\\u043d\\u0442\\u043e\\u043d \\u041a\\u0430\\u0447\\u0438\\u043d\\u0441\\u044c\\u043a\\u0438\\u0439\"}','46.219.231.102','2019-08-26 23:02:30'),(861,77,'login','{\"customer_id\":\"77\",\"name\":\"\\u041d\\u0430\\u0442\\u0430\\u043b\\u0438\\u044f \\u0414\\u0438\\u0445\\u0442\\u044f\\u0440\\u0435\\u043d\\u043a\\u043e\"}','109.207.199.88','2019-09-02 21:15:29'),(862,77,'order_account','{\"customer_id\":\"77\",\"name\":\"\\u041d\\u0430\\u0442\\u0430\\u043b\\u0438\\u044f \\u0414\\u0438\\u0445\\u0442\\u044f\\u0440\\u0435\\u043d\\u043a\\u043e\",\"order_id\":481}','109.207.199.88','2019-09-02 21:15:55'),(863,185,'register','{\"customer_id\":185,\"name\":\"\\u041c\\u0430\\u0440\\u0438\\u044f  \\u041f\\u0430\\u0445\\u043e\\u043b\\u044c\\u0447\\u0443\\u043a\"}','193.104.16.14','2019-09-04 17:23:08'),(864,185,'order_account','{\"customer_id\":\"185\",\"name\":\"\\u041c\\u0430\\u0440\\u0438\\u044f  \\u041f\\u0430\\u0445\\u043e\\u043b\\u044c\\u0447\\u0443\\u043a\",\"order_id\":482}','193.104.16.14','2019-09-04 17:27:39'),(865,186,'register','{\"customer_id\":186,\"name\":\"E\\u043b\\u0435\\u043d\\u0430 \\u041b\\u0430\\u0437\\u0430\\u0440\\u0435\\u043d\\u043a\\u043e\"}','178.251.109.248','2019-09-05 10:57:07'),(866,186,'order_account','{\"customer_id\":\"186\",\"name\":\"E\\u043b\\u0435\\u043d\\u0430 \\u041b\\u0430\\u0437\\u0430\\u0440\\u0435\\u043d\\u043a\\u043e\",\"order_id\":483}','178.251.109.248','2019-09-05 10:57:55'),(867,187,'register','{\"customer_id\":187,\"name\":\"\\u041d\\u0430\\u0442\\u0430\\u043b\\u0456\\u044f \\u041f\\u0435\\u0442\\u0440\\u0438\\u0447\\u0435\\u043d\\u043a\\u043e\"}','217.20.173.81','2019-09-05 16:03:00'),(868,187,'order_account','{\"customer_id\":\"187\",\"name\":\"\\u041d\\u0430\\u0442\\u0430\\u043b\\u0456\\u044f \\u041f\\u0435\\u0442\\u0440\\u0438\\u0447\\u0435\\u043d\\u043a\\u043e\",\"order_id\":484}','217.20.173.81','2019-09-05 16:05:51'),(869,183,'forgotten','{\"customer_id\":\"183\",\"name\":\"\\u0412\\u0438\\u043a\\u0442\\u043e\\u0440\\u0438\\u044f \\u041e\\u0441\\u0438\\u043f\\u0435\\u043d\\u043a\\u043e\"}','46.219.221.196','2019-09-06 20:11:31'),(870,183,'login','{\"customer_id\":\"183\",\"name\":\"\\u0412\\u0438\\u043a\\u0442\\u043e\\u0440\\u0438\\u044f \\u041e\\u0441\\u0438\\u043f\\u0435\\u043d\\u043a\\u043e\"}','46.219.221.196','2019-09-06 20:14:45'),(871,183,'order_account','{\"customer_id\":\"183\",\"name\":\"\\u0412\\u0438\\u043a\\u0442\\u043e\\u0440\\u0438\\u044f \\u041e\\u0441\\u0438\\u043f\\u0435\\u043d\\u043a\\u043e\",\"order_id\":485}','46.219.221.196','2019-09-06 20:15:12'),(872,188,'register','{\"customer_id\":188,\"name\":\"\\u041c\\u0430\\u0440\\u0438\\u043d\\u0430 \\u0420\\u043e\\u043c\\u0430\\u043d\\u044e\\u043a\\u0438\\u043d\\u0430\"}','37.73.202.84','2019-09-08 17:23:34'),(873,188,'order_account','{\"customer_id\":\"188\",\"name\":\"\\u041c\\u0430\\u0440\\u0438\\u043d\\u0430 \\u0420\\u043e\\u043c\\u0430\\u043d\\u044e\\u043a\\u0438\\u043d\\u0430\",\"order_id\":486}','37.73.202.84','2019-09-08 17:25:09'),(874,189,'register','{\"customer_id\":189,\"name\":\"\\u0412\\u043b\\u0430\\u0434 \\u0411\\u0443\\u0442\\u043a\\u043e\\u0432\\u0441\\u043a\\u0438\\u0439\"}','46.211.128.188','2019-09-11 11:25:25'),(875,189,'login','{\"customer_id\":\"189\",\"name\":\"\\u0412\\u043b\\u0430\\u0434 \\u0411\\u0443\\u0442\\u043a\\u043e\\u0432\\u0441\\u043a\\u0438\\u0439\"}','94.153.101.222','2019-09-12 09:40:06'),(876,189,'login','{\"customer_id\":\"189\",\"name\":\"\\u0412\\u043b\\u0430\\u0434 \\u0411\\u0443\\u0442\\u043a\\u043e\\u0432\\u0441\\u043a\\u0438\\u0439\"}','46.211.232.91','2019-09-16 08:24:21'),(877,189,'address_add','{\"customer_id\":\"189\",\"name\":\"\\u0412\\u043b\\u0430\\u0434 \\u0411\\u0443\\u0442\\u043a\\u043e\\u0432\\u0441\\u043a\\u0438\\u0439\"}','46.211.238.134','2019-09-16 09:17:18'),(878,189,'order_account','{\"customer_id\":\"189\",\"name\":\"\\u0412\\u043b\\u0430\\u0434 \\u0411\\u0443\\u0442\\u043a\\u043e\\u0432\\u0441\\u043a\\u0438\\u0439\",\"order_id\":487}','46.211.238.134','2019-09-16 09:18:34'),(879,190,'register','{\"customer_id\":190,\"name\":\"\\u041c\\u0430\\u0440\\u0438\\u044f \\u0411\\u043e\\u043d\\u0434\\u0430\\u0440\\u0435\\u043d\\u043a\\u043e\"}','217.19.216.226','2019-09-18 11:14:53'),(880,190,'order_account','{\"customer_id\":\"190\",\"name\":\"\\u041c\\u0430\\u0440\\u0438\\u044f \\u0411\\u043e\\u043d\\u0434\\u0430\\u0440\\u0435\\u043d\\u043a\\u043e\",\"order_id\":488}','217.19.216.226','2019-09-18 11:18:15'),(881,191,'register','{\"customer_id\":191,\"name\":\"\\u041a\\u0440\\u0438\\u0441\\u0442\\u0438\\u043d\\u0430 \\u041d\\u0438\\u043a\\u0438\\u0442\\u0438\\u043d\\u0430\"}','195.216.206.3','2019-09-19 12:55:02'),(882,191,'order_account','{\"customer_id\":\"191\",\"name\":\"\\u041a\\u0440\\u0438\\u0441\\u0442\\u0438\\u043d\\u0430 \\u041d\\u0438\\u043a\\u0438\\u0442\\u0438\\u043d\\u0430\",\"order_id\":489}','195.216.206.3','2019-09-19 12:55:37'),(883,118,'login','{\"customer_id\":\"118\",\"name\":\"\\u041f\\u0430\\u0432\\u0435\\u043b \\u0413\\u043e\\u0440\\u043e\\u0445\\u043e\\u0432\\u0441\\u043a\\u0438\\u0439\"}','46.17.240.19','2019-09-19 13:14:27'),(884,118,'order_account','{\"customer_id\":\"118\",\"name\":\"\\u041f\\u0430\\u0432\\u0435\\u043b \\u0413\\u043e\\u0440\\u043e\\u0445\\u043e\\u0432\\u0441\\u043a\\u0438\\u0439\",\"order_id\":490}','46.17.240.19','2019-09-19 13:14:47'),(885,192,'register','{\"customer_id\":192,\"name\":\"\\u0415\\u043b\\u0435\\u043d\\u0430 \\u041e\\u0441\\u043e\\u043a\\u0438\\u043d\\u0430\"}','193.106.139.229','2019-09-19 21:01:41'),(886,192,'login','{\"customer_id\":\"192\",\"name\":\"\\u0415\\u043b\\u0435\\u043d\\u0430 \\u041e\\u0441\\u043e\\u043a\\u0438\\u043d\\u0430\"}','193.106.139.229','2019-09-19 21:05:26'),(887,192,'order_account','{\"customer_id\":\"192\",\"name\":\"\\u0415\\u043b\\u0435\\u043d\\u0430 \\u041e\\u0441\\u043e\\u043a\\u0438\\u043d\\u0430\",\"order_id\":491}','193.106.139.229','2019-09-19 21:08:09'),(888,95,'login','{\"customer_id\":\"95\",\"name\":\"\\u0415\\u0432\\u0433\\u0435\\u043d\\u0438\\u0439 \\u0427\\u0435\\u0440\\u043d\\u044f\\u043a \"}','37.73.142.157','2019-09-23 09:34:16'),(889,95,'address_add','{\"customer_id\":\"95\",\"name\":\"\\u0415\\u0432\\u0433\\u0435\\u043d\\u0438\\u0439 \\u0427\\u0435\\u0440\\u043d\\u044f\\u043a \"}','37.73.142.157','2019-09-23 09:36:11'),(890,95,'order_account','{\"customer_id\":\"95\",\"name\":\"\\u0415\\u0432\\u0433\\u0435\\u043d\\u0438\\u0439 \\u0427\\u0435\\u0440\\u043d\\u044f\\u043a \",\"order_id\":492}','37.73.142.157','2019-09-23 09:36:46'),(891,166,'login','{\"customer_id\":\"166\",\"name\":\"\\u0412\\u0438\\u043a\\u0442\\u043e\\u0440\\u0438\\u044f \\u041e\\u0441\\u0438\\u043d\\u0446\\u0435\\u0432\\u0430\"}','188.115.163.246','2019-09-24 07:46:46'),(892,166,'edit','{\"customer_id\":\"166\",\"name\":\"\\u0412\\u0438\\u043a\\u0442\\u043e\\u0440\\u0438\\u044f \\u041e\\u0441\\u0438\\u043d\\u0446\\u0435\\u0432\\u0430\"}','188.115.163.246','2019-09-24 07:47:14'),(893,166,'order_account','{\"customer_id\":\"166\",\"name\":\"\\u0412\\u0438\\u043a\\u0442\\u043e\\u0440\\u0438\\u044f \\u041e\\u0441\\u0438\\u043d\\u0446\\u0435\\u0432\\u0430\",\"order_id\":493}','188.115.163.246','2019-09-24 07:48:24'),(894,193,'register','{\"customer_id\":193,\"name\":\"\\u0421\\u0432\\u0435\\u0442\\u043b\\u0430\\u043d\\u0430 \\u041f\\u0440\\u044f\\u043b\\u043a\\u043e\"}','46.211.17.43','2019-09-25 11:15:48'),(895,193,'edit','{\"customer_id\":\"193\",\"name\":\"\\u0421\\u0432\\u0435\\u0442\\u043b\\u0430\\u043d\\u0430 \\u041f\\u0440\\u044f\\u043b\\u043a\\u043e\"}','46.211.17.43','2019-09-25 11:16:35'),(896,193,'edit','{\"customer_id\":\"193\",\"name\":\"\\u0421\\u0432\\u0435\\u0442\\u043b\\u0430\\u043d\\u0430 \\u041f\\u0440\\u044f\\u0434\\u043a\\u043e\"}','46.211.17.43','2019-09-25 11:16:43'),(897,194,'register','{\"customer_id\":194,\"name\":\"\\u041c\\u0430\\u0440\\u0438\\u044f \\u0418\\u0432\\u0430\\u043d\\u043e\\u0432\\u0430\"}','95.47.150.168','2019-09-25 17:05:00'),(898,194,'order_account','{\"customer_id\":\"194\",\"name\":\"\\u041c\\u0430\\u0440\\u0438\\u044f \\u0418\\u0432\\u0430\\u043d\\u043e\\u0432\\u0430\",\"order_id\":494}','95.47.150.168','2019-09-25 17:06:04'),(899,195,'register','{\"customer_id\":195,\"name\":\"\\u041e\\u043b\\u044c\\u0433\\u0430 \\u0428\\u0435\\u0440\\u0448\\u0443\\u043d\"}','37.73.215.71','2019-09-25 22:55:28'),(900,195,'address_add','{\"customer_id\":\"195\",\"name\":\"\\u041e\\u043b\\u044c\\u0433\\u0430 \\u0428\\u0435\\u0440\\u0448\\u0443\\u043d\"}','37.73.215.71','2019-09-25 22:59:19'),(901,195,'order_account','{\"customer_id\":\"195\",\"name\":\"\\u041e\\u043b\\u044c\\u0433\\u0430 \\u0428\\u0435\\u0440\\u0448\\u0443\\u043d\",\"order_id\":497}','66.102.9.71','2019-09-25 23:00:47'),(902,196,'register','{\"customer_id\":196,\"name\":\"\\u041b\\u044e\\u0434\\u043c\\u0438\\u043b\\u0430 \\u0421\\u0430\\u043c\\u043e\\u0439\\u043b\\u0435\\u043d\\u043a\\u043e\"}','217.77.212.75','2019-10-02 20:22:16'),(903,196,'order_account','{\"customer_id\":\"196\",\"name\":\"\\u041b\\u044e\\u0434\\u043c\\u0438\\u043b\\u0430 \\u0421\\u0430\\u043c\\u043e\\u0439\\u043b\\u0435\\u043d\\u043a\\u043e\",\"order_id\":498}','217.77.212.75','2019-10-02 20:23:04'),(904,163,'login','{\"customer_id\":\"163\",\"name\":\"\\u042f\\u0440\\u043e\\u0441\\u043b\\u0430\\u0432  \\u042f\\u043d\\u0435\\u043d\\u043a\\u043e \"}','31.41.71.217','2019-10-05 17:49:24'),(905,163,'order_account','{\"customer_id\":\"163\",\"name\":\"\\u042f\\u0440\\u043e\\u0441\\u043b\\u0430\\u0432  \\u042f\\u043d\\u0435\\u043d\\u043a\\u043e \",\"order_id\":499}','31.41.71.217','2019-10-05 17:49:57'),(906,197,'register','{\"customer_id\":197,\"name\":\"\\u041a\\u0438\\u0440\\u0438\\u043b\\u043b \\u0411\\u0435\\u043b\\u044b\"}','95.134.189.17','2019-10-07 12:41:20'),(907,197,'order_account','{\"customer_id\":\"197\",\"name\":\"\\u041a\\u0438\\u0440\\u0438\\u043b\\u043b \\u0411\\u0435\\u043b\\u044b\",\"order_id\":500}','95.134.189.17','2019-10-07 12:41:54'),(908,194,'login','{\"customer_id\":\"194\",\"name\":\"\\u041c\\u0430\\u0440\\u0438\\u044f \\u0418\\u0432\\u0430\\u043d\\u043e\\u0432\\u0430\"}','95.47.150.168','2019-10-08 12:52:24'),(909,194,'order_account','{\"customer_id\":\"194\",\"name\":\"\\u041c\\u0430\\u0440\\u0438\\u044f \\u0418\\u0432\\u0430\\u043d\\u043e\\u0432\\u0430\",\"order_id\":501}','95.47.150.168','2019-10-08 12:59:27'),(910,146,'login','{\"customer_id\":\"146\",\"name\":\"\\u0410\\u043d\\u043d\\u0430  \\u0421\\u0443\\u0445\\u0430\\u043d\\u043e\\u0432\\u0430 \"}','46.33.239.117','2019-10-08 14:56:09'),(911,146,'order_account','{\"customer_id\":\"146\",\"name\":\"\\u0410\\u043d\\u043d\\u0430  \\u0421\\u0443\\u0445\\u0430\\u043d\\u043e\\u0432\\u0430 \",\"order_id\":502}','46.33.239.117','2019-10-08 14:56:47'),(912,198,'register','{\"customer_id\":198,\"name\":\"\\u0414\\u043c\\u0438\\u0442\\u0440\\u0438\\u0439 \\u041a\\u043e\\u0441\\u044b\\u0433\\u0438\\u043d\"}','178.219.88.208','2019-10-11 11:05:29'),(913,198,'login','{\"customer_id\":\"198\",\"name\":\"\\u0414\\u043c\\u0438\\u0442\\u0440\\u0438\\u0439 \\u041a\\u043e\\u0441\\u044b\\u0433\\u0438\\u043d\"}','178.219.81.112','2019-10-12 09:53:11'),(914,198,'login','{\"customer_id\":\"198\",\"name\":\"\\u0414\\u043c\\u0438\\u0442\\u0440\\u0438\\u0439 \\u041a\\u043e\\u0441\\u044b\\u0433\\u0438\\u043d\"}','178.219.81.112','2019-10-12 11:32:47'),(915,198,'login','{\"customer_id\":\"198\",\"name\":\"\\u0414\\u043c\\u0438\\u0442\\u0440\\u0438\\u0439 \\u041a\\u043e\\u0441\\u044b\\u0433\\u0438\\u043d\"}','178.219.81.64','2019-10-14 08:43:58'),(916,198,'login','{\"customer_id\":\"198\",\"name\":\"\\u0414\\u043c\\u0438\\u0442\\u0440\\u0438\\u0439 \\u041a\\u043e\\u0441\\u044b\\u0433\\u0438\\u043d\"}','178.219.81.64','2019-10-14 09:31:59'),(917,83,'login','{\"customer_id\":\"83\",\"name\":\"\\u0410\\u043b\\u043b\\u0430 \\u041a\\u0440\\u0438\\u043b\\u044c\"}','31.3.192.16','2019-10-15 14:56:05'),(918,83,'order_account','{\"customer_id\":\"83\",\"name\":\"\\u0410\\u043b\\u043b\\u0430 \\u041a\\u0440\\u0438\\u043b\\u044c\",\"order_id\":503}','31.3.192.16','2019-10-15 14:56:51'),(919,189,'login','{\"customer_id\":\"189\",\"name\":\"\\u0412\\u043b\\u0430\\u0434 \\u0411\\u0443\\u0442\\u043a\\u043e\\u0432\\u0441\\u043a\\u0438\\u0439\"}','46.211.238.40','2019-10-16 08:48:49'),(920,189,'order_account','{\"customer_id\":\"189\",\"name\":\"\\u0412\\u043b\\u0430\\u0434 \\u0411\\u0443\\u0442\\u043a\\u043e\\u0432\\u0441\\u043a\\u0438\\u0439\",\"order_id\":504}','46.211.247.53','2019-10-16 09:08:52'),(921,199,'register','{\"customer_id\":199,\"name\":\"\\u042e\\u043b\\u0438\\u044f \\u0414\\u0440\\u0438\\u0433\\u0430\"}','195.138.85.156','2019-10-17 10:47:41'),(922,199,'edit','{\"customer_id\":\"199\",\"name\":\"\\u042e\\u043b\\u0438\\u044f \\u0414\\u0440\\u0438\\u0433\\u0430\"}','195.138.85.156','2019-10-17 10:48:35'),(923,199,'address_add','{\"customer_id\":\"199\",\"name\":\"\\u042e\\u043b\\u0438\\u044f \\u0414\\u0440\\u0438\\u0433\\u0430\"}','195.138.85.156','2019-10-17 10:50:34'),(924,199,'order_account','{\"customer_id\":\"199\",\"name\":\"\\u042e\\u043b\\u0438\\u044f \\u0414\\u0440\\u0438\\u0433\\u0430\",\"order_id\":505}','195.138.85.156','2019-10-17 10:51:26'),(925,200,'register','{\"customer_id\":200,\"name\":\"\\u0422\\u0430\\u0442\\u044c\\u044f\\u043d\\u0430 \\u0421\\u0438\\u043d\\u0438\\u0446\\u043a\\u0430\\u044f\"}','195.20.4.66','2019-10-18 11:14:42'),(926,200,'order_account','{\"customer_id\":\"200\",\"name\":\"\\u0422\\u0430\\u0442\\u044c\\u044f\\u043d\\u0430 \\u0421\\u0438\\u043d\\u0438\\u0446\\u043a\\u0430\\u044f\",\"order_id\":506}','195.20.4.66','2019-10-18 11:15:51'),(927,200,'edit','{\"customer_id\":\"200\",\"name\":\"\\u0422\\u0430\\u0442\\u044c\\u044f\\u043d\\u0430 \\u0421\\u0438\\u043d\\u0438\\u0446\\u043a\\u0430\\u044f\"}','195.20.4.66','2019-10-18 11:17:20'),(928,201,'register','{\"customer_id\":201,\"name\":\"\\u042e\\u0440\\u0438\\u0439 \\u0411\\u0435\\u0440\\u0435\\u0437\\u043e\\u0432\\u0441\\u043a\\u0438\\u0439\"}','37.73.242.94','2019-10-20 07:48:16'),(929,201,'order_account','{\"customer_id\":\"201\",\"name\":\"\\u042e\\u0440\\u0438\\u0439 \\u0411\\u0435\\u0440\\u0435\\u0437\\u043e\\u0432\\u0441\\u043a\\u0438\\u0439\",\"order_id\":507}','37.73.242.94','2019-10-20 07:50:14'),(930,4,'forgotten','{\"customer_id\":\"4\",\"name\":\"\\u0414\\u0430\\u043d\\u0438\\u0438\\u043b \\u0410\\u043d\\u0430\\u0442\\u043e\\u043b\\u044c\\u0435\\u0432\\u0438\\u0447 \\u0411\\u0430\\u0430\\u0434\\u0436\\u0438\"}','151.0.30.89','2019-10-20 13:27:46'),(931,4,'reset','{\"customer_id\":\"4\",\"name\":\"\\u0414\\u0430\\u043d\\u0438\\u0438\\u043b \\u0410\\u043d\\u0430\\u0442\\u043e\\u043b\\u044c\\u0435\\u0432\\u0438\\u0447 \\u0411\\u0430\\u0430\\u0434\\u0436\\u0438\"}','151.0.30.89','2019-10-20 13:38:09'),(932,4,'reset','{\"customer_id\":\"4\",\"name\":\"\\u0414\\u0430\\u043d\\u0438\\u0438\\u043b \\u0410\\u043d\\u0430\\u0442\\u043e\\u043b\\u044c\\u0435\\u0432\\u0438\\u0447 \\u0411\\u0430\\u0430\\u0434\\u0436\\u0438\"}','151.0.30.89','2019-10-20 13:40:38'),(933,4,'forgotten','{\"customer_id\":\"4\",\"name\":\"\\u0414\\u0430\\u043d\\u0438\\u0438\\u043b \\u0410\\u043d\\u0430\\u0442\\u043e\\u043b\\u044c\\u0435\\u0432\\u0438\\u0447 \\u0411\\u0430\\u0430\\u0434\\u0436\\u0438\"}','151.0.30.89','2019-10-20 14:50:52'),(934,4,'reset','{\"customer_id\":\"4\",\"name\":\"\\u0414\\u0430\\u043d\\u0438\\u0438\\u043b \\u0410\\u043d\\u0430\\u0442\\u043e\\u043b\\u044c\\u0435\\u0432\\u0438\\u0447 \\u0411\\u0430\\u0430\\u0434\\u0436\\u0438\"}','151.0.30.89','2019-10-20 14:51:47'),(935,93,'forgotten','{\"customer_id\":\"93\",\"name\":\"\\u0410\\u043b\\u0451\\u043d\\u0430  \\u041a\\u0443\\u0440\\u0433\\u0430\\u043d\\u0441\\u043a\\u0430\\u044f \"}','46.175.23.27','2019-10-21 10:33:28'),(936,93,'forgotten','{\"customer_id\":\"93\",\"name\":\"\\u0410\\u043b\\u0451\\u043d\\u0430  \\u041a\\u0443\\u0440\\u0433\\u0430\\u043d\\u0441\\u043a\\u0430\\u044f \"}','46.175.23.27','2019-10-21 11:24:51'),(937,93,'reset','{\"customer_id\":\"93\",\"name\":\"\\u0410\\u043b\\u0451\\u043d\\u0430  \\u041a\\u0443\\u0440\\u0433\\u0430\\u043d\\u0441\\u043a\\u0430\\u044f \"}','46.175.23.27','2019-10-21 11:25:35'),(938,4,'forgotten','{\"customer_id\":\"4\",\"name\":\"\\u0414\\u0430\\u043d\\u0438\\u0438\\u043b \\u0410\\u043d\\u0430\\u0442\\u043e\\u043b\\u044c\\u0435\\u0432\\u0438\\u0447 \\u0411\\u0430\\u0430\\u0434\\u0436\\u0438\"}','151.0.30.89','2019-10-21 17:58:57'),(939,4,'reset','{\"customer_id\":\"4\",\"name\":\"\\u0414\\u0430\\u043d\\u0438\\u0438\\u043b \\u0410\\u043d\\u0430\\u0442\\u043e\\u043b\\u044c\\u0435\\u0432\\u0438\\u0447 \\u0411\\u0430\\u0430\\u0434\\u0436\\u0438\"}','151.0.30.89','2019-10-21 17:59:58'),(940,4,'login','{\"customer_id\":\"4\",\"name\":\"\\u0414\\u0430\\u043d\\u0438\\u0438\\u043b \\u0410\\u043d\\u0430\\u0442\\u043e\\u043b\\u044c\\u0435\\u0432\\u0438\\u0447 \\u0411\\u0430\\u0430\\u0434\\u0436\\u0438\"}','151.0.30.89','2019-10-21 18:40:25'),(941,4,'edit','{\"customer_id\":\"4\",\"name\":\"\\u0414\\u0430\\u043d\\u0438\\u0438\\u043b \\u0410\\u043d\\u0430\\u0442\\u043e\\u043b\\u044c\\u0435\\u0432\\u0438\\u0447 \\u0411\\u0430\\u0430\\u0434\\u0436\\u0438\"}','151.0.30.89','2019-10-21 18:41:20'),(942,4,'edit','{\"customer_id\":\"4\",\"name\":\"\\u0414\\u0430\\u043d\\u0438\\u0438\\u043b \\u0410\\u043d\\u0430\\u0442\\u043e\\u043b\\u044c\\u0435\\u0432\\u0438\\u0447 \\u0411\\u0430\\u0430\\u0434\\u0436\\u0438\"}','151.0.30.89','2019-10-21 18:41:37'),(943,4,'order_account','{\"customer_id\":\"4\",\"name\":\"\\u0414\\u0430\\u043d\\u0438\\u0438\\u043b \\u0410\\u043d\\u0430\\u0442\\u043e\\u043b\\u044c\\u0435\\u0432\\u0438\\u0447 \\u0411\\u0430\\u0430\\u0434\\u0436\\u0438\",\"order_id\":508}','151.0.30.89','2019-10-21 18:46:21'),(944,93,'login','{\"customer_id\":\"93\",\"name\":\"\\u0410\\u043b\\u0451\\u043d\\u0430  \\u041a\\u0443\\u0440\\u0433\\u0430\\u043d\\u0441\\u043a\\u0430\\u044f \"}','46.175.23.27','2019-10-21 22:16:31'),(945,93,'order_account','{\"customer_id\":\"93\",\"name\":\"\\u0410\\u043b\\u0451\\u043d\\u0430  \\u041a\\u0443\\u0440\\u0433\\u0430\\u043d\\u0441\\u043a\\u0430\\u044f \",\"order_id\":509}','46.175.23.27','2019-10-21 22:21:23'),(946,202,'register','{\"customer_id\":202,\"name\":\"\\u041b\\u0435\\u0441\\u044f \\u041f\\u0430\\u043d\\u0447\\u0438\\u0448\\u0438\\u043d\\u0430\"}','94.179.147.160','2019-10-22 09:09:53'),(947,202,'address_add','{\"customer_id\":\"202\",\"name\":\"\\u041b\\u0435\\u0441\\u044f \\u041f\\u0430\\u043d\\u0447\\u0438\\u0448\\u0438\\u043d\\u0430\"}','94.179.147.160','2019-10-22 09:11:54'),(948,202,'order_account','{\"customer_id\":\"202\",\"name\":\"\\u041b\\u0435\\u0441\\u044f \\u041f\\u0430\\u043d\\u0447\\u0438\\u0448\\u0438\\u043d\\u0430\",\"order_id\":511}','94.179.147.160','2019-10-22 09:12:09');

--
