-- Table structure for table `oc_information_to_layout`
--

CREATE TABLE `oc_information_to_layout` (
  `information_id` int(11) NOT NULL,
  `store_id` int(11) NOT NULL,
  `layout_id` int(11) NOT NULL,
  PRIMARY KEY (`information_id`,`store_id`)
) ENGINE=MyISAM DEFAULT CHARSET=utf8;

--
-- Dumping data for table `oc_information_to_layout`
--

INSERT INTO `oc_information_to_layout` VALUES (4,0,0),(7,0,20),(8,0,0),(6,0,0),(3,0,0),(9,0,2),(10,0,0),(11,0,0),(13,0,0),(14,0,0),(15,0,0),(16,0,0);

--
-- Table structure for table `oc_information_to_store`
--

CREATE TABLE `oc_information_to_store` (
  `information_id` int(11) NOT NULL,
  `store_id` int(11) NOT NULL,
  PRIMARY KEY (`information_id`,`store_id`)
) ENGINE=MyISAM DEFAULT CHARSET=utf8;

--
-- Dumping data for table `oc_information_to_store`
--

INSERT INTO `oc_information_to_store` VALUES (3,0),(4,0),(6,0),(7,0),(8,0),(9,0),(10,0),(11,0),(13,0),(14,0),(15,0),(16,0);

--
-- Table structure for table `oc_language`
--

CREATE TABLE `oc_language` (
  `language_id` int(11) NOT NULL AUTO_INCREMENT,
  `name` varchar(32) NOT NULL,
  `code` varchar(5) NOT NULL,
  `locale` varchar(255) NOT NULL,
  `image` varchar(64) NOT NULL,
  `directory` varchar(32) NOT NULL,
  `sort_order` int(3) NOT NULL DEFAULT '0',
  `status` tinyint(1) NOT NULL,
  PRIMARY KEY (`language_id`),
  KEY `name` (`name`)
) ENGINE=MyISAM AUTO_INCREMENT=6 DEFAULT CHARSET=utf8;

--
-- Dumping data for table `oc_language`
--

INSERT INTO `oc_language` VALUES (1,'English','en-gb','en_US.UTF-8,en_US,en-gb,english','gb.png','english',1,1);

--
-- Table structure for table `oc_layout`
--

CREATE TABLE `oc_layout` (
  `layout_id` int(11) NOT NULL AUTO_INCREMENT,
  `name` varchar(64) NOT NULL,
  PRIMARY KEY (`layout_id`)
) ENGINE=MyISAM AUTO_INCREMENT=21 DEFAULT CHARSET=utf8;

--
-- Dumping data for table `oc_layout`
--

INSERT INTO `oc_layout` VALUES (1,'Home'),(2,'Product'),(3,'Category'),(4,'Default'),(5,'Manufacturer'),(6,'Account'),(7,'Checkout'),(8,'Contact'),(9,'Sitemap'),(10,'Affiliate'),(11,'Information'),(12,'Compare'),(13,'Search'),(19,'Model'),(18,'Blog category'),(16,'Blog'),(17,'Blog Post'),(20,'Отзывы');

--
-- Table structure for table `oc_layout_module`
--

CREATE TABLE `oc_layout_module` (
  `layout_module_id` int(11) NOT NULL AUTO_INCREMENT,
  `layout_id` int(11) NOT NULL,
  `code` varchar(64) NOT NULL,
  `position` varchar(14) NOT NULL,
  `sort_order` int(3) NOT NULL,
  PRIMARY KEY (`layout_module_id`)
) ENGINE=MyISAM AUTO_INCREMENT=405 DEFAULT CHARSET=utf8;

--
-- Dumping data for table `oc_layout_module`
--

INSERT INTO `oc_layout_module` VALUES (20,5,'0','column_left',2),(69,10,'affiliate','column_right',1),(314,4,'welldone_content_section.133','content_top',3),(310,19,'special.44','content_top',1),(73,3,'banner.30','column_left',2),(281,1,'welldone_content_section.58','content_top',8),(85,1,'welldone_content_section.131','content_top',2),(108,1,'welldone_content_section.129','content_top',1),(110,1,'welldone_content_section.134','content_top',5),(369,20,'welldone_slider_testimonials.60','column_left',0),(277,1,'welldone_content_section.190','content_top',2),(313,1,'welldone_content_section.133','content_top',3),(309,19,'featured.41','content_top',0),(206,16,'welldone_custom_html.184','content_top',0),(205,18,'welldone_custom_html.184','content_top',0),(365,16,'welldone_custom_html.185','content_top',0),(364,18,'welldone_custom_html.185','content_top',0),(357,20,'welldone_gallery.212','content_bottom',0),(373,16,'welldone_custom_html.51','content_bottom',0);

--
-- Table structure for table `oc_layout_route`
--

CREATE TABLE `oc_layout_route` (
  `layout_route_id` int(11) NOT NULL AUTO_INCREMENT,
  `layout_id` int(11) NOT NULL,
  `store_id` int(11) NOT NULL,
  `route` varchar(255) NOT NULL,
  PRIMARY KEY (`layout_route_id`)
) ENGINE=MyISAM AUTO_INCREMENT=105 DEFAULT CHARSET=utf8;

--
-- Dumping data for table `oc_layout_route`
--

INSERT INTO `oc_layout_route` VALUES (38,6,0,'account/%'),(17,10,0,'affiliate/%'),(44,3,0,'product/category'),(94,1,0,'common/home'),(92,2,0,'product/product'),(81,11,0,'information/information'),(104,7,0,'checkout/%'),(31,8,0,'information/contact'),(32,9,0,'information/sitemap'),(90,4,0,''),(45,5,0,'product/manufacturer'),(52,12,0,'product/compare'),(91,13,0,'product/search'),(79,19,0,''),(75,18,0,'simple_blog/category'),(74,16,0,'simple_blog/article'),(76,17,0,'simple_blog/article/view'),(88,20,0,'/news');

--
-- Table structure for table `oc_length_class`
--

CREATE TABLE `oc_length_class` (
  `length_class_id` int(11) NOT NULL AUTO_INCREMENT,
  `value` decimal(15,8) NOT NULL,
  PRIMARY KEY (`length_class_id`)
) ENGINE=MyISAM AUTO_INCREMENT=4 DEFAULT CHARSET=utf8;

--
-- Dumping data for table `oc_length_class`
--

INSERT INTO `oc_length_class` VALUES (1,1.00000000),(2,10.00000000),(3,0.39370000);

--
-- Table structure for table `oc_length_class_description`
--

CREATE TABLE `oc_length_class_description` (
  `length_class_id` int(11) NOT NULL,
  `language_id` int(11) NOT NULL,
  `title` varchar(32) NOT NULL,
  `unit` varchar(4) NOT NULL,
  PRIMARY KEY (`length_class_id`,`language_id`)
) ENGINE=MyISAM DEFAULT CHARSET=utf8;

--
-- Dumping data for table `oc_length_class_description`
--

INSERT INTO `oc_length_class_description` VALUES (1,1,'Сантиметр','см.'),(2,1,'Millimeter','mm'),(3,1,'Inch','in');

--
-- Table structure for table `oc_location`
--

CREATE TABLE `oc_location` (
  `location_id` int(11) NOT NULL AUTO_INCREMENT,
  `name` varchar(32) NOT NULL,
  `address` text NOT NULL,
  `telephone` varchar(32) NOT NULL,
  `fax` varchar(32) NOT NULL,
  `geocode` varchar(32) NOT NULL,
  `image` varchar(255) DEFAULT NULL,
  `open` text NOT NULL,
  `comment` text NOT NULL,
  PRIMARY KEY (`location_id`),
  KEY `name` (`name`)
) ENGINE=MyISAM DEFAULT CHARSET=utf8;

--
-- Dumping data for table `oc_location`
--


--
-- Table structure for table `oc_manufacturer`
--

CREATE TABLE `oc_manufacturer` (
  `manufacturer_id` int(11) NOT NULL AUTO_INCREMENT,
  `name` varchar(64) NOT NULL,
  `image` varchar(255) DEFAULT NULL,
  `sort_order` int(3) NOT NULL,
  PRIMARY KEY (`manufacturer_id`)
) ENGINE=MyISAM AUTO_INCREMENT=19 DEFAULT CHARSET=utf8;

--
-- Dumping data for table `oc_manufacturer`
--

INSERT INTO `oc_manufacturer` VALUES (12,'Аквадом','catalog/akva.png',2),(13,'Ривьева','catalog/riv.png',8),(8,'ООО  &quot;Аксимед&quot;','',4),(14,'Санаторий Лермонтовский','catalog/sl.png',7),(11,'Ева','catalog/logo-eva.png',3),(15,'Сити центр','catalog/citycenter.png',6),(16,'Фунготерапия','catalog/fur.png',6),(17,'Фуршет','catalog/fursh.png',5),(18,'Благо ','catalog/d_quickcheckout/blago.jpg',1);

--
-- Table structure for table `oc_manufacturer_to_store`
--

CREATE TABLE `oc_manufacturer_to_store` (
  `manufacturer_id` int(11) NOT NULL,
  `store_id` int(11) NOT NULL,
  PRIMARY KEY (`manufacturer_id`,`store_id`)
) ENGINE=MyISAM DEFAULT CHARSET=utf8;

--
-- Dumping data for table `oc_manufacturer_to_store`
--

INSERT INTO `oc_manufacturer_to_store` VALUES (8,0),(11,0),(12,0),(13,0),(14,0),(15,0),(16,0),(17,0),(18,0);

--
-- Table structure for table `oc_marketing`
--

CREATE TABLE `oc_marketing` (
  `marketing_id` int(11) NOT NULL AUTO_INCREMENT,
  `name` varchar(32) NOT NULL,
  `description` text NOT NULL,
  `code` varchar(64) NOT NULL,
  `clicks` int(5) NOT NULL DEFAULT '0',
  `date_added` datetime NOT NULL,
  PRIMARY KEY (`marketing_id`)
) ENGINE=MyISAM DEFAULT CHARSET=utf8;

--
-- Dumping data for table `oc_marketing`
--


--
-- Table structure for table `oc_megamenu`
--

CREATE TABLE `oc_megamenu` (
  `megamenu_id` int(11) unsigned NOT NULL AUTO_INCREMENT,
  `image` varchar(255) NOT NULL DEFAULT '',
  `parent_id` int(11) NOT NULL DEFAULT '0',
  `is_group` smallint(6) NOT NULL DEFAULT '2',
  `width` varchar(255) DEFAULT NULL,
  `submenu_width` varchar(255) DEFAULT NULL,
  `colum_width` varchar(255) DEFAULT NULL,
  `submenu_colum_width` varchar(255) DEFAULT NULL,
  `item` varchar(255) DEFAULT NULL,
  `colums` varchar(255) DEFAULT '1',
  `type` varchar(255) NOT NULL,
  `is_content` smallint(6) NOT NULL DEFAULT '2',
  `show_title` smallint(6) NOT NULL DEFAULT '1',
  `type_submenu` varchar(10) NOT NULL DEFAULT '1',
  `level_depth` smallint(6) NOT NULL DEFAULT '0',
  `published` smallint(6) NOT NULL DEFAULT '1',
  `store_id` smallint(5) unsigned NOT NULL DEFAULT '0',
  `position` int(11) unsigned NOT NULL DEFAULT '0',
  `show_sub` smallint(6) NOT NULL DEFAULT '0',
  `url` varchar(255) DEFAULT NULL,
  `target` varchar(25) DEFAULT NULL,
  `privacy` smallint(5) unsigned NOT NULL DEFAULT '0',
  `position_type` varchar(25) DEFAULT 'top',
  `menu_class` varchar(25) DEFAULT NULL,
  `description` text,
  `content_text` text,
  `submenu_content` text,
  `level` int(11) NOT NULL,
  `left` int(11) NOT NULL,
  `right` int(11) NOT NULL,
  `widget_id` int(11) DEFAULT '0',
  PRIMARY KEY (`megamenu_id`)
) ENGINE=InnoDB AUTO_INCREMENT=41 DEFAULT CHARSET=utf8;

--
-- Dumping data for table `oc_megamenu`
--

INSERT INTO `oc_megamenu` VALUES (1,'',0,2,NULL,NULL,NULL,NULL,NULL,'1','',2,1,'1',0,1,0,0,0,NULL,NULL,0,'top',NULL,NULL,NULL,NULL,-5,34,47,0),(2,'',1,0,NULL,NULL,NULL,'col1=3, col2=3, col3=6','20','3','category',0,1,'menu',0,1,0,2,0,'',NULL,0,'top','',NULL,'','',0,0,0,0),(3,'',1,0,NULL,NULL,NULL,'','18','1','category',0,1,'menu',0,1,0,5,0,'',NULL,0,'top','pav-parrent',NULL,'','',0,0,0,0),(4,'',3,0,NULL,NULL,NULL,'','25','1','category',0,1,'menu',0,1,0,1,0,'',NULL,0,'top','pav-parrent',NULL,'','',0,0,0,0),(5,'',1,0,NULL,NULL,NULL,'','17','1','category',0,1,'menu',0,1,0,3,0,'',NULL,0,'top','pav-parrent',NULL,'','',0,0,0,0),(7,'',1,0,NULL,NULL,NULL,'','33','1','category',0,1,'menu',0,1,0,4,0,'',NULL,0,'top','',NULL,'','',0,0,0,0),(8,'',2,1,NULL,NULL,NULL,'','27','1','category',0,1,'menu',0,1,0,1,0,'',NULL,0,'top','pav-menu-child',NULL,'','&lt;p&gt;test&lt;/p&gt;\r\n',0,0,0,0),(9,'',2,1,NULL,NULL,NULL,'','26','1','category',0,1,'menu',0,1,0,2,0,'',NULL,0,'top','',NULL,'','',0,0,0,0),(10,'',8,0,NULL,NULL,NULL,'','59','1','category',0,1,'menu',0,1,0,1,0,'',NULL,0,'top','pav-menu-child',NULL,'','',0,0,0,0),(11,'',8,0,NULL,NULL,NULL,'','60','1','category',0,1,'menu',0,1,0,2,0,'',NULL,0,'top','pav-menu-child',NULL,'','',0,0,0,0),(12,'',8,0,NULL,NULL,NULL,'','61','1','category',0,1,'menu',0,1,0,3,0,'',NULL,0,'top','pav-menu-child',NULL,'','',0,0,0,0),(13,'',8,0,NULL,NULL,NULL,'','62','1','category',0,1,'menu',0,1,0,4,0,'',NULL,0,'top','pav-menu-child',NULL,'','',0,0,0,0),(14,'',8,0,NULL,NULL,NULL,'','63','1','category',0,1,'menu',0,1,0,5,0,'',NULL,0,'top','pav-menu-child',NULL,'','',0,0,0,0),(15,'',8,0,NULL,NULL,NULL,'','64','1','category',0,1,'menu',0,1,0,6,0,'',NULL,0,'top','pav-menu-child',NULL,'','',0,0,0,0),(16,'',8,0,NULL,NULL,NULL,'','65','1','category',0,1,'menu',0,1,0,7,0,'',NULL,0,'top','pav-menu-child',NULL,'','',0,0,0,0),(17,'',9,0,NULL,NULL,NULL,'','66','1','category',0,1,'menu',0,1,0,1,0,'',NULL,0,'top','',NULL,'','',0,0,0,0),(18,'',9,0,NULL,NULL,NULL,'','67','1','category',0,1,'menu',0,1,0,2,0,'',NULL,0,'top','pav-menu-child',NULL,'','',0,0,0,0),(19,'',9,0,NULL,NULL,NULL,'','68','1','category',0,1,'menu',0,1,0,3,0,'',NULL,0,'top','pav-menu-child',NULL,'','',0,0,0,0),(20,'',9,0,NULL,NULL,NULL,'','71','1','category',0,1,'menu',0,1,0,4,0,'',NULL,0,'top','pav-menu-child',NULL,'','',0,0,0,0),(21,'',9,0,NULL,NULL,NULL,'','72','1','category',0,1,'menu',0,1,0,5,0,'',NULL,0,'top','pav-menu-child',NULL,'','',0,0,0,0),(22,'',9,0,NULL,NULL,NULL,'','69','1','category',0,1,'menu',0,1,0,6,0,'',NULL,0,'top','pav-menu-child',NULL,'','',0,0,0,0),(23,'',9,0,NULL,NULL,NULL,'','70','1','category',0,1,'menu',0,1,0,7,0,'',NULL,0,'top','pav-menu-child',NULL,'','',0,0,0,0),(24,'',2,0,NULL,NULL,NULL,'','','1','html',1,1,'menu',0,1,0,3,0,'',NULL,0,'top','pav-menu-child',NULL,'&lt;div class=&quot;pav-menu-video&quot;&gt;&lt;iframe allowfullscreen=&quot;&quot; frameborder=&quot;0&quot; height=&quot;157&quot; src=&quot;http://www.youtube.com/embed/NBuLeA7nNFk&quot; width=&quot;279&quot;&gt;&lt;/iframe&gt;\r\n&lt;h3&gt;Lorem ipsum dolor sit&lt;/h3&gt;\r\n\r\n&lt;p&gt;Dorem ipsum dolor sit amet consectetur adipiscing elit congue sit amet erat roin tincidunt vehicula lorem in adipiscing urna iaculis vel.&lt;/p&gt;\r\n&lt;/div&gt;\r\n','',0,0,0,0),(25,'',3,0,NULL,NULL,NULL,'','79','1','category',0,1,'menu',0,1,0,2,0,'',NULL,0,'top','',NULL,'','',0,0,0,0),(26,'',3,0,NULL,NULL,NULL,'','74','1','category',0,1,'menu',0,1,0,3,0,'',NULL,0,'top','',NULL,'','',0,0,0,0),(27,'',3,0,NULL,NULL,NULL,'','73','1','category',0,1,'menu',0,1,0,4,0,'',NULL,0,'top','',NULL,'','',0,0,0,0),(28,'',3,0,NULL,NULL,NULL,'','80','1','category',0,1,'menu',0,1,0,5,0,'',NULL,0,'top','',NULL,'','',0,0,0,0),(29,'',3,0,NULL,NULL,NULL,'','','1','category',0,1,'menu',0,1,0,6,0,'',NULL,0,'top','',NULL,'','',0,0,0,0),(30,'',3,0,NULL,NULL,NULL,'','46','1','category',0,1,'menu',0,1,0,7,0,'',NULL,0,'top','',NULL,'','',0,0,0,0),(31,'',3,0,NULL,NULL,NULL,'','75','1','category',0,1,'menu',0,1,0,8,0,'',NULL,0,'top','',NULL,'','',0,0,0,0),(32,'',3,0,NULL,NULL,NULL,'','78','1','category',0,1,'menu',0,1,0,9,0,'',NULL,0,'top','',NULL,'','',0,0,0,0),(33,'',3,0,NULL,NULL,NULL,'','77','1','category',0,1,'menu',0,1,0,10,0,'',NULL,0,'top','',NULL,'','',0,0,0,0),(34,'',3,0,NULL,NULL,NULL,'','77','1','category',0,1,'menu',0,1,0,11,0,'',NULL,0,'top','',NULL,'','',0,0,0,0),(35,'',3,0,NULL,NULL,NULL,'','45','1','category',0,1,'menu',0,1,0,12,0,'',NULL,0,'top','',NULL,'','',0,0,0,0),(36,'',3,0,NULL,NULL,NULL,'','45','1','category',0,1,'menu',0,1,0,13,0,'',NULL,0,'top','',NULL,'','',0,0,0,0),(37,'',1,0,NULL,NULL,NULL,'','25','1','category',0,1,'menu',0,1,0,6,0,'',NULL,0,'top','',NULL,'','',0,0,0,0),(38,'',1,0,NULL,NULL,NULL,'','57','1','category',0,1,'menu',0,1,0,7,0,'',NULL,0,'top','',NULL,'','',0,0,0,0),(40,'',1,0,NULL,NULL,NULL,'','','1','url',0,1,'menu',0,1,0,1,0,'?route=common/home',NULL,0,'top','home',NULL,'','',0,0,0,0);

--
-- Table structure for table `oc_megamenu_description`
--

CREATE TABLE `oc_megamenu_description` (
  `megamenu_id` int(11) NOT NULL,
  `language_id` int(11) NOT NULL,
  `title` varchar(255) NOT NULL,
  `description` text NOT NULL,
  PRIMARY KEY (`megamenu_id`,`language_id`),
  KEY `name` (`title`)
) ENGINE=MyISAM DEFAULT CHARSET=utf8;

--
-- Dumping data for table `oc_megamenu_description`
--

INSERT INTO `oc_megamenu_description` VALUES (2,2,'Electronics',''),(3,1,'Digital',''),(3,2,'Digital',''),(4,2,'Watches',''),(2,1,'Electronics',''),(4,1,'Watches',''),(5,2,'Books',''),(5,1,'Books',''),(37,2,'Watches',''),(7,2,'Office',''),(7,1,'Office',''),(8,1,'Computers',''),(9,1,'Printer',''),(8,2,'Computers',''),(10,2,'Duis tempor',''),(10,1,'Duis tempor',''),(11,2,'Pellentesque eget',''),(11,1,'Pellentesque eget ',''),(12,2,'Nam nunc ante',''),(12,1,'Nam nunc ante',''),(13,2,'Condimentum eu',''),(13,1,'Condimentum eu',''),(14,2,'Lehicula lorem',''),(14,1,'Lehicula lorem',''),(15,2,'Integer semper',''),(15,1,'Integer semper',''),(16,2,'Sollicitudin lacus',''),(16,1,'Sollicitudin lacus',''),(9,2,'Mobiles',''),(17,2,'Nam ipsum ',''),(17,1,'Nam ipsum ',''),(18,2,'Curabitur turpis ',''),(18,1,'Curabitur turpis ',''),(19,1,'Molestie eu mattis ',''),(19,2,'Molestie eu mattis ',''),(20,1,'Suspendisse eu ',''),(20,2,'Suspendisse eu ',''),(21,1,'Nunc imperdiet ',''),(21,2,'Nunc imperdiet ',''),(22,1,'Mauris mattis',''),(22,2,'Mauris mattis',''),(23,1,'Lacus sed iaculis ',''),(23,2,'Lacus sed iaculis ',''),(24,2,'Lorem ipsum dolor sit ',''),(24,1,'Lorem ipsum dolor sit ',''),(37,1,'Watches',''),(25,1,'Aliquam',''),(25,2,'Aliquam',''),(26,1,'Claritas',''),(26,2,'Claritas',''),(27,2,'Consectetuer',''),(27,1,'Consectetuer',''),(28,1,'Hendrerit',''),(28,2,'Hendrerit',''),(29,1,'Litterarum',''),(29,2,'Litterarum',''),(30,1,'Macs',''),(30,2,'Macs',''),(31,1,'Sollemnes',''),(31,2,'Sollemnes',''),(32,1,'Tempor',''),(32,2,'Tempor',''),(33,1,'Vulputate',''),(33,2,'Vulputate',''),(34,1,'Vulputate',''),(34,2,'Vulputate',''),(35,1,'Windows',''),(35,2,'Windows',''),(36,1,'Windows',''),(36,2,'Windows',''),(38,1,'Tablets',''),(38,2,'Tablets',''),(40,2,'Home',''),(40,1,'Home','');

--
-- Table structure for table `oc_megamenu_widgets`
--

CREATE TABLE `oc_megamenu_widgets` (
  `id` int(11) NOT NULL AUTO_INCREMENT,
  `name` varchar(250) NOT NULL,
  `type` varchar(255) NOT NULL,
  `params` text NOT NULL,
  `store_id` int(11) NOT NULL,
  PRIMARY KEY (`id`)
) ENGINE=MyISAM AUTO_INCREMENT=7 DEFAULT CHARSET=utf8;

--
-- Dumping data for table `oc_megamenu_widgets`
--

INSERT INTO `oc_megamenu_widgets` VALUES (1,'Video Opencart Installation','video_code','a:1:{s:10:\"video_code\";s:168:\"&lt;iframe width=&quot;300&quot; height=&quot;315&quot; src=&quot;//www.youtube.com/embed/cUhPA5qIxDQ&quot; frameborder=&quot;0&quot; allowfullscreen&gt;&lt;/iframe&gt;\";}',0),(2,'Demo HTML Sample','html','a:1:{s:4:\"html\";a:1:{i:1;s:275:\"Dorem ipsum dolor sit amet consectetur adipiscing elit congue sit amet erat roin tincidunt vehicula lorem in adipiscing urna iaculis vel. Dorem ipsum dolor sit amet consectetur adipiscing elit congue sit amet erat roin tincidunt vehicula lorem in adipiscing urna iaculis vel.\";}}',0),(3,'Products Latest','product_list','a:4:{s:9:\"list_type\";s:6:\"newest\";s:5:\"limit\";s:1:\"6\";s:11:\"image_width\";s:3:\"120\";s:12:\"image_height\";s:3:\"120\";}',0),(4,'Products In Cat 20','product_category','a:4:{s:11:\"category_id\";s:2:\"20\";s:5:\"limit\";s:1:\"6\";s:11:\"image_width\";s:3:\"120\";s:12:\"image_height\";s:3:\"120\";}',0),(5,'Manufactures','banner','a:4:{s:8:\"group_id\";s:1:\"8\";s:11:\"image_width\";s:2:\"80\";s:12:\"image_height\";s:2:\"80\";s:5:\"limit\";s:2:\"12\";}',0),(6,'PavoThemes Feed','feed','a:1:{s:8:\"feed_url\";s:55:\"http://www.pavothemes.com/opencart-themes.feed?type=rss\";}',0);

--
-- Table structure for table `oc_modification`
--

CREATE TABLE `oc_modification` (
  `modification_id` int(11) NOT NULL AUTO_INCREMENT,
  `name` varchar(64) NOT NULL,
  `code` varchar(64) NOT NULL,
  `author` varchar(64) NOT NULL,
  `version` varchar(32) NOT NULL,
  `link` varchar(255) NOT NULL,
  `xml` mediumtext NOT NULL,
  `status` tinyint(1) NOT NULL,
  `date_added` datetime NOT NULL,
  PRIMARY KEY (`modification_id`)
) ENGINE=MyISAM AUTO_INCREMENT=13 DEFAULT CHARSET=utf8;

--
-- Dumping data for table `oc_modification`
--

INSERT INTO `oc_modification` VALUES (1,'Local copy OCMOD by iSenseLabs','isensealabs_quickfix_ocmod','iSenseLabs','1.3','http://isenselabs.com','<modification>\r\n    <name>Local copy OCMOD by iSenseLabs</name>\r\n	<version>1.3</version>\r\n	<link>http://isenselabs.com</link>\r\n	<author>iSenseLabs</author>\r\n	<code>isensealabs_quickfix_ocmod</code>\r\n\r\n	<file path=\"admin/controller/extension/installer.php\">\r\n		<operation error=\"skip\">\r\n			<search ><![CDATA[\'url\'  => str_replace(\'&amp;\', \'&\', $this->url->link(\'extension/installer/ftp\', \'token=\' . $this->session->data[\'token\'],]]></search>\r\n			<add position=\"replace\"><![CDATA[\'url\'  => str_replace(\'&amp;\', \'&\', $this->url->link(\'extension/installer/localcopy\', \'token=\' . $this->session->data[\'token\'],]]></add>\r\n		</operation>\r\n\r\n		<operation>\r\n			<search><![CDATA[public function unzip() {]]></search>\r\n			<add position=\"before\"><![CDATA[			\r\n	public function localcopy() {\r\n		$this->load->language(\'extension/installer\');\r\n\r\n		$json = array();\r\n\r\n		if (!$this->user->hasPermission(\'modify\', \'extension/installer\')) {\r\n			$json[\'error\'] = $this->language->get(\'error_permission\');\r\n		}\r\n\r\n		if (VERSION == \'2.0.0.0\') {\r\n		    $directory = DIR_DOWNLOAD  . str_replace(array(\'../\', \'..\\\\\', \'..\'), \'\', $this->request->post[\'path\']) . \'/upload/\';\r\n		} else {\r\n		    $directory = DIR_UPLOAD  . str_replace(array(\'../\', \'..\\\\\', \'..\'), \'\', $this->request->post[\'path\']) . \'/upload/\';\r\n		}\r\n\r\n		if (!is_dir($directory)) {\r\n			$json[\'error\'] = $this->language->get(\'error_directory\');\r\n		}\r\n\r\n		if (!$json) {\r\n			// Get a list of files ready to upload\r\n			$files = array();\r\n\r\n			$path = array($directory . \'*\');\r\n\r\n			while (count($path) != 0) {\r\n				$next = array_shift($path);\r\n\r\n				foreach (glob($next) as $file) {\r\n					if (is_dir($file)) {\r\n						$path[] = $file . \'/*\';\r\n					}\r\n\r\n					$files[] = $file;\r\n				}\r\n			}\r\n\r\n			$root = dirname(DIR_APPLICATION).\'/\';\r\n\r\n			foreach ($files as $file) {\r\n				// Upload everything in the upload directory\r\n				$destination = substr($file, strlen($directory));\r\n\r\n				// Update from newer OpenCart versions:\r\n				if (substr($destination, 0, 5) == \'admin\') {\r\n					$destination = DIR_APPLICATION . substr($destination, 5);\r\n				} else if (substr($destination, 0, 7) == \'catalog\') {\r\n					$destination = DIR_CATALOG . substr($destination, 7);\r\n				} else if (substr($destination, 0, 5) == \'image\') {\r\n					$destination = DIR_IMAGE . substr($destination, 5);\r\n				} else if (substr($destination, 0, 6) == \'system\') {\r\n					$destination = DIR_SYSTEM . substr($destination, 6);\r\n				} else {\r\n					$destination = $root.$destination;\r\n				}\r\n\r\n				if (is_dir($file)) {\r\n					if (!file_exists($destination)) {\r\n						if (!mkdir($destination)) {\r\n							$json[\'error\'] = sprintf($this->language->get(\'error_ftp_directory\'), $destination);\r\n						}\r\n					}\r\n				}\r\n\r\n				if (is_file($file)) {\r\n					if (!copy($file, $destination)) {\r\n						$json[\'error\'] = sprintf($this->language->get(\'error_ftp_file\'), $file);\r\n					}\r\n				}\r\n			}\r\n		}\r\n\r\n		$this->response->addHeader(\'Content-Type: application/json\');\r\n		$this->response->setOutput(json_encode($json));\r\n	}]]></add>\r\n		</operation>\r\n	</file>	\r\n</modification>\r\n',0,'2016-08-11 17:52:46'),(3,'TMD Header Module','#COHMF011','TMD(opencartextensions.in)','2.x.x.x','http://opencartextensions.in/','<modification>\n	<name>TMD Header Module</name>\n	<version>2.x.x.x</version>\n	<code>#COHMF011</code>\n	<author>TMD(opencartextensions.in)</author>\n	<link>http://opencartextensions.in/</link>\n	\n	<file path=\"admin/language/*/common/menu.php\">\n		 <operation error=\"skip\">\n			<search><![CDATA[// Text]]></search>\n			<add position=\"after\"><![CDATA[\n			// HeaderManu\n			$_[\'text_menu\']                  = \'Menu\';\n			$_[\'text_headermenu\']            = \'TMD Header Menu\';\n			]]></add>\n		</operation>\n	</file>\n	<file path=\"admin/controller/common/menu.php\">\n		 <operation error=\"skip\">\n			<search><![CDATA[$data[\'home\'] = $this->url->link(\'common/dashboard\', \'token=\' . $this->session->data[\'token\'], true);]]></search>\n			<add position=\"after\"><![CDATA[\n			/////////HedaerMenu \n			$data[\'text_headermenu\'] = $this->language->get(\'text_headermenu\');\n		    $data[\'text_menu\'] = $this->language->get(\'text_menu\'); \n			$data[\'headermenu\'] = $this->url->link(\'catalog/headermenu\', \'token=\' . $this->session->data[\'token\'], true);\n			///////// HedaerMenu\n			]]></add>\n		</operation>\n	</file>\n	\n	<file path=\"admin/view/template/common/menu.tpl\">\n		 <operation error=\"skip\">\n			<search><![CDATA[<li id=\"system\"><a class=\"parent\"><i class=\"fa fa-cog fa-fw\"></i> <span><?php echo $text_system; ?></span></a>]]></search>\n			<add position=\"before\"><![CDATA[<li><a class=\"parent\"><i class=\"fa fa-share-alt fa-fw\"></i><span><?php echo $text_menu; ?><span></a>\n	 <ul>\n      <li><a href=\"<?php echo $headermenu; ?>\"><?php echo $text_headermenu; ?></a></li>\n	  </ul>\n  </li>]]></add>\n		</operation>\n	\n	</file>	\n	<file path=\"admin/language/*/common/column_left.php\">\n		<operation error=\"skip\">\n			<search ><![CDATA[// Text]]></search>\n			<add position=\"after\"><![CDATA[\n			// HeaderMenu\n			$_[\'text_menu\']                  = \'Menu\';\n			$_[\'text_headermenu\']            = \'TMD Header Menu\';\n			]]></add>\n		</operation>\n	</file>\n	\n	<file path=\"admin/controller/common/column_left.php\">\n		<operation error=\"skip\">\n			<search><![CDATA[// System]]></search>\n			<add position=\"before\"><![CDATA[\n			/* Header menu */						\n			$headermenus = array();\n		\n			if ($this->user->hasPermission(\'access\', \'catalog/headermenu\')) {		\n				$headermenus[] = array(\n					\'name\'	   => $this->language->get(\'text_headermenu\'),\n					\'href\'     => $this->url->link(\'catalog/headermenu\', \'token=\' . $this->session->data[\'token\'], true),\n					\'children\' => array()		\n				);					\n			}	\n					\n			if ($headermenus) {					\n				$data[\'menus\'][] = array(\n					\'id\'       => \'menu-megafooter\',\n					\'icon\'	   => \'fa fa-share-alt fa-fw\', \n					\'name\'	   => $this->language->get(\'text_menu\'),\n					\'href\'     => \'\',\n					\'children\' => $headermenus\n				);		\n			}\n			\n			/* Header menu */	]]></add>\n		</operation>\n	</file>\n	\n	<file path=\"catalog/controller/common/header.php\">\n		<operation>\n			<search><![CDATA[\n				foreach ($categories as $category) {]]></search>\n			<add position=\"before\"><![CDATA[$data[\'headermenus\'] = array();\n		$this->load->model(\'catalog/headermenu\');\n		$data[\'headermenu\'] =$this->model_catalog_headermenu->getHeadermenu();]]></add>\n		</operation>\n	</file>\n	<file path=\"catalog/view/theme/*/template/common/header.tpl\">\n		<operation>\n			<search><![CDATA[<?php if ($categories) { ?>]]></search>\n			<add position=\"replace\"><![CDATA[]]></add>\n		</operation>\n		<operation>\n			<search><![CDATA[<?php foreach ($categories as $category) { ?>]]></search>\n			<add position=\"repalce\"><![CDATA[\n			<?php foreach($headermenu as $header){?> \n			<li class=\"dropdown\"><a class=\"dropdown-toggle\" href=\"<?php echo $header[\'link\'] ?>\"><?php echo $header[\'title\']; ?></a>\n			<?php if($header[\'sub_title\']){?>\n				<div class=\"dropdown-menu\">	\n				<div class=\"dropdown-inner\">\n				<ul class=\"list-unstyled\">\n				<?php foreach($header[\'sub_title\'] as $subtitle){ ?>\n				<li>\n					<?php if(isset($subtitle[\'href\'])){?>					\n					<a href=\"<?php echo $subtitle[\'href\']; ?>\"><?php echo $subtitle[\'title\']; ?></a>\n					<?php }else{?>\n					<a href=\"<?php echo $subtitle[\'link\']?>\"><?php echo $subtitle[\'title\']; ?></a>	\n					<?php } ?>\n					<?php if($header[\'sub_title\']){?>\n				\n				<ul>\n				<?php foreach($subtitle[\'sub_title\'] as $subtitle){ ?>\n				<li>\n					<?php if(isset($subtitle[\'href\'])){?>					\n					<a href=\"<?php echo $subtitle[\'href\']; ?>\"><?php echo $subtitle[\'title\']; ?></a>\n					<?php }else{?>\n					<a href=\"<?php echo $subtitle[\'link\']?>\"><?php echo $subtitle[\'title\']; ?></a>	\n					<?php } ?>\n			</li>\n				<?php }?>\n					\n				</ul>				\n				<?php }?>	\n			</li>\n				<?php }?>\n				</ul>				\n				</div>\n				</div>\n				\n				<?php }?>		\n			</li>			\n			<?php  }?>\n			<?php if ($categories) { ?>\n			<?php foreach ($categories as $category) { ?>\n		]]></add>\n		</operation>\n		<operation>\n			<search><![CDATA[<li><a href=\"<?php echo $category[\'href\']; ?>\"><?php echo $category[\'name\']; ?></a></li>]]></search>\n			<add position=\"replace\" offset=\"7\"><![CDATA[\n			 <li><a href=\"<?php echo $category[\'href\']; ?>\"><?php echo $category[\'name\']; ?></a></li>\n        <?php } ?>\n        <?php } ?>\n        <?php } ?>\n      </ul>\n    </div>\n  </nav>\n</div>\n			]]></add>\n		</operation>\n	</file>\n\n</modification>',0,'2016-08-17 17:31:03'),(4,'SuperMenu integration OCmod','shopencart-supermenu','','1.0','http://shopencart.com','<?xml version=\"1.0\" encoding=\"UTF-8\"?>\r\n<modification>\r\n	<name>SuperMenu integration OCmod</name>\r\n	<version>1.0</version>\r\n	<link>http://shopencart.com</link>\r\n	<code>shopencart-supermenu</code>\r\n	<file path=\"catalog/controller/common/header.php\">\r\n		<operation>\r\n			<search position=\"replace\"><![CDATA[$categories = $this->model_catalog_category->getCategories(0);]]></search>\r\n			<add><![CDATA[$categories = array();]]></add>\r\n		</operation>\r\n		<operation>\r\n			<search position=\"replace\"><![CDATA[$data[\'language\'] = $this->load->controller(\'common/language\');]]></search>\r\n			<add><![CDATA[\r\n		$data[\'categories\'] = array();\r\n		$data[\'supermenu\'] = $this->load->controller(\'module/supermenu\');\r\n		$data[\'supermenu_settings\'] = $this->load->controller(\'module/supermenu_settings\');\r\n		$data[\'language\'] = $this->load->controller(\'common/language\');\r\n		]]></add>\r\n		</operation>\r\n	</file>\r\n	<file path=\"catalog/view/theme/*/template/common/header.tpl\">\r\n		<operation>\r\n			<search position=\"replace\"><![CDATA[<?php foreach ($scripts as $script) { ?>]]></search>\r\n			<add><![CDATA[<?php echo $supermenu_settings; ?>\r\n<?php foreach ($scripts as $script) { ?>\r\n			]]></add>\r\n		</operation>\r\n		<operation>\r\n			<search position=\"replace\"><![CDATA[<?php if ($categories) { ?>]]></search>\r\n			<add><![CDATA[<div class=\"container\"><?php echo $supermenu; ?></div>\r\n<?php if ($categories) { ?>\r\n			]]></add>\r\n		</operation>\r\n	</file>\r\n</modification>',0,'2016-08-18 00:11:32'),(5,'','','','','','<modification>\n    <name></name>\n	<code></code>\n	<version></version>\n	<author></author>\n</modification>',0,'2016-10-20 12:07:45'),(6,'Short Checkout','shortcheckout','OCProfi','1.0','http://ocprofi.com','<?xml version=\"1.0\" encoding=\"utf-8\"?>\n<modification>\n    <name>Short Checkout</name>\n	<code>shortcheckout</code>\n    <version>1.0</version>\n    <author>OCProfi</author>\n    <link>http://ocprofi.com</link>\n    <file path=\"catalog/controller/total/coupon.php\">\n        <operation>\n            <search><![CDATA[\n            $data[\'redirect\'] = $this->url->link(\'checkout/cart\');\n            ]]></search>\n            <add position=\"replace\"><![CDATA[\n            $data[\'redirect\'] = $this->url->link(\'checkout/buy\');\n            ]]></add>\n        </operation>\n    </file>\n	<file path=\"catalog/controller/total/voucher.php\">\n        <operation>\n            <search><![CDATA[\n            $json[\'redirect\'] = $this->url->link(\'checkout/cart\');\n            ]]></search>\n            <add position=\"replace\"><![CDATA[\n            $json[\'redirect\'] = $this->url->link(\'checkout/buy\');\n            ]]></add>\n        </operation>\n    </file> \n	<file path=\"catalog/controller/checkout/confirm.php\">\n        <operation>\n            <search><![CDATA[\n            $redirect = $this->url->link(\'checkout/checkout\', \'\', \'SSL\');\n            ]]></search>\n            <add position=\"replace\"><![CDATA[\n            $redirect = $this->url->link(\'checkout/buy\', \'\', \'SSL\');\n            ]]></add>\n        </operation>\n		<operation>\n            <search><![CDATA[\n            $redirect = $this->url->link(\'checkout/cart\');\n            ]]></search>\n            <add position=\"replace\"><![CDATA[\n            $redirect = $this->url->link(\'checkout/buy\');\n            ]]></add>\n        </operation>\n    </file> \n	<file path=\"catalog/controller/common/cart.php\">\n        <operation>\n            <search><![CDATA[\n            $data[\'cart\'] = $this->url->link(\'checkout/cart\');\n            ]]></search>\n            <add position=\"replace\"><![CDATA[\n            $data[\'cart\'] = $this->url->link(\'checkout/buy\');\n            ]]></add>\n        </operation>\n		<operation>\n            <search><![CDATA[\n            $data[\'checkout\'] = $this->url->link(\'checkout/checkout\', \'\', \'SSL\');\n            ]]></search>\n            <add position=\"replace\"><![CDATA[\n            $data[\'checkout\'] = $this->url->link(\'checkout/buy\', \'\', \'SSL\').\'#checkout-f\';\n            ]]></add>\n        </operation>\n    </file>\n	<file path=\"catalog/controller/common/header.php\">\n        <operation>\n            <search><![CDATA[\n            $data[\'cart\'] = $this->url->link(\'checkout/cart\');\n            ]]></search>\n            <add position=\"replace\"><![CDATA[\n            $data[\'cart\'] = $this->url->link(\'checkout/buy\');\n            ]]></add>\n        </operation>\n		<operation>\n            <search><![CDATA[\n            $data[\'checkout\'] = $this->url->link(\'checkout/checkout\', \'\', \'SSL\');\n            ]]></search>\n            <add position=\"replace\"><![CDATA[\n            $data[\'checkout\'] = $this->url->link(\'checkout/buy\', \'\', \'SSL\').\'#checkout-f\';\n            ]]></add>\n        </operation>\n    </file>\n	<file path=\"catalog/controller/checkout/cart.php\">\n        <operation>\n            <search><![CDATA[\n            $json[\'success\'] = sprintf($this->language->get(\'text_success\'), $this->url->link(\'product/product\', \'product_id=\' . $this->request->post[\'product_id\']), $product_info[\'name\'], $this->url->link(\'checkout/cart\'));\n            ]]></search>\n            <add position=\"replace\"><![CDATA[\n            $json[\'success\'] = sprintf($this->language->get(\'text_success\'), $this->url->link(\'product/product\', \'product_id=\' . $this->request->post[\'product_id\']), $product_info[\'name\'], $this->url->link(\'checkout/buy\'));\n            ]]></add>\n        </operation>\n    </file>\n	<file path=\"catalog/controller/account/voucher.php\">\n        <operation>\n            <search><![CDATA[\n            $data[\'continue\'] = $this->url->link(\'checkout/cart\');\n            ]]></search>\n            <add position=\"replace\"><![CDATA[\n			$data[\'continue\'] = $this->url->link(\'checkout/buy\');\n            ]]></add>\n        </operation>\n    </file>\n	<file path=\"catalog/model/checkout/order.php\">\n		<operation>\n            <search><![CDATA[\n            $mail->setTo($order_info[\'email\']);\n            ]]></search>\n            <add position=\"before\"><![CDATA[\n			if($order_info[\'email\']){\n            ]]></add>\n        </operation>\n        <operation>\n            <search index=\"0\"><![CDATA[\n            $mail->send();\n            ]]></search>\n            <add position=\"after\"><![CDATA[\n			}\n            ]]></add>\n        </operation>\n        <operation>\n            <search index=\"3\"><![CDATA[\n			$mail->send();\n            ]]></search>\n            <add position=\"after\"><![CDATA[\n			}\n            ]]></add>\n        </operation>\n    </file>\n</modification>',0,'2016-10-20 13:37:30'),(8,'ExtendedSearch','extendedsearch','AlexDW','1.03','https://opencartforum.com/index.php?app=core&module=search&do=user_activity&search_app=downloads&mid=688391','<?xml version=\"1.0\" encoding=\"UTF-8\"?>\r\n<modification>\r\n	<name>ExtendedSearch</name>\r\n	<version>1.03</version>\r\n	<author>AlexDW</author>\r\n	<link>https://opencartforum.com/index.php?app=core&amp;module=search&amp;do=user_activity&amp;search_app=downloads&amp;mid=688391</link>\r\n	<code>extendedsearch</code>\r\n	<file path=\"catalog/model/catalog/product.php\">		\r\n		<operation error=\"abort\">\r\n		<search><![CDATA[\r\n$sql .= \" LEFT JOIN \" . DB_PREFIX . \"product_description pd ON (p.product_id = pd.product_id) LEFT JOIN \" . DB_PREFIX . \"product_to_store p2s\r\n			]]></search>\r\n			<add position=\"before\" ><![CDATA[\r\n// ExtendedSearch\r\n		if ((!empty($data[\'filter_name\'])) && $this->config->get(\'extendedsearch_status\') && $this->config->get(\'extendedsearch_attr\')) $sql .= \" LEFT JOIN \" . DB_PREFIX . \"product_attribute pa ON (p.product_id = pa.product_id) \";\r\n// ExtendedSearch END\r\n			]]></add>\r\n		</operation>\r\n	</file>\r\n\r\n	<file path=\"catalog/model/catalog/product.php\">		\r\n		<operation error=\"abort\">\r\n		<search><![CDATA[\r\n$implode[] = \"pd.name LIKE \'%\" . $this->db->escape($word) . \"%\'\";\r\n			]]></search>\r\n			<add position=\"replace\" ><![CDATA[\r\n// ExtendedSearch\r\n					$es = \" (LCASE(pd.name) LIKE \'%\" . $this->db->escape(utf8_strtolower($word)) . \"%\'\";\r\n				if ($this->config->get(\'extendedsearch_status\') && $this->config->get(\'extendedsearch_model\')) $es .= \" OR LCASE(p.model) LIKE \'%\" . $this->db->escape(utf8_strtolower($word)) . \"%\'\";\r\n				if ($this->config->get(\'extendedsearch_status\') && $this->config->get(\'extendedsearch_sku\'))$es .= \" OR LCASE(p.sku) LIKE \'%\" . $this->db->escape(utf8_strtolower($word)) . \"%\'\";\r\n				if ($this->config->get(\'extendedsearch_status\') && $this->config->get(\'extendedsearch_upc\'))$es .= \" OR LCASE(p.upc) LIKE \'%\" . $this->db->escape(utf8_strtolower($word)) . \"%\'\";\r\n				if ($this->config->get(\'extendedsearch_status\') && $this->config->get(\'extendedsearch_ean\'))$es .= \" OR LCASE(p.ean) LIKE \'%\" . $this->db->escape(utf8_strtolower($word)) . \"%\'\";\r\n				if ($this->config->get(\'extendedsearch_status\') && $this->config->get(\'extendedsearch_jan\'))$es .= \" OR LCASE(p.jan) LIKE \'%\" . $this->db->escape(utf8_strtolower($word)) . \"%\'\";\r\n				if ($this->config->get(\'extendedsearch_status\') && $this->config->get(\'extendedsearch_isbn\'))$es .= \" OR LCASE(p.isbn) LIKE \'%\" . $this->db->escape(utf8_strtolower($word)) . \"%\'\";\r\n				if ($this->config->get(\'extendedsearch_status\') && $this->config->get(\'extendedsearch_mpn\'))$es .= \" OR LCASE(p.mpn) LIKE \'%\" . $this->db->escape(utf8_strtolower($word)) . \"%\'\";\r\n				if ($this->config->get(\'extendedsearch_status\') && $this->config->get(\'extendedsearch_location\'))$es .= \" OR LCASE(p.location) LIKE \'%\" . $this->db->escape(utf8_strtolower($word)) . \"%\'\";\r\n				if ($this->config->get(\'extendedsearch_status\') && $this->config->get(\'extendedsearch_attr\'))$es .= \" OR LCASE(pa.text) LIKE \'%\" . $this->db->escape(utf8_strtolower($word)) . \"%\'\";\r\n					$es .= \") \";\r\n					$implode[] = $es;\r\n// ExtendedSearch END\r\n			]]></add>\r\n		</operation>\r\n	</file>\r\n\r\n	<file path=\"catalog/model/catalog/product.php\">		\r\n		<operation error=\"skip\">\r\n		<search><![CDATA[\r\n$sql .= \" OR LCASE(p.model) = \'\" . $this->db->escape(utf8_strtolower($data[\'filter_name\'])) . \"\'\";\r\n			]]></search>\r\n			<add position=\"replace\" ><![CDATA[\r\n// ExtendedSearch\r\n			if (!$this->config->get(\'extendedsearch_status\') && !$this->config->get(\'extendedsearch_model\')) {\r\n				$sql .= \" OR LCASE(p.model) = \'\" . $this->db->escape(utf8_strtolower($data[\'filter_name\'])) . \"\'\";\r\n			}\r\n// ExtendedSearch END\r\n			]]></add>\r\n		</operation>\r\n	</file>\r\n\r\n	<file path=\"catalog/model/catalog/product.php\">\r\n		<operation error=\"skip\">\r\n		<search><![CDATA[\r\n$sql .= \" OR LCASE(p.sku) = \'\" . $this->db->escape(utf8_strtolower($data[\'filter_name\'])) . \"\'\";\r\n			]]></search>\r\n			<add position=\"replace\"><![CDATA[\r\n// ExtendedSearch\r\n			if (!$this->config->get(\'extendedsearch_status\') && !$this->config->get(\'extendedsearch_sku\')) {\r\n				$sql .= \" OR LCASE(p.sku) = \'\" . $this->db->escape(utf8_strtolower($data[\'filter_name\'])) . \"\'\";\r\n			}\r\n// ExtendedSearch END\r\n			]]></add>\r\n		</operation>\r\n	</file>\r\n\r\n	<file path=\"catalog/model/catalog/product.php\">\r\n		<operation error=\"skip\">\r\n		<search><![CDATA[\r\n$sql .= \" OR LCASE(p.upc) = \'\" . $this->db->escape(utf8_strtolower($data[\'filter_name\'])) . \"\'\";\r\n			]]></search>\r\n			<add position=\"replace\"><![CDATA[\r\n// ExtendedSearch\r\n			if (!$this->config->get(\'extendedsearch_status\') && !$this->config->get(\'extendedsearch_upc\')) {\r\n				$sql .= \" OR LCASE(p.upc) = \'\" . $this->db->escape(utf8_strtolower($data[\'filter_name\'])) . \"\'\";\r\n			}\r\n// ExtendedSearch END\r\n			]]></add>\r\n		</operation>\r\n	</file>\r\n\r\n	<file path=\"catalog/model/catalog/product.php\">\r\n		<operation error=\"skip\">\r\n		<search><![CDATA[\r\n$sql .= \" OR LCASE(p.ean) = \'\" . $this->db->escape(utf8_strtolower($data[\'filter_name\'])) . \"\'\";\r\n			]]></search>\r\n			<add position=\"replace\"><![CDATA[\r\n// ExtendedSearch\r\n			if (!$this->config->get(\'extendedsearch_status\') && !$this->config->get(\'extendedsearch_ean\')) {\r\n				$sql .= \" OR LCASE(p.ean) = \'\" . $this->db->escape(utf8_strtolower($data[\'filter_name\'])) . \"\'\";\r\n			}\r\n// ExtendedSearch END\r\n			]]></add>\r\n		</operation>\r\n	</file>\r\n\r\n	<file path=\"catalog/model/catalog/product.php\">\r\n		<operation error=\"skip\">\r\n		<search><![CDATA[\r\n$sql .= \" OR LCASE(p.jan) = \'\" . $this->db->escape(utf8_strtolower($data[\'filter_name\'])) . \"\'\";\r\n			]]></search>\r\n			<add position=\"replace\"><![CDATA[\r\n// ExtendedSearch\r\n			if (!$this->config->get(\'extendedsearch_status\') && !$this->config->get(\'extendedsearch_jan\')) {\r\n				$sql .= \" OR LCASE(p.jan) = \'\" . $this->db->escape(utf8_strtolower($data[\'filter_name\'])) . \"\'\";\r\n			}\r\n// ExtendedSearch END\r\n			]]></add>\r\n		</operation>\r\n	</file>\r\n\r\n	<file path=\"catalog/model/catalog/product.php\">\r\n		<operation error=\"skip\">\r\n		<search><![CDATA[\r\n$sql .= \" OR LCASE(p.isbn) = \'\" . $this->db->escape(utf8_strtolower($data[\'filter_name\'])) . \"\'\";\r\n			]]></search>\r\n			<add position=\"replace\"><![CDATA[\r\n// ExtendedSearch\r\n			if (!$this->config->get(\'extendedsearch_status\') && !$this->config->get(\'extendedsearch_isbn\')) {\r\n				$sql .= \" OR LCASE(p.isbn) = \'\" . $this->db->escape(utf8_strtolower($data[\'filter_name\'])) . \"\'\";\r\n			}\r\n// ExtendedSearch END\r\n			]]></add>\r\n		</operation>\r\n	</file>\r\n\r\n	<file path=\"catalog/model/catalog/product.php\">\r\n		<operation error=\"skip\">\r\n		<search><![CDATA[\r\n$sql .= \" OR LCASE(p.mpn) = \'\" . $this->db->escape(utf8_strtolower($data[\'filter_name\'])) . \"\'\";\r\n			]]></search>\r\n			<add position=\"replace\"><![CDATA[\r\n// ExtendedSearch\r\n			if (!$this->config->get(\'extendedsearch_status\') && !$this->config->get(\'extendedsearch_mpn\')) {\r\n				$sql .= \" OR LCASE(p.mpn) = \'\" . $this->db->escape(utf8_strtolower($data[\'filter_name\'])) . \"\'\";\r\n			}\r\n// ExtendedSearch END\r\n			]]></add>\r\n		</operation>\r\n	</file>\r\n</modification>',0,'2017-11-02 14:08:20'),(9,'product option image swap zoom','prod_option_image_swap_z_ocmod','ocextensions.co.uk for cancer research','1.2 prod_option_image_swap_z_ocm','mailto:support@ocextensions.co.uk','<?xml version=\"1.0\" encoding=\"utf-8\"?> \n<modification>\n    <name>product option image swap zoom</name>\n    <id>prod_option_image_swap_z_ocmod</id>\n    <version>1.2 prod_option_image_swap_z_ocmod</version>\n    <author>ocextensions.co.uk for cancer research</author>\n    <link>mailto:support@ocextensions.co.uk</link>\n    <code>prod_option_image_swap_z_ocmod</code>\n    <file path=\"catalog/controller/product/product.php\">   \n        <operation>\n            <search><![CDATA[$product_option_value_data[] = array(]]></search>\n            <add position=\"after\"><![CDATA[   \'imagel\'                  => $this->model_tool_image->resize($option_value[\'image\'], $this->config->get(\'config_image_thumb_width\'), $this->config->get(\'config_image_thumb_height\')),\n\'imagexl\'                  => $this->model_tool_image->resize($option_value[\'image\'], $this->config->get(\'config_image_popup_width\'), $this->config->get(\'config_image_popup_height\')),]]></add>\n        </operation>\n        <operation>\n            <search><![CDATA[$this->document->addScript(\'catalog/view/javascript/jquery/magnific/jquery.magnific-popup.min.js\');]]></search>\n            <add position=\"before\"><![CDATA[$this->document->addScript(\'catalog/view/javascript/jquery/jquery.elevateZoom-3.0.8.min.js\');]]>\n            </add>\n        </operation>\n    </file>\n    <file path=\"catalog/view/theme/*/template/product/product.tpl\">\n        <operation> \n            <search><![CDATA[<li><a class=\"thumbnail\"]]></search>\n            <add position=\"replace\"><![CDATA[<li style=\"display:none\"><a class=\"thumbnail\"]]></add>\n        </operation>\n        <operation> \n            <search><![CDATA[<?php if ($thumb) { ?>]]></search>\n            <add position=\"after\"><![CDATA[                <li><div class=\"thumbnail\" ><img class=\'zoom\' data-zoom-image=\"<?php echo $popup; ?>\" src=\"<?php echo $thumb; ?>\" title=\"<?php echo $heading_title; ?>\" alt=\"<?php echo $heading_title; ?>\" id=\"image\" /></div></li>]]></add>\n        </operation>    \n        <operation> \n            <search index=\"0,1,3\"><![CDATA[<?php foreach ($option[\'product_option_value\'] as $option_value)]]></search>\n            <add position=\"after\"><![CDATA[ <?php  if (!$option_value[\'imagel\'] || strpos($option_value[\'imagel\'], \'no_image\')) $option_value[\'imagel\'] = $thumb; ?>\n <?php if ($option_value[\'imagexl\'] == \'\') $option_value[\'imagexl\'] = \'no_image\'; ?>]]>\n            </add>\n        </operation>\n        <operation> \n            <search><![CDATA[class=\"form-control\"]]></search>\n            <add position=\"replace\"><![CDATA[class=\"thumb form-control\"]]></add>\n        </operation>\n        <operation> \n            <search index=\"0\"><![CDATA[><?php echo $option_value[\'name\']; ?>]]></search>\n            <add position=\"replace\"><![CDATA[class=\"thumb\" src=\"<?php echo $option_value[\'imagel\']; ?>\" val=\"<?php echo $option_value[\'imagexl\']; ?>\"><?php echo $option_value[\'name\']; ?>]]></add>\n        </operation>\n        <operation>\n            <search><![CDATA[<input type=\"radio\" name=\"option[<?php echo $option[\'product_option_id\']; ?>]\"]]></search>\n            <add position=\"replace\"><![CDATA[                   <input type=\"radio\" name=\"option[<?php echo $option[\'product_option_id\']; ?>]\" class=\"thumb\" src=\"<?php echo $option_value[\'imagel\']; ?>\" val=\"<?php echo $option_value[\'imagexl\']; ?>\"]]></add>\n        </operation>\n        <operation>\n            <search><![CDATA[<?php echo $footer; ?>]]></search>\n            <add position=\"before\"><![CDATA[<script type=\"text/javascript\"><!--\n function c() {\n    var srcimg;\n    var srcim;\n        $(\"option:selected\", $(this)).each(function(){\n            srcimg = $(this).attr(\'src\');  \n            srcim = $(this).attr(\'val\');\n    });\n        if (srcimg == null || srcim == null) {         \n            srcimg = $(this).attr(\'src\');\n            srcim = $(this).attr(\'val\');\n    }\n        if (srcim != null) {  \n    var noimage = srcim.indexOf(\"no_image\"); \n    }\n        if (srcimg == null || srcim == null || noimage == 0) {\n            //srcimg = \'<?php echo $thumb; ?>\';\n            //srcim = \'<?php echo $popup; ?>\';\n            return;\n                } \n    $(\'.zoom\').attr(\'src\', srcimg);\n    $(\'.zoom\').attr(\'data-zoom-image\', srcim);\n    $(\'.zoomLens, .zoomWindow\').css(\"background-image\", \"url(\" + srcim +\")\");\n    } \n$(document).on(\"change\", \".thumb\", c);\n//--></script> \n]]></add>\n        </operation>   \n    </file>\n</modification>\n',0,'2017-11-02 17:07:43'),(10,'AJAX live search','ajax-live-search','Denise (rei7092@gmail.com)','2.1.0.2','http://www.jindolure.com/','<?xml version=\"1.0\" encoding=\"utf-8\"?>\r\n<modification>\r\n    <name>AJAX live search</name>\r\n    <code>ajax-live-search</code>\r\n    <version>2.1.0.2</version>\r\n    <author>Denise (rei7092@gmail.com)</author>\r\n    <link>http://www.jindolure.com/</link>\r\n    <file path=\"catalog/controller/common/header.php\">\r\n        <operation>\r\n            <search>\r\n               <![CDATA[$data[\'search\'] = $this->load->controller(\'common/search\');]]>\r\n            </search>\r\n            <add position=\"after\"><![CDATA[\r\n                $data[\'live_search_status\'] = $this->config->get(\'live_search_status\');\r\n                $data[\'live_search_show_image\'] = $this->config->get(\'live_search_show_image\');\r\n                $data[\'live_search_show_price\'] = $this->config->get(\'live_search_show_price\');\r\n                $data[\'live_search_show_description\'] = $this->config->get(\'live_search_show_description\');\r\n            ]]>\r\n            </add>\r\n        </operation>\r\n    </file>\r\n    \r\n    <file path=\"catalog/view/theme/*/template/common/header.tpl\">\r\n        <operation>\r\n            <search>\r\n               <![CDATA[</head>]]>\r\n            </search>\r\n            <add position=\"before\">\r\n            <![CDATA[\r\n            <?php if ($live_search_status):?>\r\n            <link rel=\"stylesheet\" type=\"text/css\" href=\"catalog/view/theme/default/stylesheet/live_search.css\" />\r\n			<script type=\"text/javascript\"><!--\r\n				var live_search = {\r\n					selector: \'#search\',\r\n					text_no_matches: \'No matches.\',\r\n					height: \'50px\',\r\n					delay: 400\r\n				}\r\n\r\n				$(document).ready(function() {\r\n					var html = \'\';\r\n					html += \'<div id=\"live-search\">\';\r\n					html += \'	<ul>\';\r\n					html += \'	</ul>\';\r\n					html += \'</div>\';\r\n\r\n					$(live_search.selector).after(html);\r\n					$(\'input[name=\\\'search\\\']\').autocomplete({\r\n						\'source\': function(request, response) {\r\n							if ($(live_search.selector + \' input[type=\\\'text\\\']\').val() == \'\') {\r\n								$(\'#live-search\').css(\'display\',\'none\');\r\n							}\r\n							else{\r\n								var html = \'\';\r\n								html += \'<li style=\"text-align: center;height:10px;\">\';\r\n								html +=		\'	<img class=\"loading\" src=\"catalog/view/theme/default/image/loading.gif\" />\';\r\n								html +=	\'</li>\';\r\n								$(\'#live-search ul\').html(html);\r\n								$(\'#live-search\').css(\'display\',\'block\');\r\n							}\r\n							var filter_name = $(live_search.selector + \' input[type=\\\'text\\\']\').val();\r\n\r\n							if (filter_name.length>0) {\r\n								$.ajax({\r\n									url: \'index.php?route=product/live_search&filter_name=\' +  encodeURIComponent(request),\r\n									dataType: \'json\',\r\n									success: function(products) {\r\n										$(\'#live-search ul li\').remove();\r\n										if (!$.isEmptyObject(products)) {\r\n											var show_image = <?php echo $live_search_show_image;?>;\r\n											var show_price = <?php echo $live_search_show_price;?>;\r\n											var show_description = <?php echo $live_search_show_description;?>;\r\n\r\n											$.each(products, function(index,product) {\r\n												var html = \'\';\r\n												\r\n												html += \'<li>\';\r\n												html += \'<a href=\"\' + product.url + \'\" title=\"\' + product.name + \'\">\';\r\n												if(product.image && show_image){\r\n													html += \'	<div class=\"product-image\"><img alt=\"\' + product.name + \'\" src=\"\' + product.image + \'\"></div>\';\r\n												}\r\n												html += \'	<div class=\"product-name\">\' + product.name ;\r\n												if(show_description){\r\n													html += \'<p>\' + product.extra_info + \'</p>\';\r\n												}\r\n												html += \'</div>\';\r\n												if(show_price){\r\n													if (product.special) {\r\n														html += \'	<div class=\"product-price\"><span class=\"special\">\' + product.price + \'</span><span class=\"price\">\' + product.special + \'</span></div>\';\r\n													} else {\r\n														html += \'	<div class=\"product-price\"><span class=\"price\">\' + product.price + \'</span></div>\';\r\n													}\r\n												}\r\n												html += \'<span style=\"clear:both\"></span>\';\r\n												html += \'</a>\';\r\n												html += \'</li>\';\r\n												$(\'#live-search ul\').append(html);\r\n											});\r\n										} else {\r\n											var html = \'\';\r\n											html += \'<li style=\"text-align: center;height:10px;\">\';\r\n											html +=		live_search.text_no_matches;\r\n											html +=	\'</li>\';\r\n\r\n											$(\'#live-search ul\').html(html);\r\n										}\r\n										$(\'#live-search ul li\').css(\'height\',live_search.height);\r\n										$(\'#live-search\').css(\'display\',\'block\');\r\n										return false;\r\n									}\r\n								});\r\n							}\r\n						},\r\n						\'select\': function(product) {\r\n							$(\'input[name=\\\'search\\\']\').val(product.name);\r\n						}\r\n					});\r\n\r\n					$(document).bind( \"mouseup touchend\", function(e){\r\n					  var container = $(\'#live-search\');\r\n					  if (!container.is(e.target) && container.has(e.target).length === 0)\r\n					  {\r\n					    container.hide();\r\n					  }\r\n					});\r\n				});\r\n			//--></script>\r\n			<?php endif;?>\r\n            ]]>\r\n            </add>\r\n        </operation>\r\n    </file>\r\n</modification>\r\n',0,'2017-11-07 12:31:43'),(11,'AJAX-ZOOM','ajaxzoom','AJAX-ZOOM','3.0','http://www.ajax-zoom.com/index.php?cid=modules&module=opencart','<?xml version=\"1.0\" encoding=\"utf-8\"?>\r\n<modification>\r\n	<name>AJAX-ZOOM</name>\r\n	<code>ajaxzoom</code>\r\n	<version>3.0</version>\r\n	<author>AJAX-ZOOM</author>\r\n	<link><![CDATA[http://www.ajax-zoom.com/index.php?cid=modules&module=opencart]]></link>\r\n\r\n	<file path=\"catalog/view/theme/*/template/product/product.tpl\">\r\n		<operation>\r\n			<search index=\"0\"><![CDATA[$images]]></search>\r\n			<add position=\"before\"><![CDATA[\r\n				<?php echo $ajaxzoom; ?>\r\n				]]></add>\r\n		</operation>\r\n	</file>\r\n	<file path=\"catalog/controller/product/product.php\">\r\n		<operation>\r\n			<search><![CDATA[$this->load->language(\'product/product\');]]></search>\r\n			<add position=\"after\"><![CDATA[\r\n		$this->load->model(\'module/ajaxzoom\');\r\n		$data[\'ajaxzoom\'] = $this->model_module_ajaxzoom->hookProduct($this->request->get[\'product_id\']);\r\n				]]></add>\r\n		</operation>\r\n	</file>\r\n	<file path=\"catalog/controller/common/header.php\">\r\n		<operation>\r\n			<search><![CDATA[public function index() {]]></search>\r\n			<add position=\"after\"><![CDATA[\r\n		$this->load->model(\'module/ajaxzoom\');\r\n		$data[\'ajaxzoom\'] = $this->model_module_ajaxzoom->hookHeader();\r\n				]]></add>\r\n		</operation>\r\n	</file>\r\n	<file path=\"admin/controller/common/menu.php\">\r\n		<operation>\r\n			<search><![CDATA[\r\n		$data[\'analytics\']\r\n			]]></search>\r\n			<add position=\"before\"><![CDATA[\r\n		$data[\'ajaxzoom\'] = $this->url->link(\'module/ajaxzoom/products\', \'token=\' . $this->session->data[\'token\'], \'SSL\');	\r\n				]]></add>\r\n		</operation>\r\n	</file>\r\n	<file path=\"admin/view/template/common/menu.tpl\">\r\n		<operation>\r\n			<search><![CDATA[\r\n      <li><a href=\"<?php echo $product; ?>\"><?php echo $text_product; ?></a></li>\r\n			]]></search>\r\n			<add position=\"before\"><![CDATA[\r\n      <li><a href=\"<?php echo $ajaxzoom; ?>\">AJAX-ZOOM</a></li>\r\n				]]></add>\r\n		</operation>\r\n	</file>\r\n	<file path=\"admin/view/template/catalog/product_form.tpl\">\r\n		<operation>\r\n			<search><![CDATA[<div class=\"tab-pane\" id=\"tab-reward\">]]></search>\r\n			<add position=\"before\"><![CDATA[\r\n            <div class=\"tab-pane\" id=\"tab-ajaxzoom\">\r\n              <div class=\"table-responsive\">\r\n                <iframe id=\"iframe_ajaxzoom\" width=\"100%\" height=\"100%\" border=\"0\" src=\"<?php echo $url_ajaxzoom ?>\" style=\"border: 0 none !important; width: 100%; min-height:800px;\"></iframe>\r\n              </div>\r\n            </div>\r\n				]]></add>\r\n		</operation>\r\n\r\n		<operation>\r\n			<search><![CDATA[<li><a href=\"#tab-reward\" data-toggle=\"tab\"><?php echo $tab_reward; ?></a></li>]]></search>\r\n			<add position=\"before\"><![CDATA[\r\n            <li><a href=\"#tab-ajaxzoom\" data-toggle=\"tab\">AJAX-ZOOM</a></li>\r\n				]]></add>\r\n		</operation>\r\n	</file>\r\n	<file path=\"admin/controller/catalog/product.php\">\r\n		<operation>\r\n			<search><![CDATA[protected function getForm() {]]></search>\r\n			<add position=\"after\"><![CDATA[\r\n		$data[\'url_ajaxzoom\'] = $this->url->link(\'module/ajaxzoom/product\', \'token=\' . $this->session->data[\'token\'] . \'&product_id=\' . $this->request->get[\'product_id\'] . \'&iframe=1\', \'SSL\');\r\n				]]></add>\r\n		</operation>\r\n	</file>	\r\n</modification> ',0,'2017-12-21 15:07:26'),(12,'Bnit Zoom','bnit_zoom','BNIT.it and Wisersoft','1.1','http://www.bnit.it/','<modification>\r\n	<name>Bnit Zoom</name>\r\n	<code>bnit_zoom</code>\r\n	<version>1.1</version>\r\n	<vqmver>2.x</vqmver>\r\n	<author>BNIT.it and Wisersoft</author>\r\n	<link>http://www.bnit.it/</link>\r\n	<date>2016.03.21</date>\r\n\r\n	<file path=\"catalog/view/theme/*/template/common/footer.tpl\">\r\n		<operation>\r\n			<search><![CDATA[</body>]]></search>\r\n			<add> position=\"before\"<![CDATA[\r\n				<script src=\"catalog/view/javascript/jquery.elevatezoom.min.js\" type=\"text/javascript\"></script>\r\n				<script type=\"text/javascript\">\r\n$(document).ready(function(){$(\"#zoom_01\").elevateZoom({cursor:\"crosshair\",zoomWindowFadeIn:500,zoomWindowFadeOut:750,lensFadeIn:500,lensFadeOut:500})}),$(window).on(\"resize\",function(){var o=$(this);$(\"#zoom_01\").elevateZoom(o.width()<900?{cursor:\"crosshair\",zoomType:\"inner\",zoomWindowFadeIn:500,zoomWindowFadeOut:750,lensFadeIn:500,lensFadeOut:500}:{cursor:\"crosshair\",zoomType:\"window\",zoomWindowFadeIn:500,zoomWindowFadeOut:750,lensFadeIn:500,lensFadeOut:500})});\r\n				</script>  \r\n			]]></add>\r\n		</operation>\r\n	</file>\r\n	<file path=\"catalog/view/theme/*/template/product/product.tpl\">\r\n		<operation>\r\n			<search><![CDATA[<?php echo $thumb; ?>\"]]></search>\r\n			<add position=\"replace\"><![CDATA[<?php echo $thumb; ?>\" id=\"zoom_01\" data-zoom-image=\"<?php echo $popup; ?>\" ]]></add>\r\n		</operation>\r\n	</file>\r\n	\r\n</modification>',0,'2017-12-21 15:56:58');

--
-- Table structure for table `oc_module`
--

CREATE TABLE `oc_module` (
  `module_id` int(11) NOT NULL AUTO_INCREMENT,
  `name` varchar(64) NOT NULL,
  `code` varchar(32) NOT NULL,
  `setting` text NOT NULL,
  PRIMARY KEY (`module_id`)
) ENGINE=MyISAM AUTO_INCREMENT=52 DEFAULT CHARSET=utf8;

--
-- Dumping data for table `oc_module`
--

INSERT INTO `oc_module` VALUES (30,'Category','banner','{\"name\":\"Category\",\"banner_id\":\"6\",\"width\":\"182\",\"height\":\"182\",\"status\":\"0\"}'),(29,'Home Page','carousel','{\"name\":\"Home Page\",\"banner_id\":\"7\",\"width\":\"200\",\"height\":\"200\",\"status\":\"0\"}'),(43,'Home Page','carousel','{\"name\":\"Home Page\",\"banner_id\":\"7\",\"width\":\"130\",\"height\":\"100\",\"status\":\"0\"}'),(27,'Home Page','slideshow','{\"name\":\"Home Page\",\"banner_id\":\"7\",\"width\":\"1140\",\"height\":\"380\",\"status\":\"1\"}'),(31,'Banner 1','banner','{\"name\":\"Banner 1\",\"banner_id\":\"6\",\"width\":\"182\",\"height\":\"182\",\"status\":\"0\"}'),(47,'Клинические наблюдения','tltblog','{\"name\":\"\\u041a\\u043b\\u0438\\u043d\\u0438\\u0447\\u0435\\u0441\\u043a\\u0438\\u0435 \\u043d\\u0430\\u0431\\u043b\\u044e\\u0434\\u0435\\u043d\\u0438\\u044f\",\"module_description\":{\"1\":{\"title\":\"klinik\"}},\"show_title\":\"0\",\"show_blogs\":\"1\",\"num_columns\":\"1\",\"limit\":\"6\",\"sort\":\"sortorder\",\"show_image\":\"1\",\"width\":\"200\",\"height\":\"200\",\"tags\":\"\",\"template\":\"tltblog\",\"status\":\"1\"}'),(44,'Model','special','{\"name\":\"Model\",\"limit\":\"5\",\"width\":\"200\",\"height\":\"200\",\"status\":\"0\"}'),(41,'Model','featured','{\"name\":\"Model\",\"product_name\":\"\",\"product\":[\"47\",\"50\",\"51\",\"68\",\"71\"],\"limit\":\"5\",\"width\":\"130\",\"height\":\"130\",\"status\":\"1\"}'),(51,'HTML Content','html','{\"name\":\"HTML Content\",\"module_description\":{\"1\":{\"title\":\"\",\"description\":\"\"}},\"status\":\"1\"}');

--
-- Table structure for table `oc_option`
--

CREATE TABLE `oc_option` (
  `option_id` int(11) NOT NULL AUTO_INCREMENT,
  `type` varchar(32) NOT NULL,
  `sort_order` int(3) NOT NULL,
  PRIMARY KEY (`option_id`)
) ENGINE=MyISAM AUTO_INCREMENT=14 DEFAULT CHARSET=utf8;

--
-- Dumping data for table `oc_option`
--

INSERT INTO `oc_option` VALUES (1,'radio',1),(2,'checkbox',2),(4,'text',3),(5,'select',4),(6,'textarea',5),(7,'file',6),(8,'date',7),(9,'time',8),(10,'datetime',9),(11,'select',10),(12,'date',11),(13,'select',0);

--
-- Table structure for table `oc_option_description`
--

CREATE TABLE `oc_option_description` (
  `option_id` int(11) NOT NULL,
  `language_id` int(11) NOT NULL,
  `name` varchar(128) NOT NULL,
  PRIMARY KEY (`option_id`,`language_id`)
) ENGINE=MyISAM DEFAULT CHARSET=utf8;

--
-- Dumping data for table `oc_option_description`
--

INSERT INTO `oc_option_description` VALUES (1,1,'Radio'),(2,1,'Checkbox'),(4,1,'Текст'),(6,1,'Текст'),(8,1,'Дата'),(7,1,'Файл'),(5,1,'Выберите'),(9,1,'Время'),(10,1,'Дата и Время'),(12,1,'Дата доставки'),(11,1,'Размер'),(13,1,'Объем');

--
-- Table structure for table `oc_option_value`
--

CREATE TABLE `oc_option_value` (
  `option_value_id` int(11) NOT NULL AUTO_INCREMENT,
  `option_id` int(11) NOT NULL,
  `image` varchar(255) NOT NULL,
  `sort_order` int(3) NOT NULL,
  PRIMARY KEY (`option_value_id`)
) ENGINE=MyISAM AUTO_INCREMENT=60 DEFAULT CHARSET=utf8;

--
-- Dumping data for table `oc_option_value`
--

INSERT INTO `oc_option_value` VALUES (43,1,'',3),(32,1,'',1),(45,2,'',4),(44,2,'',3),(42,5,'',4),(41,5,'',3),(40,5,'',2),(39,5,'',1),(31,1,'',2),(23,2,'',1),(24,2,'',2),(48,11,'',3),(47,11,'',2),(46,11,'',1),(59,13,'',1),(50,13,'',1),(58,13,'',1),(56,13,'',0),(55,13,'',0),(53,13,'',0),(49,13,'',0),(52,13,'',0),(54,13,'',0),(57,13,'',0),(51,13,'',0);

--
-- Table structure for table `oc_option_value_description`
--

CREATE TABLE `oc_option_value_description` (
  `option_value_id` int(11) NOT NULL,
  `language_id` int(11) NOT NULL,
  `option_id` int(11) NOT NULL,
  `name` varchar(128) NOT NULL,
  PRIMARY KEY (`option_value_id`,`language_id`)
) ENGINE=MyISAM DEFAULT CHARSET=utf8;

--
-- Dumping data for table `oc_option_value_description`
--

INSERT INTO `oc_option_value_description` VALUES (43,1,1,'Large'),(32,1,1,'Small'),(45,1,2,'Checkbox 4'),(44,1,2,'Checkbox 3'),(31,1,1,'Medium'),(41,1,5,'Green'),(40,1,5,'Blue'),(39,1,5,'Red'),(23,1,2,'Checkbox 1'),(24,1,2,'Checkbox 2'),(50,1,13,'5000 мл.'),(48,1,11,'Large'),(46,1,11,'Small'),(47,1,11,'Medium'),(58,1,13,'135 мл.'),(56,1,13,'100 мл.'),(55,1,13,'30 мл.'),(53,1,13,'1000 мл.'),(49,1,13,'500 мл.'),(52,1,13,'120 мл.'),(54,1,13,'250 мл.'),(42,1,5,'Yellow'),(57,1,13,'50 мл.'),(51,1,13,'200 мл.'),(59,1,13,'750 мл.');

--
-- Table structure for table `oc_order`
--

CREATE TABLE `oc_order` (
  `order_id` int(11) NOT NULL AUTO_INCREMENT,
  `invoice_no` int(11) NOT NULL DEFAULT '0',
  `invoice_prefix` varchar(26) NOT NULL,
  `store_id` int(11) NOT NULL DEFAULT '0',
  `store_name` varchar(64) NOT NULL,
  `store_url` varchar(255) NOT NULL,
  `customer_id` int(11) NOT NULL DEFAULT '0',
  `customer_group_id` int(11) NOT NULL DEFAULT '0',
  `firstname` varchar(32) NOT NULL,
  `lastname` varchar(32) NOT NULL,
  `email` varchar(96) NOT NULL,
  `telephone` varchar(32) NOT NULL,
  `fax` varchar(32) NOT NULL,
  `custom_field` text NOT NULL,
  `payment_firstname` varchar(32) NOT NULL,
  `payment_lastname` varchar(32) NOT NULL,
  `payment_company` varchar(40) NOT NULL,
  `payment_address_1` varchar(128) NOT NULL,
  `payment_address_2` varchar(128) NOT NULL,
  `payment_city` varchar(128) NOT NULL,
  `payment_postcode` varchar(10) NOT NULL,
  `payment_country` varchar(128) NOT NULL,
  `payment_country_id` int(11) NOT NULL,
  `payment_zone` varchar(128) NOT NULL,
  `payment_zone_id` int(11) NOT NULL,
  `payment_address_format` text NOT NULL,
  `payment_custom_field` text NOT NULL,
  `payment_method` varchar(128) NOT NULL,
  `payment_code` varchar(128) NOT NULL,
  `shipping_firstname` varchar(32) NOT NULL,
  `shipping_lastname` varchar(32) NOT NULL,
  `shipping_company` varchar(40) NOT NULL,
  `shipping_address_1` varchar(128) NOT NULL,
  `shipping_address_2` varchar(128) NOT NULL,
  `shipping_city` varchar(128) NOT NULL,
  `shipping_postcode` varchar(10) NOT NULL,
  `shipping_country` varchar(128) NOT NULL,
  `shipping_country_id` int(11) NOT NULL,
  `shipping_zone` varchar(128) NOT NULL,
  `shipping_zone_id` int(11) NOT NULL,
  `shipping_address_format` text NOT NULL,
  `shipping_custom_field` text NOT NULL,
  `shipping_method` varchar(128) NOT NULL,
  `shipping_code` varchar(128) NOT NULL,
  `comment` text NOT NULL,
  `total` decimal(15,4) NOT NULL DEFAULT '0.0000',
  `order_status_id` int(11) NOT NULL DEFAULT '0',
  `affiliate_id` int(11) NOT NULL,
  `commission` decimal(15,4) NOT NULL,
  `marketing_id` int(11) NOT NULL,
  `tracking` varchar(64) NOT NULL,
  `language_id` int(11) NOT NULL,
  `currency_id` int(11) NOT NULL,
  `currency_code` varchar(3) NOT NULL,
  `currency_value` decimal(15,8) NOT NULL DEFAULT '1.00000000',
  `ip` varchar(40) NOT NULL,
  `forwarded_ip` varchar(40) NOT NULL,
  `user_agent` varchar(255) NOT NULL,
  `accept_language` varchar(255) NOT NULL,
  `date_added` datetime NOT NULL,
  `date_modified` datetime NOT NULL,
  PRIMARY KEY (`order_id`)
) ENGINE=MyISAM AUTO_INCREMENT=512 DEFAULT CHARSET=utf8;

--
-- Dumping data for table `oc_order`
--

INSERT INTO `oc_order` VALUES (8,0,'INV-2013-00',0,'Аксимед','http://pelovit.com/',0,1,'fdgdfg','','','3434545','','[]','fdgdfg','','','комммм','','Одесса','','Украина',220,'Одесская область',3495,'','[]','Оплата при доставке','cod','fdgdfg','','','комммм','','Одесса','','Украина',220,'Одесская область',3495,'','[]','Доставка с фиксированной стоимостью доставки','flat.flat','',79.0000,0,0,0.0000,0,'',1,3,'UAH',1.00000000,'85.238.102.237','85.238.102.237','Mozilla/5.0 (Windows NT 6.1) AppleWebKit/537.36 (KHTML, like Gecko) Chrome/50.0.2661.102 Safari/537.36','ru-RU,ru;q=0.8,en-US;q=0.6,en;q=0.4','2016-05-26 17:48:13','2016-05-26 17:48:13'),(3,0,'INV-2013-00',0,'Аксимед','http://pelovit.com/',2,1,'AAA','AAAAA','evlentev_a@ukr.net','123','','','AAA','AAAAA','','aaaaa','','aaaaaa','','Украина',220,'Mykolayivs\'ka Oblast\'',3494,'','[]','Карта Visa и MasterCard (LiqPay)','liqpay','AAA','AAAAA','','aaaaa','','aaaaaa','','Украина',220,'Mykolayivs\'ka Oblast\'',3494,'','[]','Доставка с фиксированной стоимостью доставки','flat.flat','',127.0000,0,0,0.0000,0,'',1,3,'UAH',1.00000000,'85.238.102.237','85.238.102.237','Mozilla/5.0 (Windows NT 6.1) AppleWebKit/537.36 (KHTML, like Gecko) Chrome/50.0.2661.102 Safari/537.36','ru-RU,ru;q=0.8,en-US;q=0.6,en;q=0.4','2016-05-17 17:21:20','2016-05-17 17:21:20'),(4,0,'INV-2013-00',0,'Аксимед','http://pelovit.com/',0,1,'Иванов','Иван','testpupkina@gmail.com','+380999999999','','[]','Иванов','Иван','НП','апвапаппа 25222','','Днепропетрвоск','49051','Украина',220,'Dnipropetrovs\'ka Oblast\'',3484,'','[]','Карта Visa и MasterCard (LiqPay)','liqpay','Иванов','Иван','НП','апвапаппа 25222','','Днепропетрвоск','49051','Украина',220,'Dnipropetrovs\'ka Oblast\'',3484,'','[]','Доставка с фиксированной стоимостью доставки','flat.flat','',127.0000,0,0,0.0000,0,'',1,3,'UAH',1.00000000,'217.117.64.207','10.42.2.125, 217.117.64.207','Mozilla/5.0 (Windows NT 5.1; rv:46.0) Gecko/20100101 Firefox/46.0','ru-RU,ru;q=0.8,en-US;q=0.5,en;q=0.3','2016-05-17 17:23:08','2016-05-17 17:23:08'),(5,0,'INV-2013-00',0,'Аксимед','http://pelovit.com/',0,1,'ывавав','выавыавы','sdfdsfs@sedf.rt','2323434','','[]','ывавав','выавыавы','','3444345435','','Одесса','34324','Украина',220,'Одесская область',3495,'','[]','Оплата при доставке','cod','ывавав','выавыавы','','3444345435','','Одесса','34324','Украина',220,'Одесская область',3495,'','[]','Доставка с фиксированной стоимостью доставки','flat.flat','',127.0000,0,0,0.0000,0,'',1,3,'UAH',1.00000000,'85.238.102.237','85.238.102.237','Mozilla/5.0 (Windows NT 6.1) AppleWebKit/537.36 (KHTML, like Gecko) Chrome/50.0.2661.102 Safari/537.36','ru-RU,ru;q=0.8,en-US;q=0.6,en;q=0.4','2016-05-26 16:50:12','2016-05-26 16:50:12'),(6,0,'INV-2013-00',0,'Аксимед','http://pelovit.com/',0,1,'ывавав','выавыавы','sdfdsfs@sedf.rt','2323434','','[]','ывавав','выавыавы','','3444345435','','Одесса','34324','Украина',220,'Одесская область',3495,'','[]','Оплата при доставке','cod','ывавав','выавыавы','','3444345435','','Одесса','34324','Украина',220,'Одесская область',3495,'','[]','Доставка с фиксированной стоимостью доставки','flat.flat','',274.0000,0,0,0.0000,0,'',1,3,'UAH',1.00000000,'85.238.102.237','85.238.102.237','Mozilla/5.0 (Windows NT 6.1) AppleWebKit/537.36 (KHTML, like Gecko) Chrome/50.0.2661.102 Safari/537.36','ru-RU,ru;q=0.8,en-US;q=0.6,en;q=0.4','2016-05-26 17:08:35','2016-05-26 17:08:35'),(21,0,'INV-2013-00',0,'Аксимед','http://pelovit.com/',0,1,'ппно','опропропро','','5646546','','[]','ппно','опропропро','','78','','укуцк','','Украина',220,'Ивано-Франк. область',3486,'','[]','Оплата при доставке','cod','','','','','','','','',0,'',0,'','[]','','','',97.0000,0,0,0.0000,0,'',1,3,'UAH',1.00000000,'85.238.102.237','85.238.102.237','Mozilla/5.0 (Windows NT 6.1) AppleWebKit/537.36 (KHTML, like Gecko) Chrome/50.0.2661.102 Safari/537.36','ru-RU,ru;q=0.8,en-US;q=0.6,en;q=0.4','2016-05-30 16:47:50','2016-05-30 16:47:50'),(10,0,'INV-2013-00',0,'Аксимед','http://pelovit.com/',0,1,'dfgdfg','rtdrt','fdgdfg@sdfdsf.gfh','345435','','[]','dfgdfg','rtdrt','','dfgdfgdfg','','fdgdfgdg','','Украина',220,'Николаевская область',3494,'','[]','Оплата при доставке','cod','','','','','','','','',0,'',0,'','[]','','','',49.0000,0,0,0.0000,0,'',1,3,'UAH',1.00000000,'85.238.102.237','85.238.102.237','Mozilla/5.0 (Windows NT 6.1) AppleWebKit/537.36 (KHTML, like Gecko) Chrome/50.0.2661.102 Safari/537.36','ru-RU,ru;q=0.8,en-US;q=0.6,en;q=0.4','2016-05-30 16:23:47','2016-05-30 16:23:47'),(11,0,'INV-2013-00',0,'Аксимед','http://pelovit.com/',0,1,'dfgdfg','rtdrt','fdgdfg@sdfdsf.gfh','345435','','[]','dfgdfg','rtdrt','','dfgdfgdfg','','fdgdfgdg','','Украина',220,'Николаевская область',3494,'','[]','Оплата при доставке','cod','','','','','','','','',0,'',0,'','[]','','','',49.0000,0,0,0.0000,0,'',1,3,'UAH',1.00000000,'85.238.102.237','85.238.102.237','Mozilla/5.0 (Windows NT 6.1) AppleWebKit/537.36 (KHTML, like Gecko) Chrome/50.0.2661.102 Safari/537.36','ru-RU,ru;q=0.8,en-US;q=0.6,en;q=0.4','2016-05-30 16:24:17','2016-05-30 16:24:17'),(12,0,'INV-2013-00',0,'Аксимед','http://pelovit.com/',0,1,'dfgdfg','rtdrt','fdgdfg@sdfdsf.gfh','345435','','[]','dfgdfg','rtdrt','','dfgdfgdfg','','fdgdfgdg','','Украина',220,'Николаевская область',3494,'','[]','Оплата при доставке','cod','','','','','','','','',0,'',0,'','[]','','','',49.0000,0,0,0.0000,0,'',1,3,'UAH',1.00000000,'85.238.102.237','85.238.102.237','Mozilla/5.0 (Windows NT 6.1) AppleWebKit/537.36 (KHTML, like Gecko) Chrome/50.0.2661.102 Safari/537.36','ru-RU,ru;q=0.8,en-US;q=0.6,en;q=0.4','2016-05-30 16:27:24','2016-05-30 16:27:24'),(13,0,'INV-2013-00',0,'Аксимед','http://pelovit.com/',0,1,'dfgdfg','rtdrt','fdgdfg@sdfdsf.gfh','345435','','[]','dfgdfg','rtdrt','','dfgdfgdfg','','fdgdfgdg','','Украина',220,'Николаевская область',3494,'','[]','Оплата при доставке','cod','','','','','','','','',0,'',0,'','[]','','','',49.0000,0,0,0.0000,0,'',1,3,'UAH',1.00000000,'85.238.102.237','85.238.102.237','Mozilla/5.0 (Windows NT 6.1) AppleWebKit/537.36 (KHTML, like Gecko) Chrome/50.0.2661.102 Safari/537.36','ru-RU,ru;q=0.8,en-US;q=0.6,en;q=0.4','2016-05-30 16:29:18','2016-05-30 16:29:18'),(14,0,'INV-2013-00',0,'Аксимед','http://pelovit.com/',0,1,'dfgdfg','rtdrt','fdgdfg@sdfdsf.gfh','345435','','[]','dfgdfg','rtdrt','','dfgdfgdfg','','fdgdfgdg','','Украина',220,'Николаевская область',3494,'','[]','Оплата при доставке','cod','','','','','','','','',0,'',0,'','[]','','','',49.0000,0,0,0.0000,0,'',1,3,'UAH',1.00000000,'85.238.102.237','85.238.102.237','Mozilla/5.0 (Windows NT 6.1) AppleWebKit/537.36 (KHTML, like Gecko) Chrome/50.0.2661.102 Safari/537.36','ru-RU,ru;q=0.8,en-US;q=0.6,en;q=0.4','2016-05-30 16:29:56','2016-05-30 16:29:56'),(15,0,'INV-2013-00',0,'Аксимед','http://pelovit.com/',0,1,'dfgdfg','rtdrt','fdgdfg@sdfdsf.gfh','345435','','[]','dfgdfg','rtdrt','','dfgdfgdfg','','fdgdfgdg','','Украина',220,'Николаевская область',3494,'','[]','Оплата при доставке','cod','','','','','','','','',0,'',0,'','[]','','','',49.0000,0,0,0.0000,0,'',1,3,'UAH',1.00000000,'85.238.102.237','85.238.102.237','Mozilla/5.0 (Windows NT 6.1) AppleWebKit/537.36 (KHTML, like Gecko) Chrome/50.0.2661.102 Safari/537.36','ru-RU,ru;q=0.8,en-US;q=0.6,en;q=0.4','2016-05-30 16:31:28','2016-05-30 16:31:28'),(16,0,'INV-2013-00',0,'Аксимед','http://pelovit.com/',0,1,'dfgdfg','rtdrt','fdgdfg@sdfdsf.gfh','345435','','[]','dfgdfg','rtdrt','','dfgdfgdfg','','fdgdfgdg','','Украина',220,'Николаевская область',3494,'','[]','Оплата при доставке','cod','','','','','','','','',0,'',0,'','[]','','','',49.0000,0,0,0.0000,0,'',1,3,'UAH',1.00000000,'85.238.102.237','85.238.102.237','Mozilla/5.0 (Windows NT 6.1) AppleWebKit/537.36 (KHTML, like Gecko) Chrome/50.0.2661.102 Safari/537.36','ru-RU,ru;q=0.8,en-US;q=0.6,en;q=0.4','2016-05-30 16:34:35','2016-05-30 16:34:35'),(17,0,'INV-2013-00',0,'Аксимед','http://pelovit.com/',0,1,'Александ','ААААА','fdgdfg@sdfdsf.gfh','345435','','[]','Александ','ААААА','','4543','','укуцк','','Украина',220,'Николаевская область',3494,'','[]','Оплата при доставке','cod','','','','','','','','',0,'',0,'','[]','','','',49.0000,0,0,0.0000,0,'',1,3,'UAH',1.00000000,'85.238.102.237','85.238.102.237','Mozilla/5.0 (Windows NT 6.1) AppleWebKit/537.36 (KHTML, like Gecko) Chrome/50.0.2661.102 Safari/537.36','ru-RU,ru;q=0.8,en-US;q=0.6,en;q=0.4','2016-05-30 16:36:15','2016-05-30 16:36:15'),(18,0,'INV-2013-00',0,'Аксимед','http://pelovit.com/',0,1,'Александ','ААААА','fdgdfg@sdfdsf.gfh','345435','','[]','Александ','ААААА','','3','','укуцк','','Украина',220,'Николаевская область',3494,'','[]','Оплата при доставке','cod','','','','','','','','',0,'',0,'','[]','','','',49.0000,0,0,0.0000,0,'',1,3,'UAH',1.00000000,'85.238.102.237','85.238.102.237','Mozilla/5.0 (Windows NT 6.1) AppleWebKit/537.36 (KHTML, like Gecko) Chrome/50.0.2661.102 Safari/537.36','ru-RU,ru;q=0.8,en-US;q=0.6,en;q=0.4','2016-05-30 16:38:25','2016-05-30 16:38:25'),(285,0,'INV-2013-00',0,'Аксимед','http://pelovit.com/',0,1,'Александр ','Замковой','ozamkovoi@gmail.com','+380936057518','','[]','Александр ','Замковой','','Новая Почта. Поштове відділення №28. Одесса','','Одесса','','Украина',220,'',51,'','[]','Оплата при доставке','cod','','','','','','','','',0,'',0,'','[]','','','',698.0000,1,0,0.0000,0,'',1,3,'UAH',1.00000000,'188.130.176.251','188.130.176.251','Mozilla/5.0 (Windows NT 6.3; WOW64) AppleWebKit/537.36 (KHTML, like Gecko) Chrome/66.0.3359.170 Safari/537.36 OPR/53.0.2907.68','ru-RU,ru;q=0.9,en-US;q=0.8,en;q=0.7','2018-05-30 23:30:32','2018-05-30 23:30:58'),(40,0,'INV-2013-00',0,'Аксимед','http://pelovit.com/',0,1,'АААААА','АААААААА','','435455345345','','[]','АААААА','АААААААА','','34','','ООООООООООО','','Украина',220,'Днепропетровская область',3484,'','[]','Оплата при доставке','cod','','','','','','','','',0,'',0,'','[]','','','',97.0000,0,0,0.0000,0,'',1,3,'UAH',1.00000000,'31.31.116.173','31.31.116.173','Mozilla/5.0 (Windows NT 6.1) AppleWebKit/537.36 (KHTML, like Gecko) Chrome/51.0.2704.103 Safari/537.36','ru-RU,ru;q=0.8,en-US;q=0.6,en;q=0.4','2016-06-30 12:31:53','2016-06-30 12:31:53'),(24,0,'INV-2013-00',0,'Аксимед','http://pelovit.com/',0,1,'44444444444','er44444444','3455555','11111111111111','','[]','44444444444','er44444444','','678','','укуцк','','Украина',220,'Ивано-Франк. область',3486,'','[]','Оплата при доставке','cod','','','','','','','','',0,'',0,'','[]','','','',97.0000,0,0,0.0000,0,'',1,3,'UAH',1.00000000,'85.238.102.237','85.238.102.237','Mozilla/5.0 (Windows NT 6.1) AppleWebKit/537.36 (KHTML, like Gecko) Chrome/50.0.2661.102 Safari/537.36','ru-RU,ru;q=0.8,en-US;q=0.6,en;q=0.4','2016-05-30 17:28:05','2016-05-30 17:28:05'),(283,0,'INV-2013-00',0,'Аксимед','http://pelovit.com/',0,1,'Татьяна','Дунаева','dtk964@gmail.com','0674824580','','[]','Татьяна','Дунаева','','125','','Одесса','','Украина',220,'',51,'','[]','Оплата на карту Приватбанка','bank_transfer','','','','','','','','',0,'',0,'','[]','','','',225.0000,7,0,0.0000,0,'',1,3,'UAH',1.00000000,'176.119.67.92','176.119.67.92','Mozilla/5.0 (Linux; Android 6.0; Lenovo TAB 2 A10-70F Build/MRA58K) AppleWebKit/537.36 (KHTML, like Gecko) Chrome/66.0.3359.158 Safari/537.36','ru-RU,ru;q=0.9,en-US;q=0.8,en;q=0.7','2018-05-28 21:17:01','2018-05-28 21:17:13'),(47,0,'INV-2013-00',0,'Аксимед','http://pelovit.com/',0,1,'Леонид','Шмыголь Леонид Владимирович','','0934693153','','[]','Леонид','Шмыголь Леонид Владимирович','','6','','Черкассы','','Украина',220,'Черкасская область',3480,'','[]','Оплата при доставке','cod','','','','','','','','',0,'',0,'','[]','','','',97.0000,0,0,0.0000,0,'',1,3,'UAH',1.00000000,'78.137.14.150','78.137.14.150','Mozilla/5.0 (Macintosh; Intel Mac OS X 10_11_5) AppleWebKit/537.36 (KHTML, like Gecko) Chrome/51.0.2704.106 Safari/537.36 OPR/38.0.2220.41','en-US,en;q=0.8','2016-07-24 15:26:18','2016-07-24 15:26:18'),(34,0,'INV-2013-00',0,'Аксимед','http://pelovit.com/',0,1,'dsfdsf','dsfdsf','dsf','34345','','[]','dsfdsf','dsfdsf','','12','','Od','','Украина',220,'Днепропетровская область',3484,'','[]','Оплата при доставке','cod','','','','','','','','',0,'',0,'','[]','','','',49.0000,0,0,0.0000,0,'',1,3,'UAH',1.00000000,'85.238.102.237','85.238.102.237','Mozilla/5.0 (Windows NT 6.1) AppleWebKit/537.36 (KHTML, like Gecko) Chrome/50.0.2661.102 Safari/537.36','ru-RU,ru;q=0.8,en-US;q=0.6,en;q=0.4','2016-06-02 14:27:40','2016-06-02 14:27:40'),(281,0,'INV-2013-00',0,'Аксимед','http://pelovit.com/',0,1,'Владилена','Заболотная','','0677331830','','[]','Владилена','Заболотная','','37','','Одесса','','Украина',220,'',51,'','[]','Оплата на карту Приватбанка','bank_transfer','','','','','','','','',0,'',0,'','[]','','','',641.0000,7,0,0.0000,0,'',1,3,'UAH',1.00000000,'66.102.9.28','195.78.246.31, 66.102.9.28','Mozilla/5.0 (Linux; Android 6.0.1; SM-J500H Build/MMB29M) AppleWebKit/537.36 (KHTML, like Gecko) Chrome/66.0.3359.158 Mobile Safari/537.36','ru-RU,ru;q=0.9,en-US;q=0.8,en;q=0.7,uk;q=0.6','2018-05-25 09:11:48','2018-05-25 09:12:06'),(282,0,'INV-2013-00',0,'Аксимед','http://pelovit.com/',0,1,'Ирина','Занкович','zankovich85@gmail.com ','0979128932 ','','[]','Ирина','Занкович','','Академика Филатова 24 отделение 5','','Одесса ','','Украина',220,'',51,'','[]','Оплата на карту Приватбанка','bank_transfer','','','','','','','','',0,'',0,'','[]','','','',184.0000,7,0,0.0000,0,'',1,3,'UAH',1.00000000,'31.31.114.179','31.31.114.179','Mozilla/5.0 (Linux; Android 7.0; Redmi Note 4 Build/NRD90M) AppleWebKit/537.36 (KHTML, like Gecko) Chrome/66.0.3359.158 Mobile Safari/537.36','ru-RU,ru;q=0.9,en-US;q=0.8,en;q=0.7','2018-05-28 09:47:39','2018-05-28 09:47:54'),(190,0,'INV-2013-00',0,'Аксимед','http://pelovit.com/',0,1,'яна','коломиец','ia.kolomiietc@gmal.com','0972940081','','[]','яна','коломиец','','2','','вышгород','','Украина',220,'',51,'','[]','Оплата при доставке','cod','','','','','','','','',0,'',0,'','[]','','','',238.0000,1,0,0.0000,0,'',1,3,'UAH',1.00000000,'217.76.207.10','217.76.207.10','Mozilla/5.0 (Linux; Android 7.0; SAMSUNG SM-G935F Build/NRD90M) AppleWebKit/537.36 (KHTML, like Gecko) SamsungBrowser/6.2 Chrome/56.0.2924.87 Mobile Safari/537.36','ru-RU,ru;q=0.8,en-US;q=0.6,en;q=0.4','2017-11-04 05:40:45','2017-11-04 05:40:52'),(187,0,'INV-2013-00',0,'Аксимед','http://pelovit.com/',0,1,'Александр','Коваленко','alcc@ukr.net','0935363428','','[]','Александр','Коваленко','','60','','Одесса ','','Украина',220,'',51,'','[]','Оплата на карту Приватбанка','bank_transfer','','','','','','','','',0,'',0,'','[]','','','',468.0000,7,0,0.0000,0,'',1,3,'UAH',1.00000000,'194.29.60.210','194.29.60.210','Mozilla/5.0 (iPhone; CPU iPhone OS 11_0_3 like Mac OS X) AppleWebKit/604.1.38 (KHTML, like Gecko) Version/11.0 Mobile/15A432 Safari/604.1','ru','2017-11-01 13:23:51','2017-11-01 13:23:57'),(287,0,'INV-2013-00',0,'Аксимед','http://pelovit.com/',4,1,'Руслан Анатольевич','Бааджи','mrleeps@gmail.com','0953380585','','','Давид','Бааджи','','№ 2','','Доброполье','','Украина',220,'Донецкая область',3485,'','[]','Оплата при доставке','cod','','','','','','','','',0,'',0,'','[]','','','',583.0000,1,0,0.0000,0,'',1,3,'UAH',1.00000000,'151.0.45.165','151.0.45.165','Mozilla/5.0 (iPad; CPU OS 11_4_1 like Mac OS X) AppleWebKit/605.1.15 (KHTML, like Gecko) Version/11.1.2 Mobile/15E148 Safari/604.1','ru','2018-06-04 18:43:54','2018-06-04 18:45:21'),(288,0,'INV-2013-00',0,'Аксимед','http://pelovit.com/',0,1,'Валентина','Ковтун','Valentina.1993-1993@mail.ru ','0674789961','','[]','Валентина','Ковтун','','2','','Буча','','Украина',220,'',51,'','[]','Оплата при доставке','cod','','','','','','','','',0,'',0,'','[]','','','',820.0000,1,0,0.0000,0,'',1,3,'UAH',1.00000000,'66.102.9.28','91.232.158.124, 66.102.9.28','Mozilla/5.0 (Linux; Android 7.0; SM-G935F Build/NRD90M) AppleWebKit/537.36 (KHTML, like Gecko) Chrome/66.0.3359.158 Mobile Safari/537.36','en-US,en;q=0.9,ru-RU;q=0.8,ru;q=0.7,uk-UA;q=0.6,uk;q=0.5','2018-06-07 11:13:16','2018-06-07 11:13:21'),(289,0,'INV-2013-00',0,'Аксимед','http://pelovit.com/',0,1,'Алёна ','Курганская ','Lenaest30@gmail.com ','0662827007','','[]','Алёна ','Курганская ','','2','','Борисполь ','','Украина',220,'',51,'','[]','Оплата на карту Приватбанка','bank_transfer','','','','','','','','',0,'',0,'','[]','','','',503.0000,7,0,0.0000,0,'',1,3,'UAH',1.00000000,'195.3.130.23','195.3.130.23','Mozilla/5.0 (Linux; Android 8.0.0; G3412 Build/48.1.A.2.21) AppleWebKit/537.36 (KHTML, like Gecko) Chrome/66.0.3359.158 Mobile Safari/537.36','ru-RU,ru;q=0.9,en-US;q=0.8,en;q=0.7','2018-06-08 00:19:38','2018-06-08 00:19:52'),(192,0,'INV-2013-00',0,'Аксимед','http://pelovit.com/',0,1,'Анна','Касьяненко','virto@ukr.net','0507885596','','[]','Анна','Касьяненко','','8','','Запорожье','','Украина',220,'',51,'','[]','Оплата при доставке','cod','','','','','','','','',0,'',0,'','[]','','','',413.0000,1,0,0.0000,0,'',1,3,'UAH',1.00000000,'91.195.91.151','91.195.91.151','Mozilla/5.0 (Windows NT 10.0; Win64; x64) AppleWebKit/537.36 (KHTML, like Gecko) Chrome/61.0.3163.100 Safari/537.36','ru-RU,ru;q=0.8,en-US;q=0.6,en;q=0.4','2017-11-05 11:21:14','2017-11-05 11:21:39'),(292,0,'INV-2013-00',0,'Аксимед','http://pelovit.com/',0,1,'Светлана','Кравчук','Kravch.s1986@gmail.com','380661777577','','[]','Светлана','Кравчук','','Відділення 1,вул.Свободи,83а','','Нікольське','','Украина',220,'',51,'','[]','Оплата на карту Приватбанка','bank_transfer','','','','','','','','',0,'',0,'','[]','','','',356.0000,7,0,0.0000,0,'',1,3,'UAH',1.00000000,'46.133.198.30','46.133.198.30','Mozilla/5.0 (Linux; Android 7.1.2; Redmi 4X Build/N2G47H) AppleWebKit/537.36 (KHTML, like Gecko) Chrome/66.0.3359.158 Mobile Safari/537.36','ru-RU,ru;q=0.9,en-US;q=0.8,en;q=0.7','2018-06-21 10:13:08','2018-06-21 10:13:21'),(291,0,'INV-2013-00',0,'Аксимед','http://pelovit.com/',0,1,'Наталия','Степанець','VikiPVV@gmail.com','0673630329','','[]','Наталия','Степанець','','35','','Ровно','','Украина',220,'',51,'','[]','Оплата при доставке','cod','','','','','','','','',0,'',0,'','[]','','','',719.0000,1,0,0.0000,0,'',1,3,'UAH',1.00000000,'195.66.79.242','195.66.79.242','Mozilla/5.0 (Windows NT 6.3; Win64; x64; rv:60.0) Gecko/20100101 Firefox/60.0','uk,ru;q=0.8,en-US;q=0.5,en;q=0.3','2018-06-15 12:00:41','2018-06-15 12:00:46'),(290,0,'INV-2013-00',0,'Аксимед','http://pelovit.com/',0,1,'Алла','Криль','alla.kril2015@gmail.com','(068) 115-74-31','','[]','Алла','Криль','','№ 6','','Николаев','','Украина',220,'',51,'','[]','Оплата на карту Приватбанка','bank_transfer','','','','','','','','',0,'',0,'','[]','','','',340.0000,7,0,0.0000,0,'',1,3,'UAH',1.00000000,'31.3.192.16','31.3.192.16','Mozilla/5.0 (Windows NT 6.2) AppleWebKit/537.36 (KHTML, like Gecko) Chrome/67.0.3396.79 Safari/537.36','ru-RU,ru;q=0.9,en-US;q=0.8,en;q=0.7','2018-06-11 16:51:56','2018-06-11 16:52:01'),(278,0,'INV-2013-00',0,'Аксимед','http://pelovit.com/',79,1,'Валерия','Зайвенко','saharok@te.net.ua','0636351121','','','Валерия','Зайвенко','','отделение 19','','одесса','','Украина',220,'Одесская область',3495,'','[]','Оплата на карту Приватбанка','bank_transfer','','','','','','','','',0,'',0,'','[]','','','',406.0000,7,0,0.0000,0,'',1,3,'UAH',1.00000000,'185.228.107.63','185.228.107.63','Mozilla/5.0 (Android 7.0; Mobile; rv:61.0) Gecko/61.0 Firefox/61.0','ru-UA,ru-RU;q=0.8,ru;q=0.6,en-US;q=0.4,en;q=0.2','2018-05-20 22:22:47','2018-05-20 22:22:57'),(279,0,'INV-2013-00',0,'Аксимед','http://pelovit.com/',80,1,'Sara','Williams','stougerrimek1970@gmail.com','2032032034','','','Sara','Williams','','po box 2039','','Seattle','','Украина',220,'Николаевская область',3494,'','[]','Оплата на карту Приватбанка','bank_transfer','','','','','','','','',0,'',0,'','[]','','','',110.0000,0,0,0.0000,0,'',1,3,'UAH',1.00000000,'185.5.249.220','185.5.249.220','Mozilla/5.0 (Windows NT 6.1; Win64; x64; rv:47.0) Gecko/20100101 Firefox/47.0','en-US,en;q=0.5','2018-05-21 11:08:06','2018-05-21 11:08:06'),(280,0,'INV-2013-00',0,'Аксимед','http://pelovit.com/',0,1,'Татьяна','Катеренчук','kattana2011@ukr.net','0973390259','','[]','Татьяна','Катеренчук','','13','','Одесса','','Украина',220,'',51,'','[]','Оплата на карту Приватбанка','bank_transfer','','','','','','','','',0,'',0,'','[]','','','',440.0000,7,0,0.0000,0,'',1,3,'UAH',1.00000000,'194.54.163.95','194.54.163.95','Mozilla/5.0 (Windows NT 5.1) AppleWebKit/537.36 (KHTML, like Gecko) Chrome/49.0.2623.112 Safari/537.36','ru-RU,ru;q=0.8,en-US;q=0.6,en;q=0.4','2018-05-23 11:50:28','2018-05-23 11:52:17'),(277,0,'INV-2013-00',0,'Аксимед','http://pelovit.com/',0,1,'Александр','Сидоренко','sidbox86@mail.ru','0936619608','','[]','Александр','Сидоренко','','№1,ул Центральная 15а','','Днепровский','','Украина',220,'',51,'','[]','Оплата на карту Приватбанка','bank_transfer','','','','','','','','',0,'',0,'','[]','','','',585.0000,7,0,0.0000,0,'',1,3,'UAH',1.00000000,'78.154.171.178','78.154.171.178','Mozilla/5.0 (Windows NT 6.1; WOW64; rv:60.0) Gecko/20100101 Firefox/60.0','ru-RU,ru;q=0.8,en-US;q=0.5,en;q=0.3','2018-05-14 19:35:02','2018-05-14 19:35:15'),(66,0,'INV-2013-00',0,'Аксимед','http://pelovit.com/',0,1,'ольга ','соботович','olgasobotovich@mail.ru','0990656095','','[]','ольга ','соботович','','76','','киев улюсвятошинская,2 к.719','','Украина',220,'Киев',3490,'','[]','Оплата при доставке','cod','','','','','','','','',0,'',0,'','[]','','','',83.0000,0,0,0.0000,0,'',1,3,'UAH',1.00000000,'193.254.216.146','193.254.216.146','Mozilla/5.0 (Windows NT 6.1; WOW64; Trident/7.0; rv:11.0) like Gecko','ru-RU','2016-09-27 14:14:29','2016-09-27 14:14:29'),(276,0,'INV-2013-00',0,'Аксимед','http://pelovit.com/',0,1,'Николай','Штельмах ','arson.sheds@gmail.com ','0975467911','','[]','Николай','Штельмах ','','20','','Винница ','','Украина',220,'',51,'','[]','Оплата при доставке','cod','','','','','','','','',0,'',0,'','[]','','','',100.0000,1,0,0.0000,0,'',1,3,'UAH',1.00000000,'46.211.100.249','46.211.100.249','Mozilla/5.0 (Linux; Android 6.0.1; Redmi 4 Build/MMB29M) AppleWebKit/537.36 (KHTML, like Gecko) Chrome/63.0.3239.111 Mobile Safari/537.36','ru-RU,ru;q=0.9,en-US;q=0.8,en;q=0.7','2018-05-14 13:19:40','2018-05-14 13:19:43'),(275,0,'INV-2013-00',0,'Аксимед','http://pelovit.com/',0,1,'Николай','Штельмах','arson.sheds@gmail.com ','0975467911','','[]','Николай','Штельмах','','20','','Винница','','Украина',220,'',51,'','[]','Оплата при доставке','cod','','','','','','','','',0,'',0,'','[]','','','',200.0000,1,0,0.0000,0,'',1,3,'UAH',1.00000000,'46.211.4.17','46.211.4.17','Mozilla/5.0 (Linux; Android 6.0.1; Redmi 4 Build/MMB29M) AppleWebKit/537.36 (KHTML, like Gecko) Chrome/63.0.3239.111 Mobile Safari/537.36','ru-RU,ru;q=0.9,en-US;q=0.8,en;q=0.7','2018-05-13 21:45:29','2018-05-13 21:45:31'),(70,0,'INV-2013-00',0,'Аксимед','http://pelovit.com/',0,1,'','','aksimed@ukr.net','','','[]','','','','','','','','Украина',220,'Львовская область',3493,'{firstname} {lastname}\n{company}\n{address_1}\n{address_2}\n{city} {postcode}\n{zone}\n{country}','[]','Оплата при доставке','cod','','','','','','','','',0,'',0,'','[]','','','',148.0000,0,0,0.0000,0,'',1,3,'UAH',1.00000000,'130.0.35.42','130.0.35.42','Mozilla/5.0 (Windows NT 6.1) AppleWebKit/537.36 (KHTML, like Gecko) Chrome/53.0.2785.143 Safari/537.36','ru-RU,ru;q=0.8,en-US;q=0.6,en;q=0.4','2016-10-20 15:06:27','2016-10-20 15:06:27'),(71,0,'INV-2013-00',0,'Аксимед','http://pelovit.com/',0,1,'','','aksimed@ukr.net','','','[]','','','','','','','','Украина',220,'',0,'{firstname} {lastname}\n{company}\n{address_1}\n{address_2}\n{city} {postcode}\n{zone}\n{country}','[]','Оплата при доставке','cod','','','','','','','','',0,'',0,'','[]','','','',95.0000,0,0,0.0000,0,'',1,3,'UAH',1.00000000,'130.0.35.42','130.0.35.42','Mozilla/5.0 (Windows NT 6.1) AppleWebKit/537.36 (KHTML, like Gecko) Chrome/53.0.2785.143 Safari/537.36','ru-RU,ru;q=0.8,en-US;q=0.6,en;q=0.4','2016-10-20 12:00:18','2016-10-20 12:00:18'),(286,0,'INV-2013-00',0,'Аксимед','http://pelovit.com/',0,1,'Дмитрий','Бівойн','dima_bivoyn@ukr.net','0972646862','','[]','Дмитрий','Бівойн','','1','',' Шабо','','Украина',220,'',51,'','[]','Оплата при доставке','cod','','','','','','','','',0,'',0,'','[]','','','',390.0000,1,0,0.0000,0,'',1,3,'UAH',1.00000000,'212.79.122.69','212.79.122.69','Mozilla/5.0 (Linux; Android 4.4.4; SM-A500H Build/KTU84P) AppleWebKit/537.36 (KHTML, like Gecko) Chrome/66.0.3359.158 Mobile Safari/537.36','ru-RU,ru;q=0.9,en-US;q=0.8,en;q=0.7,uk;q=0.6','2018-06-03 14:11:54','2018-06-03 14:12:02'),(73,0,'INV-2013-00',0,'Аксимед','http://pelovit.com/',0,1,'sdsd','sdsds','dsdsds','sdsdsd','','[]','sdsd','sdsds','','sdsdsdsd','','sdsdsd','','Украина',220,'',51,'','[]','Оплата на карту Приватбанка','bank_transfer','','','','','','','','',0,'',0,'','[]','','','',159.0000,0,0,0.0000,0,'',1,3,'UAH',1.00000000,'212.178.4.29','212.178.4.29','Mozilla/5.0 (Windows NT 6.1) AppleWebKit/537.36 (KHTML, like Gecko) Chrome/53.0.2785.143 Safari/537.36','ru-RU,ru;q=0.8,en-US;q=0.6,en;q=0.4','2016-10-27 11:40:10','2016-10-27 11:40:10'),(74,0,'INV-2013-00',0,'Аксимед','http://pelovit.com/',0,1,'sdsd','sdsds','dsdsds','sdsdsd','','[]','sdsd','sdsds','','sdsdsdsd','','sdsdsd','','Украина',220,'',51,'','[]','Оплата при доставке','cod','','','','','','','','',0,'',0,'','[]','','','',159.0000,0,0,0.0000,0,'',1,3,'UAH',1.00000000,'212.178.4.29','212.178.4.29','Mozilla/5.0 (Windows NT 6.1) AppleWebKit/537.36 (KHTML, like Gecko) Chrome/53.0.2785.143 Safari/537.36','ru-RU,ru;q=0.8,en-US;q=0.6,en;q=0.4','2016-10-27 11:40:26','2016-10-27 11:40:26'),(75,0,'INV-2013-00',0,'Аксимед','http://pelovit.com/',0,1,'sdsd','sdsds','dsdsds','sdsdsd','','[]','sdsd','sdsds','','sdsdsdsd','','sdsdsd','','Украина',220,'',51,'','[]','Оплата на карту Приватбанка','bank_transfer','','','','','','','','',0,'',0,'','[]','','','',159.0000,0,0,0.0000,0,'',1,3,'UAH',1.00000000,'212.178.4.29','212.178.4.29','Mozilla/5.0 (Windows NT 6.1) AppleWebKit/537.36 (KHTML, like Gecko) Chrome/53.0.2785.143 Safari/537.36','ru-RU,ru;q=0.8,en-US;q=0.6,en;q=0.4','2016-10-27 11:40:30','2016-10-27 11:40:30'),(76,0,'INV-2013-00',0,'Аксимед','http://pelovit.com/',0,1,'sdsdsd','sdsdsd','alexandr.yevlentyev@gmail.com','343434343','','[]','sdsdsd','sdsdsd','','wewe','','343434','','Украина',220,'',51,'','[]','Оплата на карту Приватбанка','bank_transfer','','','','','','','','',0,'',0,'','[]','','','',83.0000,0,0,0.0000,0,'',1,3,'UAH',1.00000000,'212.178.4.29','212.178.4.29','Mozilla/5.0 (Windows NT 6.1) AppleWebKit/537.36 (KHTML, like Gecko) Chrome/53.0.2785.143 Safari/537.36','ru-RU,ru;q=0.8,en-US;q=0.6,en;q=0.4','2016-10-27 16:01:15','2016-10-27 16:01:15'),(77,0,'INV-2013-00',0,'Аксимед','http://pelovit.com/',0,1,'sdsdsd','sdsdsd','alexandr.yevlentyev@gmail.com','343434343','','[]','sdsdsd','sdsdsd','','wewe','','343434','','Украина',220,'',51,'','[]','Оплата на карту Приватбанка','bank_transfer','','','','','','','','',0,'',0,'','[]','','','',83.0000,0,0,0.0000,0,'',1,3,'UAH',1.00000000,'212.178.4.29','212.178.4.29','Mozilla/5.0 (Windows NT 6.1) AppleWebKit/537.36 (KHTML, like Gecko) Chrome/53.0.2785.143 Safari/537.36','ru-RU,ru;q=0.8,en-US;q=0.6,en;q=0.4','2016-10-27 16:07:22','2016-10-27 16:07:22'),(78,0,'INV-2013-00',0,'Аксимед','http://pelovit.com/',0,1,'sdsdsd','sdsdsd','alexandr.yevlentyev@gmail.com','343434343','','[]','sdsdsd','sdsdsd','','wewe','','343434','','Украина',220,'',51,'','[]','Оплата на карту Приватбанка','bank_transfer','','','','','','','','',0,'',0,'','[]','','','',83.0000,0,0,0.0000,0,'',1,3,'UAH',1.00000000,'212.178.4.29','212.178.4.29','Mozilla/5.0 (Windows NT 6.1) AppleWebKit/537.36 (KHTML, like Gecko) Chrome/53.0.2785.143 Safari/537.36','ru-RU,ru;q=0.8,en-US;q=0.6,en;q=0.4','2016-10-27 16:07:52','2016-10-27 16:07:52'),(274,0,'INV-2013-00',0,'Аксимед','http://pelovit.com/',78,1,'Тетяна','Руда','Bulovich_2006@ukr.net','0673541531','','','Тетяна','Руда','','Відділення 24','','М. Хмельницький ','','Украина',220,'Хмельницкая область',3488,'','[]','Оплата при доставке','cod','','','','','','','','',0,'',0,'','[]','','','',270.0000,1,0,0.0000,0,'',1,3,'UAH',1.00000000,'46.63.61.138','46.63.61.138','Mozilla/5.0 (Linux; Android 4.4.2; Lenovo S660 Build/KOT49H) AppleWebKit/537.36 (KHTML, like Gecko) Chrome/66.0.3359.158 Mobile Safari/537.36','uk-UA,uk;q=0.9,ru;q=0.8,en-US;q=0.7,en;q=0.6','2018-05-12 08:39:43','2018-05-12 08:39:58'),(273,0,'INV-2013-00',0,'Аксимед','http://pelovit.com/',0,1,'Кристина','Никитина','kristia1177@gmail.com','0731459394','','[]','Кристина','Никитина','','13','','львов','','Украина',220,'',51,'','[]','Оплата на карту Приватбанка','bank_transfer','','','','','','','','',0,'',0,'','[]','','','',375.0000,7,0,0.0000,0,'',1,3,'UAH',1.00000000,'93.178.253.198','93.178.253.198','Mozilla/5.0 (iPhone; CPU iPhone OS 11_3 like Mac OS X) AppleWebKit/605.1.15 (KHTML, like Gecko) Version/11.0 Mobile/15E148 Safari/604.1','ru','2018-05-10 20:37:01','2018-05-10 20:37:13'),(270,0,'INV-2013-00',0,'Аксимед','http://pelovit.com/',0,1,'Елена','Савельева','anelkovtun@gmail.com','+380674789961','','[]','Елена','Савельева','','2','','Буча','','Украина',220,'',51,'','[]','Оплата при доставке','cod','','','','','','','','',0,'',0,'','[]','','','Просьба связаться для подтверждения. Хочу доставку по адресу Новой Почтой, но к своему дому.',584.0000,1,0,0.0000,0,'',1,3,'UAH',1.00000000,'139.59.43.54','139.59.43.54','Mozilla/5.0 (Windows NT 10.0; Win64; x64) AppleWebKit/537.36 (KHTML, like Gecko) Chrome/65.0.3325.181 Safari/537.36','en-US,en;q=0.9,ru;q=0.8','2018-05-01 12:14:52','2018-05-01 12:15:13'),(271,0,'INV-2013-00',0,'Аксимед','http://pelovit.com/',76,1,'Юлия ','Свириденко ','veraaa@i.ua','067 637 4277','','','Юлия','Свириденко','','№ отделения 60','','Днепр','','Украина',220,'Днепропетровская область',3484,'','[]','Оплата на карту Приватбанка','bank_transfer','','','','','','','','',0,'',0,'','[]','','','Жду реквизитов карты для оплаты ',490.0000,7,0,0.0000,0,'',1,3,'UAH',1.00000000,'193.200.32.183','193.200.32.183','Mozilla/5.0 (Windows NT 6.1; Win64; x64) AppleWebKit/537.36 (KHTML, like Gecko) Chrome/66.0.3359.139 Safari/537.36','ru-RU,ru;q=0.9,en-US;q=0.8,en;q=0.7','2018-05-03 12:07:17','2018-05-03 12:07:20'),(272,0,'INV-2013-00',0,'Аксимед','http://pelovit.com/',77,1,'Наталия','Дихтяренко','d.n.s.3011@gmail.com','0963514889','','','Наталия','Дихтяренко','','Отделение 94','','Киев','','Украина',220,'Киев',3490,'','[]','Оплата при доставке','cod','','','','','','','','',0,'',0,'','[]','','','',205.0000,1,0,0.0000,0,'',1,3,'UAH',1.00000000,'93.72.196.98','93.72.196.98','Mozilla/5.0 (iPhone; CPU iPhone OS 11_2_2 like Mac OS X) AppleWebKit/604.4.7 (KHTML, like Gecko) Version/11.0 Mobile/15C202 Safari/604.1','ru','2018-05-09 22:37:32','2018-05-09 22:37:40'),(84,0,'INV-2013-00',0,'Аксимед','http://pelovit.com/',0,1,'df','dfdf','','dsfdsfdsf','','[]','df','dfdf','','34','','dfd','','Украина',220,'',51,'','[]','Оплата при доставке','cod','','','','','','','','',0,'',0,'','[]','','','dfsfds',136.0000,0,0,0.0000,0,'',1,3,'UAH',1.00000000,'176.119.64.82','176.119.64.82','Mozilla/5.0 (Windows NT 6.1) AppleWebKit/537.36 (KHTML, like Gecko) Chrome/54.0.2840.99 Safari/537.36','ru-RU,ru;q=0.8,en-US;q=0.6,en;q=0.4','2016-12-08 10:30:46','2016-12-08 10:30:46'),(284,0,'INV-2013-00',0,'Аксимед','http://pelovit.com/',81,1,'Елена Мирославовна','Додосева','elena.stankevich.78@mail.ru','+380982178888','','','Елена Мирославовна','Додосева','','Новая почта 4','','Одесса','','Украина',220,'Одесская область',3495,'','[]','Оплата на карту Приватбанка','bank_transfer','','','','','','','','',0,'',0,'','[]','','','',778.0000,7,0,0.0000,0,'',1,3,'UAH',1.00000000,'194.48.209.198','194.48.209.198','Mozilla/5.0 (Macintosh; Intel Mac OS X 10_10_5) AppleWebKit/537.36 (KHTML, like Gecko) Chrome/66.0.3359.181 Safari/537.36','ru-RU,ru;q=0.9,en-US;q=0.8,en;q=0.7','2018-05-30 19:53:55','2018-05-30 19:54:00'),(263,0,'INV-2013-00',0,'Аксимед','http://pelovit.com/',0,1,'Яна','Белоус','','0632431642','','[]','Яна','Белоус','','Новая Почта 35 отделение','','Харьков','','Украина',220,'',51,'','[]','Оплата на карту Приватбанка','bank_transfer','','','','','','','','',0,'',0,'','[]','','','Здравствуйте.Я не регистрируюсь,но очень рассчитываю на скидочку.Собираю статистику по работе ваших препаратов.С уважением Яна.',3700.0000,7,0,0.0000,0,'',1,3,'UAH',1.00000000,'77.122.118.84','77.122.118.84','Mozilla/5.0 (Linux; Android 5.1.1; SAMSUNG SM-J200H Build/LMY48B) AppleWebKit/537.36 (KHTML, like Gecko) SamsungBrowser/6.4 Chrome/56.0.2924.87 Mobile Safari/537.36','ru-RU,ru;q=0.8,en-US;q=0.6,en;q=0.4','2018-04-06 22:55:14','2018-04-06 22:55:20'),(264,0,'INV-2013-00',0,'Аксимед','http://pelovit.com/',0,1,'Надежда','Рыженко','nadia_heart94@ukr.net','0956825404','','[]','Надежда','Рыженко','','21','','Одесса','','Украина',220,'',51,'','[]','Оплата при доставке','cod','','','','','','','','',0,'',0,'','[]','','','',130.0000,0,0,0.0000,0,'',1,3,'UAH',1.00000000,'78.26.151.53','78.26.151.53','Mozilla/5.0 (Linux; Android 7.0; MEIZU M6 Build/NRD90M) AppleWebKit/537.36 (KHTML, like Gecko) Chrome/65.0.3325.109 Mobile Safari/537.36','ru-RU,ru;q=0.9,en-US;q=0.8,en;q=0.7','2018-04-12 20:01:54','2018-04-12 20:01:54'),(265,0,'INV-2013-00',0,'Аксимед','http://pelovit.com/',0,1,'Антонина Николаевна','Грамм','antoneski@ukr.net','+380676383257','','[]','Антонина Николаевна','Грамм','','отделение 7, ул. Свято-Николаевская (Ленина), 55','','Кривой Рог','','Украина',220,'',51,'','[]','Оплата на карту Приватбанка','bank_transfer','','','','','','','','',0,'',0,'','[]','','','',2054.0000,7,0,0.0000,0,'',1,3,'UAH',1.00000000,'176.116.82.23','176.116.82.23','Mozilla/5.0 (Windows NT 6.1; WOW64) AppleWebKit/537.36 (KHTML, like Gecko) Chrome/65.0.3325.181 Safari/537.36 OPR/52.0.2871.64','ru-RU,ru;q=0.9,en-US;q=0.8,en;q=0.7','2018-04-17 15:38:08','2018-04-17 15:41:42'),(266,0,'INV-2013-00',0,'Аксимед','http://pelovit.com/',0,1,'Елена','Ласка','','0679520511','','[]','Елена','Ласка','','Новая почта12','','Запорожье','','Украина',220,'',51,'','[]','Оплата на карту Приватбанка','bank_transfer','','','','','','','','',0,'',0,'','[]','','','',260.0000,7,0,0.0000,0,'',1,3,'UAH',1.00000000,'66.102.9.24','93.77.193.212, 66.102.9.24','Mozilla/5.0 (Linux; Android 4.4.2; Lenovo B8000-F Build/KOT49H) AppleWebKit/537.36 (KHTML, like Gecko) Chrome/65.0.3325.109 Safari/537.36','ru-RU,ru;q=0.9,en-US;q=0.8,en;q=0.7,uk;q=0.6','2018-04-22 11:41:51','2018-04-22 11:41:56'),(267,0,'INV-2013-00',0,'Аксимед','http://pelovit.com/',0,1,'Татьяна','Прядка','tanjuwka@ukr.net','0963381328','','[]','Татьяна','Прядка','','62','','Киев','','Украина',220,'',51,'','[]','Оплата на карту Приватбанка','bank_transfer','','','','','','','','',0,'',0,'','[]','','','',743.0000,0,0,0.0000,0,'',1,3,'UAH',1.00000000,'212.90.62.251','212.90.62.251','Mozilla/5.0 (Linux; Android 7.1.1; SM-J510H Build/NMF26X) AppleWebKit/537.36 (KHTML, like Gecko) Chrome/66.0.3359.126 Mobile Safari/537.36','ru-RU,ru;q=0.9,en-US;q=0.8,en;q=0.7,uk;q=0.6','2018-04-26 13:17:27','2018-04-26 13:17:27'),(268,0,'INV-2013-00',0,'Аксимед','http://pelovit.com/',0,1,'Татьяна','Прядка','tanjuwka@ukr.net','0963381328','','[]','Татьяна','Прядка','','62','','Киев','','Украина',220,'',51,'','[]','Оплата при доставке','cod','','','','','','','','',0,'',0,'','[]','','','',743.0000,1,0,0.0000,0,'',1,3,'UAH',1.00000000,'212.90.62.251','212.90.62.251','Mozilla/5.0 (Linux; Android 7.1.1; SM-J510H Build/NMF26X) AppleWebKit/537.36 (KHTML, like Gecko) Chrome/66.0.3359.126 Mobile Safari/537.36','ru-RU,ru;q=0.9,en-US;q=0.8,en;q=0.7,uk;q=0.6','2018-04-26 13:17:33','2018-04-26 13:17:39'),(269,0,'INV-2013-00',0,'Аксимед','http://pelovit.com/',0,1,'Юлия','Игнатенко','','0674806015','','[]','Юлия','Игнатенко','','18','','Одесса','','Украина',220,'',51,'','[]','Оплата при доставке','cod','','','','','','','','',0,'',0,'','[]','','','',456.0000,1,0,0.0000,0,'',1,3,'UAH',1.00000000,'78.26.151.98','78.26.151.98','Mozilla/5.0 (Macintosh; Intel Mac OS X 10_10_5) AppleWebKit/603.3.8 (KHTML, like Gecko) Version/10.1.2 Safari/603.3.8','ru','2018-04-29 13:49:56','2018-04-29 13:50:07'),(262,0,'INV-2013-00',0,'Аксимед','http://pelovit.com/',0,1,'Яна','Белоус','','0632431642','','[]','Яна','Белоус','','Новая Почта 35 отделение','','Харьков','','Украина',220,'',51,'','[]','Оплата на карту Приватбанка','bank_transfer','','','','','','','','',0,'',0,'','[]','','','',3700.0000,0,0,0.0000,0,'',1,3,'UAH',1.00000000,'77.122.118.84','77.122.118.84','Mozilla/5.0 (Linux; Android 5.1.1; SAMSUNG SM-J200H Build/LMY48B) AppleWebKit/537.36 (KHTML, like Gecko) SamsungBrowser/6.4 Chrome/56.0.2924.87 Mobile Safari/537.36','ru-RU,ru;q=0.8,en-US;q=0.6,en;q=0.4','2018-04-06 22:51:12','2018-04-06 22:51:12'),(261,0,'INV-2013-00',0,'Аксимед','http://pelovit.com/',4,1,'Руслан Анатольевич','Бааджи','mrleeps@gmail.com','0662309288','','[]','Руслан','Бааджи','','N 1','','Доброполье','','Украина',220,'Донецкая область',3485,'','[]','Оплата на карту Приватбанка','bank_transfer','','','','','','','','',0,'',0,'','[]','','','Смску с номером карты скиньте на 0662309288',1159.0000,5,0,0.0000,0,'',1,3,'UAH',1.00000000,'151.0.29.229','151.0.29.229','Mozilla/5.0 (iPad; CPU OS 11_3 like Mac OS X) AppleWebKit/605.1.15 (KHTML, like Gecko) Version/11.0 Mobile/15E148 Safari/604.1','ru','2018-04-02 19:59:28','2018-04-03 14:02:22'),(96,0,'INV-2013-00',0,'Аксимед','http://pelovit.com/',15,1,'елена','сыроветник','olenin86@ukr.net','0937673270','','','елена','сыроветник','','отделение 29','','киев','','Украина',220,'Киев',3490,'','[]','Оплата на карту Приватбанка','bank_transfer','','','','','','','','',0,'',0,'','[]','','','',398.0000,0,0,0.0000,0,'',1,3,'UAH',1.00000000,'109.251.117.46','109.251.117.46','Mozilla/5.0 (Windows NT 6.1; WOW64) AppleWebKit/537.36 (KHTML, like Gecko) Chrome/55.0.2883.87 Safari/537.36 OPR/42.0.2393.517','ru-RU,ru;q=0.8,en-US;q=0.6,en;q=0.4','2017-02-11 10:50:40','2017-02-11 10:50:40'),(246,0,'INV-2013-00',0,'Аксимед','http://pelovit.com/',70,1,'Анна','Немашкало','annahappy22@ukr.net','0992357265','','','Анна','Немашкало','','Номер 1','','Новая Водолага','','Украина',220,'Харьковская область',4224,'','[]','Оплата при доставке','cod','','','','','','','','',0,'',0,'','[]','','','',285.0000,1,0,0.0000,0,'',1,3,'UAH',1.00000000,'178.95.178.74','178.95.178.74','Mozilla/5.0 (Linux; Android 6.0; AS-5433 max Secret Build/MRA58K; wv) AppleWebKit/537.36 (KHTML, like Gecko) Version/4.0 Chrome/64.0.3282.137 Mobile Safari/537.36','ru-RU,en-US;q=0.9','2018-02-21 14:22:26','2018-02-21 14:23:03'),(247,0,'INV-2013-00',0,'Аксимед','http://pelovit.com/',65,1,'Антонина Николаевна','Грамм','antoneski@ukr.net','+380676383257','','','Антонина Николаевна','Грамм','','Отд. 7, ул. Свято-Николаевская (Ленина), 55','','Кривой Рог','','Украина',220,'Днепропетровская область',3484,'','[]','Оплата на карту Приватбанка','bank_transfer','','','','','','','','',0,'',0,'','[]','','','',2310.0000,7,0,0.0000,0,'',1,3,'UAH',1.00000000,'176.116.82.44','176.116.82.44','Mozilla/5.0 (Windows NT 6.1; WOW64) AppleWebKit/537.36 (KHTML, like Gecko) Chrome/64.0.3282.168 Safari/537.36 OPR/51.0.2830.40','ru-RU,ru;q=0.9,en-US;q=0.8,en;q=0.7','2018-02-23 11:49:26','2018-02-23 11:50:54'),(248,0,'INV-2013-00',0,'Аксимед','http://pelovit.com/',71,1,'Наталья','Шишко','jalisichka@gmail.com','0673230109','','','Наталья','Шишко','','отделение №4','','ХХмельницкий','','Украина',220,'Хмельницкая область',3488,'','[]','Оплата на карту Приватбанка','bank_transfer','','','','','','','','',0,'',0,'','[]','','','',375.0000,0,0,0.0000,0,'',1,3,'UAH',1.00000000,'46.185.33.1','46.185.33.1','Mozilla/5.0 (Windows NT 6.1; Win64; x64) AppleWebKit/537.36 (KHTML, like Gecko) Chrome/63.0.3239.132 Safari/537.36','ru-RU,ru;q=0.9,en-US;q=0.8,en;q=0.7','2018-02-24 00:12:53','2018-02-24 00:12:53'),(249,0,'INV-2013-00',0,'Аксимед','http://pelovit.com/',71,1,'Наталья','Шишко','jalisichka@gmail.com','0673230109','','','Наталья','Шишко','','отделение №4','','ХХмельницкий','','Украина',220,'Хмельницкая область',3488,'','[]','Оплата на карту Приватбанка','bank_transfer','','','','','','','','',0,'',0,'','[]','','','Уточните информацию по поводу акции Акция Пеловит-Р Скраб + Дой пак 205.00 грн. что входит в этот комплект?',375.0000,7,0,0.0000,0,'',1,3,'UAH',1.00000000,'46.185.33.1','46.185.33.1','Mozilla/5.0 (Windows NT 6.1; Win64; x64) AppleWebKit/537.36 (KHTML, like Gecko) Chrome/63.0.3239.132 Safari/537.36','ru-RU,ru;q=0.9,en-US;q=0.8,en;q=0.7','2018-02-24 00:15:38','2018-02-24 00:16:07'),(250,0,'INV-2013-00',0,'Аксимед','http://pelovit.com/',0,1,'яна ','коломиец','ia.kolomiietc@gmail.com','0950723712','','[]','яна ','коломиец','','2','','вышгород','','Украина',220,'',51,'','[]','Оплата на карту Приватбанка','bank_transfer','','','','','','','','',0,'',0,'','[]','','','',356.0000,7,0,0.0000,0,'',1,3,'UAH',1.00000000,'217.76.207.6','217.76.207.6','Mozilla/5.0 (Linux; Android 7.0; SAMSUNG SM-G935F Build/NRD90M) AppleWebKit/537.36 (KHTML, like Gecko) SamsungBrowser/6.2 Chrome/56.0.2924.87 Mobile Safari/537.36','ru-RU,ru;q=0.8,en-US;q=0.6,en;q=0.4','2018-02-28 05:00:28','2018-02-28 05:00:32'),(251,0,'INV-2013-00',0,'Аксимед','http://pelovit.com/',69,1,'Елена','Герасимова','e.v.gerasimova@gmail.com','0676405551','','','Елена','Герасимова','','Отделение №3','','Одесса','','Украина',220,'Одесская область',3495,'','[]','Оплата на карту Приватбанка','bank_transfer','','','','','','','','',0,'',0,'','[]','','','',1086.0000,7,0,0.0000,0,'',1,3,'UAH',1.00000000,'78.26.209.46','78.26.209.46','Mozilla/5.0 (Macintosh; Intel Mac OS X 10_12_6) AppleWebKit/604.5.6 (KHTML, like Gecko) Version/11.0.3 Safari/604.5.6','ru','2018-03-04 12:43:08','2018-03-04 12:43:31'),(252,0,'INV-2013-00',0,'Аксимед','http://pelovit.com/',72,1,'Евгений','Жидеев','evgeniy.zhideev@gmail.com','0957788131','','','Евгений','Жидеев','','Новая почта 1','','село Тарановка','','Украина',220,'Харьковская область',4224,'','[]','Оплата на карту Приватбанка','bank_transfer','','','','','','','','',0,'',0,'','[]','','','',533.0000,0,0,0.0000,0,'',1,3,'UAH',1.00000000,'164.127.76.102','164.127.76.102','Mozilla/5.0 (Windows NT 10.0; Win64; x64) AppleWebKit/537.36 (KHTML, like Gecko) Chrome/64.0.3282.186 Safari/537.36','ru,en-US;q=0.9,en;q=0.8,uk;q=0.7,pl;q=0.6,de;q=0.5','2018-03-04 16:28:43','2018-03-04 16:28:43'),(253,0,'INV-2013-00',0,'Аксимед','http://pelovit.com/',72,1,'Евгений','Жидеев','evgeniy.zhideev@gmail.com','0957788131','','','Евгений','Жидеев','','Новая почта 1','','село Тарановка','','Украина',220,'Харьковская область',4224,'','[]','Оплата на карту Приватбанка','bank_transfer','','','','','','','','',0,'',0,'','[]','','','',533.0000,7,0,0.0000,0,'',1,3,'UAH',1.00000000,'164.127.76.102','164.127.76.102','Mozilla/5.0 (Windows NT 10.0; Win64; x64) AppleWebKit/537.36 (KHTML, like Gecko) Chrome/64.0.3282.186 Safari/537.36','ru,en-US;q=0.9,en;q=0.8,uk;q=0.7,pl;q=0.6,de;q=0.5','2018-03-04 16:29:24','2018-03-04 16:29:27'),(255,0,'INV-2013-00',0,'Аксимед','http://pelovit.com/',0,1,'Денис','Матвиенко','denimmm12@gmail.com','0676324637','','[]','Денис','Матвиенко','','9','','днепродзержинск','','Украина',220,'',51,'','[]','Оплата на карту Приватбанка','bank_transfer','','','','','','','','',0,'',0,'','[]','','','',585.0000,7,0,0.0000,0,'',1,3,'UAH',1.00000000,'178.219.88.137','178.219.88.137','Mozilla/5.0 (Linux; U; Android 5.1.1; ru-ru; Redmi 3 Build/LMY47V) AppleWebKit/537.36 (KHTML, like Gecko) Version/4.0 Chrome/42.0.0.0 Mobile Safari/537.36 XiaoMi/MiuiBrowser/2.1.1','ru-RU,en-US;q=0.8','2018-03-15 12:24:33','2018-03-15 12:24:39'),(256,0,'INV-2013-00',0,'Аксимед','http://pelovit.com/',0,1,'Сухоставцева ','Віра','','+380934351427','','[]','Сухоставцева ','Віра','','17','','Львов','','Украина',220,'',51,'','[]','Оплата при доставке','cod','','','','','','','','',0,'',0,'','[]','','','',184.0000,1,0,0.0000,0,'',1,3,'UAH',1.00000000,'93.75.93.155','93.75.93.155','Mozilla/5.0 (Linux; Android 6.0.1; Redmi Note 3 Build/MMB29M) AppleWebKit/537.36 (KHTML, like Gecko) Chrome/65.0.3325.109 Mobile Safari/537.36','uk-UA,uk;q=0.9,ru;q=0.8,en-US;q=0.7,en;q=0.6','2018-03-19 07:17:41','2018-03-19 07:17:55'),(257,0,'INV-2013-00',0,'Аксимед','http://pelovit.com/',0,1,'Виталий ','Тарабара','vitaly.tarabara@ukr.net','0507044457','','[]','Виталий ','Тарабара','','5 отделение','','Павлоград','','Украина',220,'',51,'','[]','Оплата на карту Приватбанка','bank_transfer','','','','','','','','',0,'',0,'','[]','','','',293.0000,7,0,0.0000,0,'',1,3,'UAH',1.00000000,'176.108.15.176','176.108.15.176','Mozilla/5.0 (Windows NT 10.0; Win64; x64) AppleWebKit/537.36 (KHTML, like Gecko) Chrome/64.0.3282.186 Safari/537.36 OPR/51.0.2830.55','ru-RU,ru;q=0.9,en-US;q=0.8,en;q=0.7','2018-03-20 17:08:16','2018-03-20 17:08:20'),(258,0,'INV-2013-00',0,'Аксимед','http://pelovit.com/',0,1,'Ирина','Щербинина','','0993285257','','[]','Ирина','Щербинина','','№2','','Мирноград','','Украина',220,'',51,'','[]','Оплата при доставке','cod','','','','','','','','',0,'',0,'','[]','','','',178.0000,1,0,0.0000,0,'',1,3,'UAH',1.00000000,'37.115.56.64','37.115.56.64','Mozilla/5.0 (Windows NT 6.1; Win64; x64) AppleWebKit/537.36 (KHTML, like Gecko) Chrome/65.0.3325.162 Safari/537.36','ru-RU,ru;q=0.9,en-US;q=0.8,en;q=0.7','2018-03-20 19:07:48','2018-03-20 19:08:03'),(245,0,'INV-2013-00',0,'Аксимед','http://pelovit.com/',0,1,'Юлія','Сергіенко','','067 2403403','','[]','Юлія','Сергіенко','','54','','Киев','','Украина',220,'',51,'','[]','Оплата при доставке','cod','','','','','','','','',0,'',0,'','[]','','','',230.0000,1,0,0.0000,0,'',1,3,'UAH',1.00000000,'109.108.82.185','109.108.82.185','Mozilla/5.0 (Windows NT 10.0; WOW64; rv:41.0) Gecko/20100101 Firefox/41.0','ru-RU,ru;q=0.8,en-US;q=0.5,en;q=0.3','2018-02-21 13:48:43','2018-02-21 13:48:57'),(241,0,'INV-2013-00',0,'Аксимед','http://pelovit.com/',66,1,'Юлия','Якушева','julia73y@gmail.com','0503902734','','','Юлия','Якушева','','119','','Одесса','','Украина',220,'Одесская область',3495,'','[]','Оплата на карту Приватбанка','bank_transfer','','','','','','','','',0,'',0,'','[]','','','',778.0000,7,0,0.0000,0,'',1,3,'UAH',1.00000000,'178.136.119.148','178.136.119.148','Mozilla/5.0 (Windows NT 6.0) AppleWebKit/537.36 (KHTML, like Gecko) Chrome/49.0.2623.112 Safari/537.36','ru-RU,ru;q=0.8,en-US;q=0.6,en;q=0.4','2018-02-07 13:37:45','2018-02-07 13:37:51'),(242,0,'INV-2013-00',0,'Аксимед','http://pelovit.com/',0,1,'Анна','Амброс','Maluk.anna@meta.ua','380505129218','','[]','Анна','Амброс','','2','','Вознесенськ','','Украина',220,'',51,'','[]','Оплата при доставке','cod','','','','','','','','',0,'',0,'','[]','','','',193.0000,1,0,0.0000,0,'',1,3,'UAH',1.00000000,'46.133.22.55','46.133.22.55','Mozilla/5.0 (Linux; Android 5.1.1; SM-J200H Build/LMY48B) AppleWebKit/537.36 (KHTML, like Gecko) Chrome/63.0.3239.111 Mobile Safari/537.36','uk-UA,uk;q=0.9,ru;q=0.8,en-US;q=0.7,en;q=0.6','2018-02-09 15:37:45','2018-02-09 15:37:58'),(243,0,'INV-2013-00',0,'Аксимед','http://pelovit.com/',67,1,'Анастасия ','Шевчук','cornelia.vermeer23@gmail.com','0660414552','','','Анастасия ','Алексеевна','','Отделение 124','','Одесса','','Украина',220,'Одесская область',3495,'','[]','Оплата на карту Приватбанка','bank_transfer','','','','','','','','',0,'',0,'','[]','','','',360.0000,7,0,0.0000,0,'',1,3,'UAH',1.00000000,'78.26.151.225','78.26.151.225','Mozilla/5.0 (Windows NT 6.1; WOW64) AppleWebKit/537.36 (KHTML, like Gecko) Chrome/64.0.3282.140 Safari/537.36','ru-RU,ru;q=0.9,en-US;q=0.8,en;q=0.7','2018-02-13 12:41:54','2018-02-13 12:42:04'),(244,0,'INV-2013-00',0,'Аксимед','http://pelovit.com/',68,1,'Инна','Суровцева','inna-sp-85@mail.ru','0689266680','','','Инна','Суровцева','','Отделение №8 ул. Курчатова 1 г','','Кривой Рог','','Украина',220,'Днепропетровская область',3484,'','[]','Оплата на карту Приватбанка','bank_transfer','','','','','','','','',0,'',0,'','[]','','','',293.0000,7,0,0.0000,0,'',1,3,'UAH',1.00000000,'5.254.65.16','5.254.65.16','Mozilla/5.0 (Windows NT 6.2; WOW64) AppleWebKit/537.36 (KHTML, like Gecko) Chrome/64.0.3282.167 Safari/537.36','ru-RU,ru;q=0.9,en-US;q=0.8,en;q=0.7','2018-02-18 18:16:37','2018-02-18 18:16:48'),(115,0,'INV-2013-00',0,'Аксимед','http://pelovit.com/',26,1,'Артем','Задорожный','artem8719@mail.ua','0990855299','','','Артем','Задорожный','','пгт Казацкое, №1','','Казацкое','','Украина',220,'Херсонская область',3487,'','[]','Оплата при доставке','cod','','','','','','','','',0,'',0,'','[]','','','',276.0000,0,0,0.0000,0,'',1,3,'UAH',1.00000000,'130.180.220.28','130.180.220.28','Mozilla/5.0 (Windows NT 6.1; WOW64) AppleWebKit/537.36 (KHTML, like Gecko) Chrome/57.0.2987.98 Safari/537.36 OPR/44.0.2510.857','ru-RU,ru;q=0.8,en-US;q=0.6,en;q=0.4','2017-05-03 11:00:43','2017-05-03 11:00:43'),(116,0,'INV-2013-00',0,'Аксимед','http://pelovit.com/',26,1,'Артем','Задорожный','artem8719@mail.ua','0990855299','','','Артем','Задорожный','','пгт Казацкое, №1','','Казацкое','','Украина',220,'Херсонская область',3487,'','[]','Оплата на карту Приватбанка','bank_transfer','','','','','','','','',0,'',0,'','[]','','','',276.0000,0,0,0.0000,0,'',1,3,'UAH',1.00000000,'130.180.220.28','130.180.220.28','Mozilla/5.0 (Windows NT 6.1; WOW64) AppleWebKit/537.36 (KHTML, like Gecko) Chrome/57.0.2987.98 Safari/537.36 OPR/44.0.2510.857','ru-RU,ru;q=0.8,en-US;q=0.6,en;q=0.4','2017-05-03 11:07:35','2017-05-03 11:07:35'),(260,0,'INV-2013-00',0,'Аксимед','http://pelovit.com/',0,1,'Алексей','Козлов','opapaleha@gmail.com','+380668124347','','[]','Алексей','Козлов','','3','','Сумы','','Украина',220,'',51,'','[]','Оплата на карту Приватбанка','bank_transfer','','','','','','','','',0,'',0,'','[]','','','',140.0000,7,0,0.0000,0,'',1,3,'UAH',1.00000000,'93.79.43.153','93.79.43.153','Mozilla/5.0 (Linux; Android 6.0.1; XT1254 Build/MCG24.251-5-5) AppleWebKit/537.36 (KHTML, like Gecko) Chrome/65.0.3325.109 Mobile Safari/537.36','ru-RU,ru;q=0.9,en-US;q=0.8,en;q=0.7,uk;q=0.6','2018-03-31 09:04:34','2018-03-31 09:04:47'),(239,0,'INV-2013-00',0,'Аксимед','http://pelovit.com/',65,1,'Антонина Николаевна','Грамм','antoneski@ukr.net','+380676383257','','','Антонина Николаевна','Грамм','','Отд. 7, ул. Свято-Николаевская (Ленина), 55','','Кривой Рог','','Украина',220,'Днепропетровская область',3484,'','[]','Оплата при доставке','cod','','','','','','','','',0,'',0,'','[]','','','',178.0000,0,0,0.0000,0,'',1,3,'UAH',1.00000000,'176.116.82.31','176.116.82.31','Mozilla/5.0 (Windows NT 6.1; WOW64) AppleWebKit/537.36 (KHTML, like Gecko) Chrome/63.0.3239.132 Safari/537.36 OPR/50.0.2762.67','ru-RU,ru;q=0.9,en-US;q=0.8,en;q=0.7','2018-02-06 11:15:02','2018-02-06 11:15:02'),(240,0,'INV-2013-00',0,'Аксимед','http://pelovit.com/',65,1,'Антонина Николаевна','Грамм','antoneski@ukr.net','+380676383257','','','Антонина Николаевна','Грамм','','Отд. 7, ул. Свято-Николаевская (Ленина), 55','','Кривой Рог','','Украина',220,'Днепропетровская область',3484,'','[]','Оплата при доставке','cod','','','','','','','','',0,'',0,'','[]','','','',2223.0000,1,0,0.0000,0,'',1,3,'UAH',1.00000000,'176.116.82.31','176.116.82.31','Mozilla/5.0 (Windows NT 6.1; WOW64) AppleWebKit/537.36 (KHTML, like Gecko) Chrome/63.0.3239.132 Safari/537.36 OPR/50.0.2762.67','ru-RU,ru;q=0.9,en-US;q=0.8,en;q=0.7','2018-02-06 11:17:55','2018-02-06 11:18:43'),(238,0,'INV-2013-00',0,'Аксимед','http://pelovit.com/',0,1,'кристина','никитина','kristia1177@gmail.com','0731459394','','[]','кристина','никитина','','71','','львов','','Украина',220,'',51,'','[]','Оплата на карту Приватбанка','bank_transfer','','','','','','','','',0,'',0,'','[]','','','',200.0000,7,0,0.0000,0,'',1,3,'UAH',1.00000000,'185.17.127.224','185.17.127.224','Mozilla/5.0 (iPhone; CPU iPhone OS 11_2_5 like Mac OS X) AppleWebKit/604.5.6 (KHTML, like Gecko) Version/11.0 Mobile/15D60 Safari/604.1','ru','2018-02-06 11:14:11','2018-02-06 11:14:14'),(237,0,'INV-2013-00',0,'Аксимед','http://pelovit.com/',65,1,'Антонина Николаевна','Грамм','antoneski@ukr.net','+380676383257','','','Антонина Николаевна','Грамм','','Отд. 7, ул. Свято-Николаевская (Ленина), 55','','Кривой Рог','','Украина',220,'Днепропетровская область',3484,'','[]','Оплата при доставке','cod','','','','','','','','',0,'',0,'','[]','','','',4268.0000,0,0,0.0000,0,'',1,3,'UAH',1.00000000,'176.116.82.31','176.116.82.31','Mozilla/5.0 (Windows NT 6.1; WOW64) AppleWebKit/537.36 (KHTML, like Gecko) Chrome/63.0.3239.132 Safari/537.36 OPR/50.0.2762.67','ru-RU,ru;q=0.9,en-US;q=0.8,en;q=0.7','2018-02-06 11:12:14','2018-02-06 11:12:14'),(123,0,'INV-2013-00',0,'Аксимед','http://pelovit.com/',27,1,'Галина','Прозоря','pgi@obl.ck.energy.gov.ua','0508160809','','','Галина','Прозоря','','№ 11','','Черкассы','','Украина',220,'Черкасская область',3480,'','[]','Оплата на карту Приватбанка','bank_transfer','','','','','','','','',0,'',0,'','[]','','','',210.0000,0,0,0.0000,0,'',1,3,'UAH',1.00000000,'193.108.250.117','10.69.254.245, 193.108.250.117','Mozilla/5.0 (Windows NT 5.1; rv:52.0) Gecko/20100101 Firefox/52.0','ru-RU,ru;q=0.8,en-US;q=0.5,en;q=0.3','2017-06-08 11:12:24','2017-06-08 11:12:24'),(259,0,'INV-2013-00',0,'Аксимед','http://pelovit.com/',69,1,'Елена','Герасимова','e.v.gerasimova@gmail.com','0676405551','','','Елена','Герасимова','','Г. Одесса, ул. Большая Арнаутская, 19, офис 803','','Одесса','','Украина',220,'Одесская область',3495,'','[]','Оплата на карту Приватбанка','bank_transfer','','','','','','','','',0,'',0,'','[]','','','',140.0000,7,0,0.0000,0,'',1,3,'UAH',1.00000000,'78.26.209.46','78.26.209.46','Mozilla/5.0 (iPhone; CPU iPhone OS 11_2 like Mac OS X) AppleWebKit/604.4.7 (KHTML, like Gecko) Version/11.0 Mobile/15C114 Safari/604.1','ru','2018-03-20 22:18:45','2018-03-20 22:18:50'),(236,0,'INV-2013-00',0,'Аксимед','http://pelovit.com/',4,1,'Руслан Анатольевич','Бааджи','mrleeps@gmail.com','0662309288','','','Давид','Бааджи','','N 1','','Доброполье','','Украина',220,'Донецкая область',3485,'','[]','Оплата на карту Приватбанка','bank_transfer','','','','','','','','',0,'',0,'','[]','','','‭095 852 46 35‬ -на этот номер скиньте смс с номером карты Банка и отправление оформите на этот номер\n',753.0000,7,0,0.0000,0,'',1,3,'UAH',1.00000000,'151.0.20.8','151.0.20.8','Mozilla/5.0 (Macintosh; Intel Mac OS X 10_12) AppleWebKit/604.5.6 (KHTML, like Gecko) Version/10.0 Safari/602.1.31','ru','2018-02-05 20:00:20','2018-02-05 20:03:55'),(254,0,'INV-2013-00',0,'Аксимед','http://pelovit.com/',74,1,'Екатерина','Онуфриенко','konufriyenko@gmail.com','050-167-22-97','','','Екатерина','Онуфриенко','','Одесса, Посмитного 33, 32','','Одесса','','Украина',220,'Одесская область',3495,'','[]','Оплата при доставке','cod','','','','','','','','',0,'',0,'','[]','','','',700.0000,1,0,0.0000,0,'',1,3,'UAH',1.00000000,'91.196.95.29','91.196.95.29','Mozilla/5.0 (Windows NT 10.0; Win64; x64) AppleWebKit/537.36 (KHTML, like Gecko) Chrome/64.0.3282.119 Safari/537.36','en-US,en;q=0.9','2018-03-13 15:54:38','2018-03-13 15:54:44'),(233,0,'INV-2013-00',0,'Аксимед','http://pelovit.com/',0,1,'Владислав','Ильченко','','0913077584','','[]','Владислав','Ильченко','','31','','Одесса','','Украина',220,'',51,'','[]','Оплата при доставке','cod','','','','','','','','',0,'',0,'','[]','','','',184.0000,1,0,0.0000,0,'',1,3,'UAH',1.00000000,'193.105.200.212','193.105.200.212','Mozilla/5.0 (Linux; Android 7.1.1; SM-J510H Build/NMF26X) AppleWebKit/537.36 (KHTML, like Gecko) Chrome/63.0.3239.111 Mobile Safari/537.36','ru-RU,ru;q=0.9,en-US;q=0.8,en;q=0.7','2018-01-29 19:22:58','2018-01-29 19:23:08'),(234,0,'INV-2013-00',0,'Аксимед','http://pelovit.com/',0,1,'Валерия','Вакуленко','lera.modeler@gmail.com','0964268169','','[]','Валерия','Вакуленко','','№ 28','','Одесса','','Украина',220,'',51,'','[]','Оплата при доставке','cod','','','','','','','','',0,'',0,'','[]','','','',280.0000,1,0,0.0000,0,'',1,3,'UAH',1.00000000,'84.47.133.6','84.47.133.6','Mozilla/5.0 (Windows NT 6.1; Win64; x64) AppleWebKit/537.36 (KHTML, like Gecko) Chrome/63.0.3239.84 Safari/537.36','en-US,en;q=0.9','2018-02-01 13:01:25','2018-02-01 13:01:29'),(235,0,'INV-2013-00',0,'Аксимед','http://pelovit.com/',0,1,'Елена','Кретова','','+380661465646','','[]','Елена','Кретова','',' Отделение N1','','Першотравенск ,Днепропетровская обл','','Украина',220,'',51,'','[]','Оплата при доставке','cod','','','','','','','','',0,'',0,'','[]','','','Добрый день!\nПеред оформлением заказа позвоните , пожалуйста, + 380661465646',278.0000,1,0,0.0000,0,'',1,3,'UAH',1.00000000,'46.200.193.44','46.200.193.44','Mozilla/5.0 (iPad; CPU OS 9_3_5 like Mac OS X) AppleWebKit/601.1.46 (KHTML, like Gecko) Version/9.0 Mobile/13G36 Safari/601.1','ru','2018-02-03 15:43:34','2018-02-03 15:43:38'),(231,0,'INV-2013-00',0,'Аксимед','http://pelovit.com/',63,1,'Татьяна ','Коломийцева ','talya2807@ukr.net','+380633437460','','','Татьяна ','Коломийцева ','','142','','Киев','','Украина',220,'Киев',3490,'','[]','Оплата при доставке','cod','','','','','','','','',0,'',0,'','[]','','','',178.0000,1,0,0.0000,0,'',1,3,'UAH',1.00000000,'212.90.61.37','212.90.61.37','Mozilla/5.0 (X11; Linux x86_64) AppleWebKit/534.24 (KHTML, like Gecko) Chrome/11.0.696.34 Safari/534.24','ru-RU,en-US;q=0.8','2018-01-18 13:09:58','2018-01-18 13:10:03'),(229,0,'INV-2013-00',0,'Аксимед','http://pelovit.com/',0,1,'Oleg','aksimed','manowar1339@mail.ru','+380933537112','','[]','Oleg','aksimed','','25','','Одесса','','Украина',220,'',51,'','[]','Оплата на карту Приватбанка','bank_transfer','','','','','','','','',0,'',0,'','[]','','','па',110.0000,0,0,0.0000,0,'',1,3,'UAH',1.00000000,'194.54.160.9','194.54.160.9','Mozilla/5.0 (Windows NT 6.1; Win64; x64) AppleWebKit/537.36 (KHTML, like Gecko) Chrome/63.0.3239.132 Safari/537.36','ru-RU,ru;q=0.9,en-US;q=0.8,en;q=0.7','2018-01-11 16:12:13','2018-01-11 16:12:13'),(230,0,'INV-2013-00',0,'Аксимед','http://pelovit.com/',0,1,'Светлана','КРАВЧУК','Kravch.s1986@gmail.com','380661777577','','[]','Светлана','КРАВЧУК','','Отделение 1, ул. Свободы, 83а','','Никольское','','Украина',220,'',51,'','[]','Оплата при доставке','cod','','','','','','','','',0,'',0,'','[]','','','',712.0000,1,0,0.0000,0,'',1,3,'UAH',1.00000000,'130.180.219.194','130.180.219.194','Mozilla/5.0 (Linux; Android 6.0.1; Redmi 4X Build/MMB29M) AppleWebKit/537.36 (KHTML, like Gecko) Chrome/63.0.3239.111 Mobile Safari/537.36','ru-RU,ru;q=0.9,en-US;q=0.8,en;q=0.7','2018-01-12 19:27:08','2018-01-12 19:28:44'),(228,0,'INV-2013-00',0,'Аксимед','http://pelovit.com/',0,1,'Ника','Сидорук','andygon@tut.by','0975155689','','[]','Ника','Сидорук','','Ратно нр1','','д. Млиново, Ратновский район, Волынская область','','Украина',220,'',51,'','[]','Оплата при доставке','cod','','','','','','','','',0,'',0,'','[]','','','',225.0000,1,0,0.0000,0,'',1,3,'UAH',1.00000000,'178.120.49.171','178.120.49.171','Mozilla/5.0 (Windows NT 10.0; Win64; x64) AppleWebKit/537.36 (KHTML, like Gecko) Chrome/63.0.3239.132 Safari/537.36','ru-RU,ru;q=0.9,en-US;q=0.8,en;q=0.7,pl;q=0.6','2018-01-11 15:10:45','2018-01-11 15:10:53'),(226,0,'INV-2013-00',0,'Аксимед','http://pelovit.com/',0,1,'Уляна','Овчар','yl6ka1@gmail.com','0979452396','','[]','Уляна','Овчар','','№18 (Наукова 12а)','','Kmdsd','','Украина',220,'',51,'','[]','Оплата при доставке','cod','','','','','','','','',0,'',0,'','[]','','','',1327.0000,0,0,0.0000,0,'',1,3,'UAH',1.00000000,'92.253.246.105','92.253.246.105','Mozilla/5.0 (Windows NT 10.0; Win64; x64) AppleWebKit/537.36 (KHTML, like Gecko) Chrome/63.0.3239.132 Safari/537.36','uk-UA,uk;q=0.9,ru;q=0.8,en-US;q=0.7,en;q=0.6,bg;q=0.5,pl;q=0.4','2018-01-10 10:48:08','2018-01-10 10:48:08'),(227,0,'INV-2013-00',0,'Аксимед','http://pelovit.com/',0,1,'Уляна','Овчар','yl6ka1@gmail.com','0979452396','','[]','Уляна','Овчар','','№18 (Наукова 12а)','','Kmdsd','','Украина',220,'',51,'','[]','Оплата при доставке','cod','','','','','','','','',0,'',0,'','[]','','','',1660.0000,1,0,0.0000,0,'',1,3,'UAH',1.00000000,'92.253.246.105','92.253.246.105','Mozilla/5.0 (Windows NT 10.0; Win64; x64) AppleWebKit/537.36 (KHTML, like Gecko) Chrome/63.0.3239.132 Safari/537.36','uk-UA,uk;q=0.9,ru;q=0.8,en-US;q=0.7,en;q=0.6,bg;q=0.5,pl;q=0.4','2018-01-10 10:50:50','2018-01-10 10:51:19'),(225,0,'INV-2013-00',0,'Аксимед','http://pelovit.com/',61,1,'Яна','Белоус','kolibri03@mail.ru','0632431642','','','Яна','Белоус','','Новая Почта 35 отделение','','Харьков','','Украина',220,'Харьковская область',4224,'','[]','Оплата при доставке','cod','','','','','','','','',0,'',0,'','[]','','','',990.0000,1,0,0.0000,0,'',1,3,'UAH',1.00000000,'77.122.118.84','77.122.118.84','Mozilla/5.0 (Linux; Android 5.1.1; SAMSUNG SM-J200H Build/LMY48B) AppleWebKit/537.36 (KHTML, like Gecko) SamsungBrowser/6.2 Chrome/56.0.2924.87 Mobile Safari/537.36','ru-RU,ru;q=0.8,en-US;q=0.6,en;q=0.4','2018-01-08 21:08:23','2018-01-08 21:09:13'),(224,0,'INV-2013-00',0,'Аксимед','http://pelovit.com/',60,1,'Alex','Galperin','Galperinalex@gmail.com','+380674803609','','','Alex','Galperin','','№21','','Одесса','','Украина',220,'Одесская область',3495,'','[]','Оплата на карту Приватбанка','bank_transfer','','','','','','','','',0,'',0,'','[]','','','',938.0000,7,0,0.0000,0,'',1,3,'UAH',1.00000000,'85.238.104.44','85.238.104.44','Mozilla/5.0 (iPhone; CPU iPhone OS 11_2_1 like Mac OS X) AppleWebKit/604.4.7 (KHTML, like Gecko) Version/11.0 Mobile/15C153 Safari/604.1','ru','2017-12-31 21:05:57','2017-12-31 21:06:22'),(223,0,'INV-2013-00',0,'Аксимед','http://pelovit.com/',27,1,'Галина','Прозоря','pgi@obl.ck.energy.gov.ua','0508160809','','','Галина','Прозоря','','№ 11','','Черкассы','','Украина',220,'Черкасская область',3480,'','[]','Оплата на карту Приватбанка','bank_transfer','','','','','','','','',0,'',0,'','[]','','','',332.0000,7,0,0.0000,0,'',1,3,'UAH',1.00000000,'193.108.250.117','10.69.254.245, 193.108.250.117','Mozilla/5.0 (Windows NT 5.1; rv:52.0) Gecko/20100101 Firefox/52.0','ru-RU,ru;q=0.8,en-US;q=0.5,en;q=0.3','2017-12-26 09:51:41','2017-12-26 09:52:19'),(222,0,'INV-2013-00',0,'Аксимед','http://pelovit.com/',0,1,'Кристина','Немчинова','','0660584732','','[]','Кристина','Немчинова','','128','','Киев','','Украина',220,'',51,'','[]','Оплата при доставке','cod','','','','','','','','',0,'',0,'','[]','','','',150.0000,1,0,0.0000,0,'',1,3,'UAH',1.00000000,'176.36.39.216','176.36.39.216','Mozilla/5.0 (Macintosh; Intel Mac OS X 10_11_6) AppleWebKit/604.3.5 (KHTML, like Gecko) Version/11.0.1 Safari/604.3.5','ru','2017-12-25 18:39:45','2017-12-25 18:39:48'),(221,0,'INV-2013-00',0,'Аксимед','http://pelovit.com/',55,1,'Светлана','Затхей','svetik.zatkhey@gmail.com','+380503316604','','','Светлана','Затхей','','Укрпошта','','Фастов','','Украина',220,'Киевская область',3491,'','[]','Оплата на карту Приватбанка','bank_transfer','','','','','','','','',0,'',0,'','[]','','','',349.0000,7,0,0.0000,0,'',1,3,'UAH',1.00000000,'162.243.246.160','162.243.246.160','Mozilla/5.0 (Windows NT 10.0; Win64; x64) AppleWebKit/537.36 (KHTML, like Gecko) Chrome/63.0.3239.84 Safari/537.36','ru-RU,ru;q=0.9,en-US;q=0.8,en;q=0.7','2017-12-24 21:32:30','2017-12-24 21:32:42'),(220,0,'INV-2013-00',0,'Аксимед','http://pelovit.com/',58,1,'людмила','карнаух','milka20281@gmail.com','0677608405','','','людмила','карнаух','','№10','','каменское ','','Украина',220,'Днепропетровская область',3484,'','[]','Оплата на карту Приватбанка','bank_transfer','','','','','','','','',0,'',0,'','[]','','','',360.0000,7,0,0.0000,0,'',1,3,'UAH',1.00000000,'46.98.125.150','46.98.125.150','Mozilla/5.0 (Windows NT 6.3; Win64; x64) AppleWebKit/537.36 (KHTML, like Gecko) Chrome/62.0.3202.94 Safari/537.36 OPR/49.0.2725.64','ru-RU,ru;q=0.9,en-US;q=0.8,en;q=0.7','2017-12-24 17:08:18','2017-12-24 17:08:52'),(219,0,'INV-2013-00',0,'Аксимед','http://pelovit.com/',57,1,'Алина ','Мирошниченко ','alina16062012@gmail.com','+380662314887','','','Алина ','Мирошниченко ','','Интернациональная,20','','Лебедин','','Украина',220,'Сумская область',3499,'','[]','Оплата при доставке','cod','','','','','','','','',0,'',0,'','[]','','','',178.0000,1,0,0.0000,0,'',1,3,'UAH',1.00000000,'194.213.120.2','194.213.120.2','Mozilla/5.0 (iPhone; CPU iPhone OS 11_2_1 like Mac OS X) AppleWebKit/604.1.34 (KHTML, like Gecko) GSA/41.0.178428663 Mobile/15C153 Safari/604.1','ru','2017-12-23 08:27:46','2017-12-23 08:27:53'),(217,0,'INV-2013-00',0,'Аксимед','http://pelovit.com/',55,1,'Светлана','Затхей','svetik.zatkhey@gmail.com','+380503316604','','','Светлана','Затхей','','№ отделения 1 ул.Кирова','','Фастов','','Украина',220,'Киевская область',3491,'','[]','Оплата на карту Приватбанка','bank_transfer','','','','','','','','',0,'',0,'','[]','','','',305.0000,7,0,0.0000,0,'',1,3,'UAH',1.00000000,'188.166.91.5','188.166.91.5','Mozilla/5.0 (Windows NT 5.1; rv:51.0) Gecko/20100101 Firefox/51.0','ru-RU,ru;q=0.8,en-US;q=0.5,en;q=0.3','2017-12-18 11:40:25','2017-12-18 11:40:46'),(218,0,'INV-2013-00',0,'Аксимед','http://pelovit.com/',56,1,'Евгений','Волков','evgenijvolkov669@gmail.com','0676344221','','','Евгений','Волков','','Вул.Чкалова23','','Днепр','','Украина',220,'Днепропетровская область',3484,'','[]','Оплата на карту Приватбанка','bank_transfer','','','','','','','','',0,'',0,'','[]','','','',163.0000,7,0,0.0000,0,'',1,3,'UAH',1.00000000,'66.102.9.24','46.211.147.62, 66.102.9.24','Mozilla/5.0 (Linux; Android 5.1.1; Lenovo P1a42 Build/LMY47V) AppleWebKit/537.36 (KHTML, like Gecko) Chrome/63.0.3239.111 Mobile Safari/537.36','ru-RU,ru;q=0.9,en-US;q=0.8,en;q=0.7','2017-12-20 15:12:54','2017-12-20 15:13:04'),(215,0,'INV-2013-00',0,'Аксимед','http://pelovit.com/',55,1,'Светлана','Затхей','svetik.zatkhey@gmail.com','+380503316604','','','Светлана','Затхей','','№ отделения 1 ул.Кирова','','Фастов','','Украина',220,'Киевская область',3491,'','[]','Оплата на карту Приватбанка','bank_transfer','','','','','','','','',0,'',0,'','[]','','','',348.0000,7,0,0.0000,0,'',1,3,'UAH',1.00000000,'159.203.134.134','159.203.134.134','Mozilla/5.0 (Windows NT 10.0; Win64; x64) AppleWebKit/537.36 (KHTML, like Gecko) Chrome/63.0.3239.84 Safari/537.36','ru-RU,ru;q=0.9,en-US;q=0.8,en;q=0.7','2017-12-17 20:12:55','2017-12-17 20:13:40'),(216,0,'INV-2013-00',0,'Аксимед','http://pelovit.com/',0,1,'Виталий','Рыбаченко','v6256255@ukr.net','0977871258','','[]','Виталий','Рыбаченко','','6','','Одесса','','Украина',220,'',51,'','[]','Оплата при доставке','cod','','','','','','','','',0,'',0,'','[]','','','',169.0000,1,0,0.0000,0,'',1,3,'UAH',1.00000000,'46.211.102.220','46.211.102.220','Mozilla/5.0 (Linux; U; Android 6.0.1; en-us; Redmi Note 3 Build/MMB29M) AppleWebKit/537.36 (KHTML, like Gecko) Version/4.0 Chrome/53.0.2785.146 Mobile Safari/537.36 XiaoMi/MiuiBrowser/9.2.8','en-US','2017-12-18 10:52:10','2017-12-18 10:52:37'),(214,0,'INV-2013-00',0,'Аксимед','http://pelovit.com/',55,1,'Светлана','Затхей','svetik.zatkhey@gmail.com','+380503316604','','','Светлана','Затхей','','№ отделения 1 ул.Кирова','','Фастов','','Украина',220,'Киевская область',3491,'','[]','Оплата на карту Приватбанка','bank_transfer','','','','','','','','',0,'',0,'','[]','','','',348.0000,0,0,0.0000,0,'',1,3,'UAH',1.00000000,'159.203.134.134','159.203.134.134','Mozilla/5.0 (Windows NT 10.0; Win64; x64) AppleWebKit/537.36 (KHTML, like Gecko) Chrome/63.0.3239.84 Safari/537.36','ru-RU,ru;q=0.9,en-US;q=0.8,en;q=0.7','2017-12-17 20:12:33','2017-12-17 20:12:33'),(213,0,'INV-2013-00',0,'Аксимед','http://pelovit.com/',0,1,'Татьяна','Ангелова ','','0983555997','','[]','Татьяна','Ангелова ','','2','','Измаил','','Украина',220,'',51,'','[]','Оплата на карту Приватбанка','bank_transfer','','','','','','','','',0,'',0,'','[]','','','',220.0000,7,0,0.0000,0,'',1,3,'UAH',1.00000000,'193.160.224.188','193.160.224.188','Mozilla/5.0 (Linux; Android 5.1.1; D2303 Build/18.6.A.0.182) AppleWebKit/537.36 (KHTML, like Gecko) Chrome/62.0.3202.84 Mobile Safari/537.36','ru-RU,ru;q=0.9,en-US;q=0.8,en;q=0.7','2017-12-14 05:03:41','2017-12-14 05:03:56'),(149,0,'INV-2013-00',0,'Аксимед','http://pelovit.com/',39,1,'Сергей','Бограс','aksimedcompany@gmail.com','+380932780003','','','Сергей','Бограс','','№56','','Одесса','','Украина',220,'Одесская область',3495,'','[]','Оплата на карту Приватбанка','bank_transfer','','','','','','','','',0,'',0,'','[]','','','',143.0000,0,0,0.0000,0,'',1,3,'UAH',1.00000000,'194.54.160.9','194.54.160.9','Mozilla/5.0 (Windows NT 6.1; Win64; x64) AppleWebKit/537.36 (KHTML, like Gecko) Chrome/59.0.3071.115 Safari/537.36','ru-RU,ru;q=0.8,en-US;q=0.6,en;q=0.4','2017-08-10 11:39:39','2017-08-10 11:39:39'),(150,0,'INV-2013-00',0,'Аксимед','http://pelovit.com/',0,1,'1','1','1','111','','[]','1','1','','1','','11','','Украина',220,'',51,'','[]','Оплата на карту Приватбанка','bank_transfer','','','','','','','','',0,'',0,'','[]','','','',60.0000,0,0,0.0000,0,'',1,3,'UAH',1.00000000,'194.54.160.9','194.54.160.9','Mozilla/5.0 (Windows NT 6.1; Win64; x64) AppleWebKit/537.36 (KHTML, like Gecko) Chrome/60.0.3112.90 Safari/537.36','ru-RU,ru;q=0.8,en-US;q=0.6,en;q=0.4','2017-08-10 12:19:36','2017-08-10 12:19:36'),(151,0,'INV-2013-00',0,'Аксимед','http://pelovit.com/',0,1,'Оксана','Апарова','oksanova1502@i.ua','0973129198','','[]','Оксана','Апарова','','Іванків (Іванківський р-н), вул. Івана Проскури, 73. Відділення 1','','Иванков','','Украина',220,'',51,'','[]','Оплата на карту Приватбанка','bank_transfer','','','','','','','','',0,'',0,'','[]','','','обов&quot;язково перевірте, що відправка в смт. Іванків (Іванківський р-н), а не с. Іванків (звіряйте адресу відділення!!)',231.0000,0,0,0.0000,0,'',1,3,'UAH',1.00000000,'178.95.131.248','178.95.131.248','Mozilla/5.0 (Windows NT 6.1; Win64; x64) AppleWebKit/537.36 (KHTML, like Gecko) Chrome/60.0.3112.90 Safari/537.36','ru-RU,ru;q=0.8,en-US;q=0.6,en;q=0.4','2017-08-14 16:15:42','2017-08-14 16:15:42'),(212,0,'INV-2013-00',0,'Аксимед','http://pelovit.com/',54,1,'Светлана ','Гончарова ','lesedinora777@gmail.com','0932758715','','','Светлана ','Гончарова ','','Отделение 73 Новой почты','','Одесса','','Украина',220,'Одесская область',3495,'','[]','Оплата на карту Приватбанка','bank_transfer','','','','','','','','',0,'',0,'','[]','','','',481.0000,7,0,0.0000,0,'',1,3,'UAH',1.00000000,'79.142.196.151','79.142.196.151','Mozilla/5.0 (Linux; Android 7.0; SM-J710F Build/NRD90M) AppleWebKit/537.36 (KHTML, like Gecko) Chrome/62.0.3202.84 Mobile Safari/537.36','ru-RU,ru;q=0.9,en-US;q=0.8,en;q=0.7,uk;q=0.6','2017-12-12 16:31:24','2017-12-12 16:31:59'),(211,0,'INV-2013-00',0,'Аксимед','http://pelovit.com/',53,1,'Мирослава','Суворова','Miroslava.suvorova@gmail.xn--om-nmc','0934686528','','','Мирослава','Суворова','','Демидовская 82','','Киев','','Украина',220,'Киев',3490,'','[]','Оплата на карту Приватбанка','bank_transfer','','','','','','','','',0,'',0,'','[]','','','',360.0000,7,0,0.0000,0,'',1,3,'UAH',1.00000000,'37.73.173.43','37.73.173.43','Mozilla/5.0 (Linux; Android 5.0; Lenovo K50-t5 Build/LRX21M) AppleWebKit/537.36 (KHTML, like Gecko) Chrome/62.0.3202.84 Mobile Safari/537.36','ru-RU,ru;q=0.9,en-US;q=0.8,en;q=0.7','2017-12-12 14:52:18','2017-12-12 14:52:29'),(154,0,'INV-2013-00',0,'Аксимед','http://pelovit.com/',0,1,'Инна','Гетманцева','Inna-get@mail.ru','0661405514','','[]','Инна','Гетманцева','','72','','Одесса','','Украина',220,'',51,'','[]','Оплата при доставке','cod','','','','','','','','',0,'',0,'','[]','','','',163.0000,0,0,0.0000,0,'',1,3,'UAH',1.00000000,'78.26.130.189','78.26.130.189','Mozilla/5.0 (iPad; CPU OS 10_3_3 like Mac OS X) AppleWebKit/603.3.8 (KHTML, like Gecko) Version/10.0 Mobile/14G60 Safari/602.1','ru','2017-08-25 16:13:02','2017-08-25 16:13:02'),(210,0,'INV-2013-00',0,'Аксимед','http://pelovit.com/',0,1,'Кристина','Немчинова','','066-058-47-32','','[]','Кристина','Немчинова','','128','','Киев','','Украина',220,'',51,'','[]','Оплата при доставке','cod','','','','','','','','',0,'',0,'','[]','','','',75.0000,1,0,0.0000,0,'',1,3,'UAH',1.00000000,'176.36.39.216','176.36.39.216','Mozilla/5.0 (Macintosh; Intel Mac OS X 10_11_6) AppleWebKit/604.3.5 (KHTML, like Gecko) Version/11.0.1 Safari/604.3.5','ru','2017-12-11 00:24:52','2017-12-11 00:24:55'),(207,0,'INV-2013-00',0,'Аксимед','http://pelovit.com/',0,1,'Марина','Лунёва ','lunafortuna@ukr.net','0672327370','','[]','Марина','Лунёва ','','Чабаны  ул.Юности 3 отделение 1','','Киев','','Украина',220,'',51,'','[]','Оплата при доставке','cod','','','','','','','','',0,'',0,'','[]','','','',163.0000,1,0,0.0000,0,'',1,3,'UAH',1.00000000,'89.19.104.175','89.19.104.175','Mozilla/5.0 (Windows NT 6.1; Win64; x64) AppleWebKit/537.36 (KHTML, like Gecko) Chrome/59.0.3071.115 Safari/537.36','ru-RU,ru;q=0.8,en-US;q=0.6,en;q=0.4','2017-12-02 01:18:44','2017-12-02 01:18:49'),(208,0,'INV-2013-00',0,'Аксимед','http://pelovit.com/',43,1,'Андрей','Прядка','andrewpriadka@gmail.com','0937117289','','','Андрей','Прядка','','№89','','Киев','','Украина',220,'Киев',3490,'','[]','Оплата при доставке','cod','','','','','','','','',0,'',0,'','[]','','','',976.0000,1,0,0.0000,0,'',1,3,'UAH',1.00000000,'176.105.103.90','176.105.103.90','Mozilla/5.0 (Windows NT 10.0; Win64; x64) AppleWebKit/537.36 (KHTML, like Gecko) Chrome/62.0.3202.94 Safari/537.36','ru-RU,ru;q=0.9,en-US;q=0.8,en;q=0.7','2017-12-06 12:33:01','2017-12-06 12:33:22'),(209,0,'INV-2013-00',0,'Аксимед','http://pelovit.com/',0,1,'Оксана','Косенко','','0669362643','','[]','Оксана','Косенко','','8','','Сумы','','Украина',220,'',51,'','[]','Оплата на карту Приватбанка','bank_transfer','','','','','','','','',0,'',0,'','[]','','','',200.0000,7,0,0.0000,0,'',1,3,'UAH',1.00000000,'93.171.64.242','93.171.64.242','Mozilla/5.0 (iPhone; CPU iPhone OS 10_2_1 like Mac OS X) AppleWebKit/602.4.6 (KHTML, like Gecko) Version/10.0 Mobile/14D27 Safari/602.1','uk-ua','2017-12-08 20:13:52','2017-12-08 20:14:02'),(204,0,'INV-2013-00',0,'Аксимед','http://pelovit.com/',51,1,'Мирослава','Суворова','ro7777777se@gmail.com','+380934686528','','','Мирослава','Суворова','','350','','Киев','','Украина',220,'Киев',3490,'','[]','Оплата на карту Приватбанка','bank_transfer','','','','','','','','',0,'',0,'','[]','','','Если возможно, пришлите заказ укрпочтой на адрес: г. Киев, ул. Демидовская 82,02088\nПолучатель  Суворова Мирослава',485.0000,7,0,0.0000,0,'',1,3,'UAH',1.00000000,'37.73.209.245','37.73.209.245','Mozilla/5.0 (Linux; Android 5.0; Lenovo K50-t5 Build/LRX21M) AppleWebKit/537.36 (KHTML, like Gecko) Chrome/62.0.3202.84 Mobile Safari/537.36','ru-RU,ru;q=0.9,en-US;q=0.8,en;q=0.7','2017-11-25 16:53:41','2017-11-25 16:53:50'),(203,0,'INV-2013-00',0,'Аксимед','http://pelovit.com/',0,1,'Виталий','Дыкин','','093-559-80-86','','[]','Виталий','Дыкин','','№13, г. Одесса, ул. Семена Палия, д. 82.','','Одесса','','Украина',220,'',51,'','[]','Оплата при доставке','cod','','','','','','','','',0,'',0,'','[]','','','',489.0000,1,0,0.0000,0,'',1,3,'UAH',1.00000000,'91.202.108.2','91.202.108.2','Mozilla/5.0 (Windows NT 6.1; Win64; x64; rv:57.0) Gecko/20100101 Firefox/57.0','ru-RU,ru;q=0.8,en-US;q=0.5,en;q=0.3','2017-11-22 10:30:29','2017-11-22 10:30:36'),(202,0,'INV-2013-00',0,'Аксимед','http://pelovit.com/',50,1,'Валерия','Вакуленко','lera.modeler@gmail.com','096 4268169','','','Валерия','Вакуленко','','#28','','Одесса','','Украина',220,'Одесская область',3495,'','[]','Оплата при доставке','cod','','','','','','','','',0,'',0,'','[]','','','',1067.0000,1,0,0.0000,0,'',1,3,'UAH',1.00000000,'84.47.133.6','84.47.133.6','Mozilla/5.0 (Windows NT 6.1; Win64; x64) AppleWebKit/537.36 (KHTML, like Gecko) Chrome/61.0.3163.100 Safari/537.36','en-US,en;q=0.8','2017-11-21 11:05:53','2017-11-21 11:06:02'),(162,0,'INV-2013-00',0,'Аксимед','http://pelovit.com/',0,1,'Олеся','Ковшова','','0508301566','','[]','Олеся','Ковшова','','54','','Днепр','','Украина',220,'',51,'','[]','Оплата на карту Приватбанка','bank_transfer','','','','','','','','',0,'',0,'','[]','','','',143.0000,0,0,0.0000,0,'',1,3,'UAH',1.00000000,'46.98.55.29','46.98.55.29','Mozilla/5.0 (Windows NT 6.1; WOW64; rv:55.0) Gecko/20100101 Firefox/55.0','ru-RU,ru;q=0.8,en-US;q=0.5,en;q=0.3','2017-09-16 23:29:03','2017-09-16 23:29:03'),(163,0,'INV-2013-00',0,'Аксимед','http://pelovit.com/',0,1,'Олеся','Ковшова','','0508301566','','[]','Олеся','Ковшова','','54','','Днепр','','Украина',220,'',51,'','[]','Оплата на карту Приватбанка','bank_transfer','','','','','','','','',0,'',0,'','[]','','','',143.0000,0,0,0.0000,0,'',1,3,'UAH',1.00000000,'46.98.55.29','46.98.55.29','Mozilla/5.0 (Windows NT 6.1; WOW64; rv:55.0) Gecko/20100101 Firefox/55.0','ru-RU,ru;q=0.8,en-US;q=0.5,en;q=0.3','2017-09-16 23:29:49','2017-09-16 23:29:49'),(205,0,'INV-2013-00',0,'Аксимед','http://pelovit.com/',52,1,'Татьяна','Курбет','t_grin@ukr.net','+380982208072','','','Татьяна','Курбет','','Отделение №50. Адрес: просп. Победы, 7в (Цирк)','','Киев','','Украина',220,'Киев',3490,'','[]','Оплата на карту Приватбанка','bank_transfer','','','','','','','','',0,'',0,'','[]','','','',333.0000,7,0,0.0000,0,'',1,3,'UAH',1.00000000,'176.37.14.148','176.37.14.148','Mozilla/5.0 (Windows NT 5.1; rv:52.0) Gecko/20100101 Firefox/52.0','ru-RU,ru;q=0.8,en-US;q=0.5,en;q=0.3','2017-11-27 23:42:36','2017-11-27 23:42:49'),(206,0,'INV-2013-00',0,'Аксимед','http://pelovit.com/',0,1,'Яна','Белоус','','0632431642','','[]','Яна','Белоус','','35','','Харьков','','Украина',220,'',51,'','[]','Оплата при доставке','cod','','','','','','','','',0,'',0,'','[]','','','',1004.0000,1,0,0.0000,0,'',1,3,'UAH',1.00000000,'77.122.118.84','77.122.118.84','Mozilla/5.0 (Linux; Android 5.1.1; SAMSUNG SM-J200H Build/LMY48B) AppleWebKit/537.36 (KHTML, like Gecko) SamsungBrowser/6.2 Chrome/56.0.2924.87 Mobile Safari/537.36','ru-RU,ru;q=0.8,en-US;q=0.6,en;q=0.4','2017-11-28 10:29:16','2017-11-28 10:29:28'),(200,0,'INV-2013-00',0,'Аксимед','http://pelovit.com/',49,1,'Роман','Кулькин','j1012290475@gmail.com','380676317315','','','Роман','Кулькин','','Днепр, отделение 39','','Днепр','','Украина',220,'Днепропетровская область',3484,'','[]','Оплата на карту Приватбанка','bank_transfer','','','','','','','','',0,'',0,'','[]','','','',512.0000,7,0,0.0000,0,'',1,3,'UAH',1.00000000,'193.200.33.74','193.200.33.74','Mozilla/5.0 (Windows NT 6.1; Win64; x64) AppleWebKit/537.36 (KHTML, like Gecko) Chrome/62.0.3202.94 Safari/537.36','ru-RU,ru;q=0.9,en-US;q=0.8,en;q=0.7','2017-11-20 13:02:28','2017-11-20 13:02:35'),(201,0,'INV-2013-00',0,'Аксимед','http://pelovit.com/',38,1,'Катерина ','Рамдон','katten2020@gmail.com','0639384157','','','Катерина ','Рамдон','','112','','Одеса ','','Украина',220,'Одесская область',3495,'','[]','Оплата на карту Приватбанка','bank_transfer','','','','','','','','',0,'',0,'','[]','','','',255.0000,7,0,0.0000,0,'',1,3,'UAH',1.00000000,'78.26.130.168','78.26.130.168','Mozilla/5.0 (Linux; Android 7.0; SAMSUNG SM-J710F Build/NRD90M) AppleWebKit/537.36 (KHTML, like Gecko) SamsungBrowser/6.2 Chrome/56.0.2924.87 Mobile Safari/537.36','en-GB,en-US;q=0.8,en;q=0.6','2017-11-20 21:45:31','2017-11-20 21:45:35'),(199,0,'INV-2013-00',0,'Аксимед','http://pelovit.com/',49,1,'Роман','Кулькин','j1012290475@gmail.com','380676317315','','','Роман','Кулькин','','Днепр, отделение 39','','Днепр','','Украина',220,'Днепропетровская область',3484,'','[]','Оплата на карту Приватбанка','bank_transfer','','','','','','','','',0,'',0,'','[]','','','',512.0000,7,0,0.0000,0,'',1,3,'UAH',1.00000000,'5.248.115.107','5.248.115.107','Mozilla/5.0 (Windows NT 6.1; Win64; x64) AppleWebKit/537.36 (KHTML, like Gecko) Chrome/61.0.3163.100 Safari/537.36','ru-RU,ru;q=0.8,en-US;q=0.6,en;q=0.4','2017-11-18 14:32:50','2017-11-18 14:33:00'),(198,0,'INV-2013-00',0,'Аксимед','http://pelovit.com/',0,1,'Світлана','Крупник','misha_krypnuk@ukr.net','380682466321','','[]','Світлана','Крупник','','22 січня 1а','','Теребовля','','Украина',220,'',51,'','[]','Оплата на карту Приватбанка','bank_transfer','','','','','','','','',0,'',0,'','[]','','','',496.0000,7,0,0.0000,0,'',1,3,'UAH',1.00000000,'176.120.99.202','176.120.99.202','Mozilla/5.0 (Windows NT 6.1; WOW64) AppleWebKit/537.36 (KHTML, like Gecko) Chrome/61.0.3163.100 Safari/537.36','ru-RU,ru;q=0.8,en-US;q=0.6,en;q=0.4','2017-11-15 21:12:28','2017-11-15 21:12:37'),(170,0,'INV-2013-00',0,'Аксимед','http://pelovit.com/',0,1,'Алина','Панченко','alinapanchenko2016@gmail.com','0931361386','','[]','Алина','Панченко','','3','','Белгород-Днестровский','','Украина',220,'',51,'','[]','Оплата на карту Приватбанка','bank_transfer','','','','','','','','',0,'',0,'','[]','','','',560.0000,7,0,0.0000,0,'',1,3,'UAH',1.00000000,'188.163.68.233','188.163.68.233','Mozilla/5.0 (Windows NT 6.1; Win64; x64) AppleWebKit/537.36 (KHTML, like Gecko) Chrome/60.0.3112.113 Safari/537.36','ru-RU,ru;q=0.8,en-US;q=0.6,en;q=0.4','2017-09-22 22:43:49','2017-09-22 22:43:54'),(171,0,'INV-2013-00',0,'Аксимед','http://pelovit.com/',0,1,'Ольга','Михайленко','mykhailenko.olya@gmail.com','+380930190136','','[]','Ольга','Михайленко','','21','','Одесса','','Украина',220,'',51,'','[]','Оплата при доставке','cod','','','','','','','','',0,'',0,'','[]','','','',170.0000,1,0,0.0000,0,'',1,3,'UAH',1.00000000,'46.33.43.215','46.33.43.215','Mozilla/5.0 (Linux; Android 6.0.1; XT1562 Build/MPDS24.107-70-1-5) AppleWebKit/537.36 (KHTML, like Gecko) Chrome/61.0.3163.98 Mobile Safari/537.36','ru-RU,ru;q=0.8,en-US;q=0.6,en;q=0.4,uk;q=0.2','2017-09-29 11:26:32','2017-09-29 11:26:37'),(172,0,'INV-2013-00',0,'Аксимед','http://pelovit.com/',41,1,'Вікторія','Онищенко','wonder2007@ukr.net','0965755676','','','Вікторія','Онищенко','','фастів №2','','Фастів','','Украина',220,'Киевская область',3491,'','[]','Оплата на карту Приватбанка','bank_transfer','','','','','','','','',0,'',0,'','[]','','','',297.0000,7,0,0.0000,0,'',1,3,'UAH',1.00000000,'91.219.80.13','91.219.80.13','Mozilla/5.0 (Windows NT 6.1) AppleWebKit/537.36 (KHTML, like Gecko) Chrome/61.0.3163.100 Safari/537.36','ru-RU,ru;q=0.8,en-US;q=0.6,en;q=0.4','2017-09-30 22:16:22','2017-09-30 22:16:37'),(173,0,'INV-2013-00',0,'Аксимед','http://pelovit.com/',42,1,'Виталий','Площинский','plovit@icloud.com','0675064948','','','Виталий','Площинский','','261','','Киев','','Украина',220,'Киев',3490,'','[]','Оплата на карту Приватбанка','bank_transfer','','','','','','','','',0,'',0,'','[]','','','',502.0000,7,0,0.0000,0,'',1,3,'UAH',1.00000000,'176.102.57.247','176.102.57.247','Mozilla/5.0 (iPad; CPU OS 10_1_1 like Mac OS X) AppleWebKit/602.2.14 (KHTML, like Gecko) Version/10.0 Mobile/14B100 Safari/602.1','ru','2017-10-03 21:48:53','2017-10-03 21:48:58'),(174,0,'INV-2013-00',0,'Аксимед','http://pelovit.com/',4,1,'Руслан Анатольевич','Бааджи','mrleeps@gmail.com','0662309288','','','Руслан','Бааджи','','N 1','','Доброполье','','Украина',220,'Донецкая область',3485,'','[]','Оплата на карту Приватбанка','bank_transfer','','','','','','','','',0,'',0,'','[]','','','Номер карты смской вечером 4 октября оплачу',256.0000,7,0,0.0000,0,'',1,3,'UAH',1.00000000,'151.0.11.179','151.0.11.179','Mozilla/5.0 (iPad; CPU OS 11_0_2 like Mac OS X) AppleWebKit/604.1.38 (KHTML, like Gecko) Version/11.0 Mobile/15A421 Safari/604.1','ru','2017-10-03 23:32:09','2017-10-03 23:32:11'),(175,0,'INV-2013-00',0,'Аксимед','http://pelovit.com/',43,1,'Андрей','Прядка','andrewpriadka@gmail.com','0937117289','','','Андрей','Прядка','','№89','','Киев','','Украина',220,'Киев',3490,'','[]','Оплата при доставке','cod','','','','','','','','',0,'',0,'','[]','','','',813.0000,1,0,0.0000,0,'',1,3,'UAH',1.00000000,'176.105.103.90','176.105.103.90','Mozilla/5.0 (Windows NT 10.0; Win64; x64) AppleWebKit/537.36 (KHTML, like Gecko) Chrome/61.0.3163.100 Safari/537.36','ru-RU,ru;q=0.8,en-US;q=0.6,en;q=0.4','2017-10-04 12:44:15','2017-10-04 12:44:25'),(176,0,'INV-2013-00',0,'Аксимед','http://pelovit.com/',0,1,'юлия','шумаева','','068-444-00-54','','[]','юлия','шумаева','','Отделение №80  Адрес: просп. Ивана Мазепы (ран. Петровского), 58 (маг.VARUS)','','днепр','','Украина',220,'',51,'','[]','Оплата при доставке','cod','','','','','','','','',0,'',0,'','[]','','','',458.0000,1,0,0.0000,0,'',1,3,'UAH',1.00000000,'193.176.251.165','193.176.251.165','Mozilla/5.0 (Windows NT 6.1; Win64; x64) AppleWebKit/537.36 (KHTML, like Gecko) Chrome/61.0.3163.100 Safari/537.36','ru-RU,ru;q=0.8,en-US;q=0.6,en;q=0.4','2017-10-08 15:37:36','2017-10-08 15:38:02'),(177,0,'INV-2013-00',0,'Аксимед','http://pelovit.com/',45,1,'Ярослава','Морозова','morozova.yara@gmail.com','0683990090','','','Ярослава','Морозова','','№ 43','','Львов','','Украина',220,'Львовская область',3493,'','[]','Оплата на карту Приватбанка','bank_transfer','','','','','','','','',0,'',0,'','[]','','','',532.0000,7,0,0.0000,0,'',1,3,'UAH',1.00000000,'188.163.72.23','188.163.72.23','Mozilla/5.0 (X11; Linux x86_64) AppleWebKit/537.36 (KHTML, like Gecko) Chrome/60.0.3112.78 Safari/537.36','en-US,en;q=0.8,ru;q=0.6,uk;q=0.4,he;q=0.2,pl;q=0.2,de;q=0.2','2017-10-11 13:42:14','2017-10-11 13:42:49'),(178,0,'INV-2013-00',0,'Аксимед','http://pelovit.com/',46,1,'Наталья','Ворончук','vvoronchuk@ukr.net','0936492265','','','Наталья','Ворончук','','ул. Соломенская,23а','','Киев','','Украина',220,'Киев',3490,'','[]','Оплата при доставке','cod','','','','','','','','',0,'',0,'','[]','','','',849.0000,1,0,0.0000,0,'',1,3,'UAH',1.00000000,'91.200.3.238','91.200.3.238','Mozilla/5.0 (Linux; U; Android 4.2.2; ru-ru; HUAWEI P6-C00 Build/HuaweiP6-C00) AppleWebKit/534.30 (KHTML, like Gecko) Version/4.0 Mobile Safari/534.30','ru-RU, en-US','2017-10-11 16:32:42','2017-10-11 16:34:29'),(179,0,'INV-2013-00',0,'Аксимед','http://pelovit.com/',0,1,'Анна','Вовкивская','avovk439@ukr.net','0973312620','','[]','Анна','Вовкивская','','28','','киев','','Украина',220,'',51,'','[]','Оплата на карту Приватбанка','bank_transfer','','','','','','','','',0,'',0,'','[]','','','',2038.0000,7,0,0.0000,0,'',1,3,'UAH',1.00000000,'86.111.88.138','86.111.88.138','Mozilla/5.0 (Windows NT 6.1; Win64; x64) AppleWebKit/537.36 (KHTML, like Gecko) Chrome/60.0.3112.113 Safari/537.36','ru-RU,ru;q=0.8,en-US;q=0.6,en;q=0.4','2017-10-14 16:24:23','2017-10-14 16:24:49'),(180,0,'INV-2013-00',0,'Аксимед','http://pelovit.com/',47,1,'Прасковья','Калинкова','kaprava72@gmail.com','0674872250','','','Прасковья','Калинкова','','отделение №20','','Одесса','','Украина',220,'Одесская область',3495,'','[]','Оплата при доставке','cod','','','','','','','','',0,'',0,'','[]','','','',385.0000,1,0,0.0000,0,'',1,3,'UAH',1.00000000,'130.0.49.123','130.0.49.123','Mozilla/5.0 (Windows NT 10.0; WOW64; rv:52.0) Gecko/20100101 Firefox/52.0','ru-RU,ru;q=0.8,en-US;q=0.5,en;q=0.3','2017-10-14 16:54:25','2017-10-14 16:54:31'),(181,0,'INV-2013-00',0,'Аксимед','http://pelovit.com/',48,1,'Екатерина ','Онуфриенко ','kate_onufrienko@mail.ru','0501672297','','','Екатерина ','Онуфриенко ','','18 фонтанская дорога 16/8','','Одесса ','','Украина',220,'Одесская область',3495,'','[]','Оплата при доставке','cod','','','','','','','','',0,'',0,'','[]','','','',555.0000,1,0,0.0000,0,'',1,3,'UAH',1.00000000,'108.170.8.184','108.170.8.184','Mozilla/5.0 (Linux; Android 7.0; SAMSUNG SM-G935F Build/NRD90M) AppleWebKit/537.36 (KHTML, like Gecko) SamsungBrowser/5.4 Chrome/51.0.2704.106 Mobile Safari/537.36','ru-RU,ru,en-US,en','2017-10-16 12:09:49','2017-10-16 12:10:13'),(182,0,'INV-2013-00',0,'Аксимед','http://pelovit.com/',0,1,'Александр','Коваленко','alcc74@icloud.com','0935363428','','[]','Александр','Коваленко','','60','','Одесса ','','Украина',220,'',51,'','[]','Оплата на карту Приватбанка','bank_transfer','','','','','','','','',0,'',0,'','[]','','','',383.0000,7,0,0.0000,0,'',1,3,'UAH',1.00000000,'37.73.226.16','37.73.226.16','Mozilla/5.0 (iPhone; CPU iPhone OS 11_0_3 like Mac OS X) AppleWebKit/604.1.38 (KHTML, like Gecko) Version/11.0 Mobile/15A432 Safari/604.1','ru','2017-10-19 16:40:34','2017-10-19 16:40:42'),(183,0,'INV-2013-00',0,'Аксимед','http://pelovit.com/',0,1,'Дмитрий','Анашкин','dmytro.anashkin@gmail.com','0663596702','','[]','Дмитрий','Анашкин','','№19 (просп. Ушакова, 49 (ТЦ &quot;Цум&quot;))','','Херсон','','Украина',220,'',51,'','[]','Оплата на карту Приватбанка','bank_transfer','','','','','','','','',0,'',0,'','[]','','','',460.0000,7,0,0.0000,0,'',1,3,'UAH',1.00000000,'188.163.65.137','188.163.65.137','Mozilla/5.0 (Windows NT 10.0; Win64; x64) AppleWebKit/537.36 (KHTML, like Gecko) Chrome/61.0.3163.100 Safari/537.36','ru-RU,ru;q=0.8,en-US;q=0.6,en;q=0.4','2017-10-21 21:59:48','2017-10-21 21:59:54'),(184,0,'INV-2013-00',0,'Аксимед','http://pelovit.com/',0,1,'Оксана ','Лиховидова ','Natanelova@i.ua ','+380988193325','','[]','Оксана ','Лиховидова ','','1','','гБеляевска Одесская обл. ул.Кипенко 4','','Украина',220,'',51,'','[]','Оплата при доставке','cod','','','','','','','','',0,'',0,'','[]','','','',823.0000,0,0,0.0000,0,'',1,3,'UAH',1.00000000,'46.211.248.51','46.211.248.51','Mozilla/5.0 (Linux; Android 5.1.1; SM-J320H Build/LMY47V) AppleWebKit/537.36 (KHTML, like Gecko) Chrome/61.0.3163.98 Mobile Safari/537.36','ru-RU,ru;q=0.8,en-US;q=0.6,en;q=0.4,uk;q=0.2','2017-10-26 13:52:54','2017-10-26 13:52:54'),(185,0,'INV-2013-00',0,'Аксимед','http://pelovit.com/',0,1,'Оксана ','Лиховидова ','Natanelova@i.ua ','+380988193325','','[]','Оксана ','Лиховидова ','','1','','гБеляевска Одесская обл. ул.Кипенко 4','','Украина',220,'',51,'','[]','Оплата при доставке','cod','','','','','','','','',0,'',0,'','[]','','','',654.0000,1,0,0.0000,0,'',1,3,'UAH',1.00000000,'46.211.248.51','46.211.248.51','Mozilla/5.0 (Linux; Android 5.1.1; SM-J320H Build/LMY47V) AppleWebKit/537.36 (KHTML, like Gecko) Chrome/61.0.3163.98 Mobile Safari/537.36','ru-RU,ru;q=0.8,en-US;q=0.6,en;q=0.4,uk;q=0.2','2017-10-26 13:57:23','2017-10-26 13:57:40'),(186,0,'INV-2013-00',0,'Аксимед','http://pelovit.com/',0,1,'Юлия','Плотникова','','0995324038','','[]','Юлия','Плотникова','','67','','Киев','','Украина',220,'',51,'','[]','Оплата при доставке','cod','','','','','','','','',0,'',0,'','[]','','','',338.0000,1,0,0.0000,0,'',1,3,'UAH',1.00000000,'178.151.25.138','178.151.25.138','Mozilla/5.0 (Macintosh; Intel Mac OS X 10_9_5) AppleWebKit/537.36 (KHTML, like Gecko) Chrome/61.0.3163.100 Safari/537.36','ru-RU,ru;q=0.8,en-US;q=0.6,en;q=0.4','2017-10-30 17:15:34','2017-10-30 17:15:47'),(294,0,'INV-2013-00',0,'Аксимед','http://pelovit.com/',0,1,'Татьяна','Головко','golovkotatyana1978@gmail.com','0972527296','','[]','Татьяна','Головко','','№1','','пгт.Покровское Днепропетровская область','','Украина',220,'',51,'','[]','Оплата при доставке','cod','','','','','','','','',0,'',0,'','[]','','','Нужен звонок консультанта',471.0000,1,0,0.0000,0,'',1,3,'UAH',1.00000000,'176.122.100.229','176.122.100.229','Mozilla/5.0 (Windows NT 6.1) AppleWebKit/537.36 (KHTML, like Gecko) Chrome/66.0.3359.170 Safari/537.36 OPR/53.0.2907.110','ru-RU,ru;q=0.9,en-US;q=0.8,en;q=0.7','2018-06-30 09:33:18','2018-06-30 09:33:26'),(197,0,'INV-2013-00',0,'Аксимед','http://pelovit.com/',0,1,'Яна','Жовтанская','','0974598679','','[]','Яна','Жовтанская','','3','','Измаил','','Украина',220,'',51,'','[]','Оплата при доставке','cod','','','','','','','','',0,'',0,'','[]','','','',404.0000,1,0,0.0000,0,'',1,3,'UAH',1.00000000,'95.133.160.236','95.133.160.236','Mozilla/5.0 (Linux; Android 5.1; M3s Build/LMY47I) AppleWebKit/537.36 (KHTML, like Gecko) Chrome/57.0.2987.137 YaBrowser/17.4.1.356.00 Mobile Safari/537.36','ru-RU,ru;q=0.8,en-US;q=0.6,en;q=0.4','2017-11-13 06:22:49','2017-11-13 06:24:13'),(195,0,'INV-2013-00',0,'Аксимед','http://pelovit.com/',0,1,'елена ','мамеева','','067 95 205 11','','[]','елена ','мамеева','','новая почта 12','','запорожье','','Украина',220,'',51,'','[]','Оплата на карту Приватбанка','bank_transfer','','','','','','','','',0,'',0,'','[]','','','',255.0000,0,0,0.0000,0,'',1,3,'UAH',1.00000000,'93.78.57.105','93.78.57.105','Mozilla/5.0 (Windows NT 10.0; WOW64) AppleWebKit/537.36 (KHTML, like Gecko) Chrome/61.0.3163.79 Safari/537.36','ru-RU,ru;q=0.8,en-US;q=0.6,en;q=0.4,uk;q=0.2,bg;q=0.2','2017-11-07 16:48:03','2017-11-07 16:48:03'),(293,0,'INV-2013-00',0,'Аксимед','http://pelovit.com/',0,1,'Оксана','Скрипник','ksyu.skripnik.2016@mail.ru','0986234941','','[]','Оксана','Скрипник','','Одесской обл. Песчана ул.Приходька 12/1 Отд.1','','с.Песчана  Одесской','','Украина',220,'',51,'','[]','Оплата при доставке','cod','','','','','','','','',0,'',0,'','[]','','','',534.0000,1,0,0.0000,0,'',1,3,'UAH',1.00000000,'37.73.245.162','37.73.245.162','Mozilla/5.0 (Linux; Android 7.1.1; SAMSUNG SM-J510H Build/NMF26X) AppleWebKit/537.36 (KHTML, like Gecko) SamsungBrowser/7.2 Chrome/59.0.3071.125 Mobile Safari/537.36','ru-RU,ru;q=0.8,en-US;q=0.6,en;q=0.4','2018-06-25 11:17:39','2018-06-25 11:17:46'),(295,0,'INV-2013-00',0,'Аксимед','http://pelovit.com/',83,1,'Алла','Криль','alla.kril2015@gmail.com','(068) 115-74-31','','','Алла','Криль','','№ 6','','Николаев','','Украина',220,'Николаевская область',3494,'','[]','Оплата на карту Приватбанка','bank_transfer','','','','','','','','',0,'',0,'','[]','','','',340.0000,7,0,0.0000,0,'',1,3,'UAH',1.00000000,'31.3.192.16','31.3.192.16','Mozilla/5.0 (Windows NT 6.2) AppleWebKit/537.36 (KHTML, like Gecko) Chrome/67.0.3396.99 Safari/537.36','ru-RU,ru;q=0.9,en-US;q=0.8,en;q=0.7','2018-07-02 12:22:02','2018-07-02 12:22:17'),(296,0,'INV-2013-00',0,'Аксимед','http://pelovit.com/',69,1,'Елена','Герасимова','e.v.gerasimova@gmail.com','0676405551','','','Елена','Герасимова','','Г. Одесса, ул. Большая Арнаутская, 19, офис 803','','Одесса','','Украина',220,'Одесская область',3495,'','[]','Оплата при доставке','cod','','','','','','','','',0,'',0,'','[]','','','',472.0000,0,0,0.0000,0,'',1,3,'UAH',1.00000000,'176.119.88.39','176.119.88.39','Mozilla/5.0 (Windows NT 6.3; Win64; x64) AppleWebKit/537.36 (KHTML, like Gecko) Chrome/67.0.3396.99 Safari/537.36','ru-RU,ru;q=0.9,en-US;q=0.8,en;q=0.7,uk;q=0.6','2018-07-02 15:56:30','2018-07-02 15:56:30'),(297,0,'INV-2013-00',0,'Аксимед','http://pelovit.com/',69,1,'Елена','Герасимова','e.v.gerasimova@gmail.com','0676405551','','','Елена','Герасимова','','Г. Одесса, ул. Большая Арнаутская, 19, офис 803','','Одесса','','Украина',220,'Одесская область',3495,'','[]','Оплата при доставке','cod','','','','','','','','',0,'',0,'','[]','','','',650.0000,1,0,0.0000,0,'',1,3,'UAH',1.00000000,'176.119.88.39','176.119.88.39','Mozilla/5.0 (Windows NT 6.3; Win64; x64) AppleWebKit/537.36 (KHTML, like Gecko) Chrome/67.0.3396.99 Safari/537.36','ru-RU,ru;q=0.9,en-US;q=0.8,en;q=0.7,uk;q=0.6','2018-07-02 15:57:31','2018-07-02 15:57:50'),(298,0,'INV-2013-00',0,'Аксимед','http://pelovit.com/',0,1,'Татьяна ','Мосина','','0958600408','','[]','Татьяна ','Мосина','','№ 1','','Станица-Луганская кв. Молодежный 20 ','','Украина',220,'',51,'','[]','Оплата на карту Приватбанка','bank_transfer','','','','','','','','',0,'',0,'','[]','','','',193.0000,7,0,0.0000,0,'',1,3,'UAH',1.00000000,'178.159.215.233','178.159.215.233','Mozilla/5.0 (Windows NT 6.1; WOW64) AppleWebKit/537.36 (KHTML, like Gecko) Chrome/66.0.3359.181 YaBrowser/18.6.0.2255 Yowser/2.5 Safari/537.36','uk,ru;q=0.9,en;q=0.8','2018-07-04 10:14:01','2018-07-04 10:14:20'),(299,0,'INV-2013-00',0,'Аксимед','http://pelovit.com/',84,1,'юлия','сенькина','senkinaula@gmail.com','0963616289','','','юлия','сенькина','','ОТделение№5','','Мариуполь','','Украина',220,'Донецкая область',3485,'','[]','Оплата при доставке','cod','','','','','','','','',0,'',0,'','[]','','','',335.0000,1,0,0.0000,0,'',1,3,'UAH',1.00000000,'185.22.16.99','185.22.16.99','Mozilla/5.0 (Windows NT 6.1; WOW64) AppleWebKit/537.36 (KHTML, like Gecko) Chrome/63.0.3239.132 YaBrowser/18.1.1.839 Yowser/2.5 Safari/537.36','ru,en;q=0.9','2018-07-04 19:51:36','2018-07-04 19:51:53'),(300,0,'INV-2013-00',0,'Аксимед','http://pelovit.com/',0,1,'Алёна ','Курганская ','lenaest30@gmail.com','0662827007 ','','[]','Алёна ','Курганская ','','2','','Борисполь ','','Украина',220,'',51,'','[]','Оплата при доставке','cod','','','','','','','','',0,'',0,'','[]','','','',581.0000,1,0,0.0000,0,'',1,3,'UAH',1.00000000,'195.3.130.23','195.3.130.23','Mozilla/5.0 (Linux; Android 8.0.0; G3412 Build/48.1.A.2.21) AppleWebKit/537.36 (KHTML, like Gecko) Chrome/67.0.3396.87 Mobile Safari/537.36','ru-RU,ru;q=0.9,en-US;q=0.8,en;q=0.7','2018-07-11 08:17:08','2018-07-11 08:17:23'),(301,0,'INV-2013-00',0,'Аксимед','http://pelovit.com/',85,1,'Елена','Кудряшова','helena.kudryashova@gmail.com','+380637695362','','','Елена','Кудряшова','','081','','Киев','','Украина',220,'Киев',3490,'','[]','Оплата при доставке','cod','','','','','','','','',0,'',0,'','[]','','','',495.0000,1,0,0.0000,0,'',1,3,'UAH',1.00000000,'188.0.69.42','188.0.69.42','Mozilla/5.0 (Macintosh; Intel Mac OS X 10_13_5) AppleWebKit/537.36 (KHTML, like Gecko) Chrome/67.0.3396.99 Safari/537.36','ru,en-US;q=0.9,en;q=0.8,uk;q=0.7','2018-07-15 17:35:57','2018-07-15 17:36:08'),(302,0,'INV-2013-00',0,'Аксимед','http://pelovit.com/',0,1,'Наталия','Палеха','palekha@ukr.net','0634160992','','[]','Наталия','Палеха','','Ул. Спортивная 5, отделение3','','Чорноморск','','Украина',220,'',51,'','[]','Оплата при доставке','cod','','','','','','','','',0,'',0,'','[]','','','',696.0000,1,0,0.0000,0,'',1,3,'UAH',1.00000000,'194.44.236.49','194.44.236.49','Mozilla/5.0 (iPhone; CPU iPhone OS 11_4 like Mac OS X) AppleWebKit/605.1.15 (KHTML, like Gecko) Version/11.0 Mobile/15E148 Safari/604.1','en-us','2018-07-15 17:38:19','2018-07-15 17:38:34'),(303,0,'INV-2013-00',0,'Аксимед','http://pelovit.com/',0,1,'Василь ','Лаврів','vaslav@ukr.net','+380681251177','','[]','Василь ','Лаврів','','10','','Біла Церква','','Украина',220,'',51,'','[]','Оплата на карту Приватбанка','bank_transfer','','','','','','','','',0,'',0,'','[]','','','',450.0000,7,0,0.0000,0,'',1,3,'UAH',1.00000000,'188.163.4.124','188.163.4.124','Mozilla/5.0 (Windows NT 6.1; Win64; x64) AppleWebKit/537.36 (KHTML, like Gecko) Chrome/67.0.3396.99 Safari/537.36','ru,en-US;q=0.9,en;q=0.8,uk;q=0.7','2018-07-16 07:44:13','2018-07-16 07:44:22'),(304,0,'INV-2013-00',0,'Аксимед','http://pelovit.com/',86,1,'Vasil','Lavriv','vaslav@ukr.net','+30681251177','','','Василь','Лаврів','','№10','','Біла Церква','','Украина',220,'Киевская область',3491,'','[]','Оплата на карту Приватбанка','bank_transfer','','','','','','','','',0,'',0,'','[]','','','',450.0000,0,0,0.0000,0,'',1,3,'UAH',1.00000000,'188.163.4.124','188.163.4.124','Mozilla/5.0 (Windows NT 6.1; Win64; x64) AppleWebKit/537.36 (KHTML, like Gecko) Chrome/67.0.3396.99 Safari/537.36','ru,en-US;q=0.9,en;q=0.8,uk;q=0.7','2018-07-16 07:48:49','2018-07-16 07:48:49'),(305,0,'INV-2013-00',0,'Аксимед','http://pelovit.com/',86,1,'Vasil','Lavriv','vaslav@ukr.net','+30681251177','','','Василь','Лаврів','','№10','','Біла Церква','','Украина',220,'Киевская область',3491,'','[]','Оплата при доставке','cod','','','','','','','','',0,'',0,'','[]','','','',450.0000,1,0,0.0000,0,'',1,3,'UAH',1.00000000,'188.163.4.124','188.163.4.124','Mozilla/5.0 (Windows NT 6.1; Win64; x64) AppleWebKit/537.36 (KHTML, like Gecko) Chrome/67.0.3396.99 Safari/537.36','ru,en-US;q=0.9,en;q=0.8,uk;q=0.7','2018-07-16 07:49:05','2018-07-16 07:49:08'),(306,0,'INV-2013-00',0,'Аксимед','http://pelovit.com/',0,1,'Салий','Алла','Tresselle@gmail.com','0509618918','','[]','Салий','Алла','','№9 ','','Херсон','','Украина',220,'',51,'','[]','Оплата при доставке','cod','','','','','','','','',0,'',0,'','[]','','','',473.0000,1,0,0.0000,0,'',1,3,'UAH',1.00000000,'95.134.212.139','95.134.212.139','Mozilla/5.0 (Windows NT 6.1) AppleWebKit/537.36 (KHTML, like Gecko) Chrome/67.0.3396.99 Safari/537.36','ru-RU,ru;q=0.9,en-US;q=0.8,en;q=0.7','2018-07-17 14:00:27','2018-07-17 14:01:55'),(307,0,'INV-2013-00',0,'Аксимед','http://pelovit.com/',0,1,'Виктория','Лой','victoriyapototnya@gmail.com','380997196405','','[]','Виктория','Лой','','4','','Херсон','','Украина',220,'',51,'','[]','Оплата при доставке','cod','','','','','','','','',0,'',0,'','[]','','','Добрый день\nЯ заказала Пеловит-стоматологию. Там почему-то Гастро выходит. \nОбратите внимание пожалуйста ',835.0000,1,0,0.0000,0,'',1,3,'UAH',1.00000000,'188.191.144.143','188.191.144.143','Mozilla/5.0 (iPhone; CPU iPhone OS 11_4 like Mac OS X) AppleWebKit/605.1.15 (KHTML, like Gecko) Version/11.0 Mobile/15E148 Safari/604.1','ru','2018-07-17 14:03:21','2018-07-17 14:03:38'),(308,0,'INV-2013-00',0,'Аксимед','http://pelovit.com/',0,1,'тест','Mihailov','','+380933537112','','[]','тест','Mihailov','','34','',' bv bv ','','Украина',220,'',51,'','[]','Оплата на карту Приватбанка','bank_transfer','','','','','','','','',0,'',0,'','[]','','','',184.0000,0,0,0.0000,0,'',1,3,'UAH',1.00000000,'194.54.160.118','194.54.160.118','Mozilla/5.0 (Windows NT 6.1; Win64; x64) AppleWebKit/537.36 (KHTML, like Gecko) Chrome/67.0.3396.99 Safari/537.36','ru-RU,ru;q=0.9,en-US;q=0.8,en;q=0.7','2018-07-17 16:30:46','2018-07-17 16:30:46'),(309,0,'INV-2013-00',0,'Аксимед','http://pelovit.com/',0,1,'Михаил','Зыковский','awesome.gaid','+380671625303','','[]','Михаил','Зыковский','','Відділення №21 Адреса: вул. Київська, 49','','Мариуполь','','Украина',220,'',51,'','[]','Оплата при доставке','cod','','','','','','','','',0,'',0,'','[]','','','',195.0000,1,0,0.0000,0,'',1,3,'UAH',1.00000000,'95.108.141.74','5.105.196.54, 95.108.141.74','Mozilla/5.0 (Windows NT 10.0; WOW64) AppleWebKit/537.36 (KHTML, like Gecko) Chrome/66.0.3359.181 YaBrowser/18.6.1.770 Yowser/2.5 Safari/537.36','uk,ru;q=0.9,en;q=0.8','2018-07-20 11:37:43','2018-07-20 11:37:57'),(310,0,'INV-2013-00',0,'Аксимед','http://pelovit.com/',0,1,'Максим','Путий','putiy_m@ukr.net','+380939815250','','[]','Максим','Путий','','203','','Киев ','','Украина',220,'',51,'','[]','Оплата при доставке','cod','','','','','','','','',0,'',0,'','[]','','','',178.0000,0,0,0.0000,0,'',1,3,'UAH',1.00000000,'37.73.229.206','37.73.229.206','Mozilla/5.0 (Linux; Android 8.0.0; STF-L09 Build/HUAWEISTF-L09) AppleWebKit/537.36 (KHTML, like Gecko) Chrome/67.0.3396.87 Mobile Safari/537.36','ru-UA,ru;q=0.9,en-GB;q=0.8,en;q=0.7,uk-UA;q=0.6,uk;q=0.5,ru-RU;q=0.4,en-US;q=0.3','2018-07-20 17:30:38','2018-07-20 17:30:38'),(311,0,'INV-2013-00',0,'Аксимед','http://pelovit.com/',0,1,'Алена','Гедзенко','','0964993377','','[]','Алена','Гедзенко','','73','','Одесса','','Украина',220,'',51,'','[]','Оплата при доставке','cod','','','','','','','','',0,'',0,'','[]','','','',471.0000,1,0,0.0000,0,'',1,3,'UAH',1.00000000,'185.145.105.136','185.145.105.136','Mozilla/5.0 (iPhone; CPU iPhone OS 11_4 like Mac OS X) AppleWebKit/605.1.15 (KHTML, like Gecko) Version/11.0 Mobile/15E148 Safari/604.1','ru','2018-07-20 20:24:14','2018-07-20 20:24:25'),(312,0,'INV-2013-00',0,'Аксимед','http://pelovit.com/',87,1,'оксана','яців','shawa830@gmail.com','0979339790','','','оксана','яців','','незалежності 6/161','','калуш','','Украина',220,'Ивано-Франк. область',3486,'','[]','Оплата на карту Приватбанка','bank_transfer','','','','','','','','',0,'',0,'','[]','','','',428.0000,7,0,0.0000,0,'',1,3,'UAH',1.00000000,'46.211.100.55','46.211.100.55','Mozilla/5.0 (X11; Linux x86_64) AppleWebKit/534.24 (KHTML, like Gecko) Chrome/11.0.696.34 Safari/534.24','uk-UA, en-US','2018-07-30 13:26:46','2018-07-30 13:27:12'),(313,0,'INV-2013-00',0,'Аксимед','http://pelovit.com/',0,1,'Петр','Свиридов','petrsviridov91@gmail.com','0966006598','','[]','Петр','Свиридов','','30','','Одесса','','Украина',220,'',51,'','[]','Оплата при доставке','cod','','','','','','','','',0,'',0,'','[]','','','',600.0000,1,0,0.0000,0,'',1,3,'UAH',1.00000000,'46.211.40.16','46.211.40.16','Mozilla/5.0 (Linux; U; Android 6.0; zh-CN; MZ-m3 note Build/MRA58K) AppleWebKit/537.36 (KHTML, like Gecko) Version/4.0 Chrome/40.0.2214.89 MZBrowser/6.11.110-2018061318 UWS/2.11.0.33 Mobile Safari/537.36','ru-RU,en-US;q=0.8','2018-07-31 12:45:21','2018-07-31 12:45:28'),(314,0,'INV-2013-00',0,'Аксимед','http://pelovit.com/',0,1,'Наталья','Шитова','','0962536347','','[]','Наталья','Шитова','','Пгт Затока ул Приморская 54/1 отд 1','','Белгород-днестровск пгт Затока','','Украина',220,'',51,'','[]','Оплата при доставке','cod','','','','','','','','',0,'',0,'','[]','','','Отправьте на Новую почту пгт Затока отд 1',390.0000,1,0,0.0000,0,'',1,3,'UAH',1.00000000,'212.79.122.70','212.79.122.70','Mozilla/5.0 (Linux; Android 7.0; M9 Build/NRD90M) AppleWebKit/537.36 (KHTML, like Gecko) Chrome/67.0.3396.87 Mobile Safari/537.36','ru-UA,ru-RU;q=0.9,ru;q=0.8,en-US;q=0.7,en;q=0.6','2018-07-31 17:37:25','2018-07-31 17:37:47'),(315,0,'INV-2013-00',0,'Аксимед','http://pelovit.com/',0,1,'Виктория','Кожемяка','','0680344546','','[]','Виктория','Кожемяка','','1','','Винница','','Украина',220,'',51,'','[]','Оплата при доставке','cod','','','','','','','','',0,'',0,'','[]','','','',100.0000,1,0,0.0000,0,'',1,3,'UAH',1.00000000,'176.105.197.45','176.105.197.45','Mozilla/5.0 (Linux; Android 7.1.2; Redmi 4X Build/N2G47H) AppleWebKit/537.36 (KHTML, like Gecko) Chrome/68.0.3440.85 Mobile Safari/537.36','ru-RU,ru;q=0.9,en-US;q=0.8,en;q=0.7','2018-08-03 09:45:05','2018-08-03 09:45:21'),(316,0,'INV-2013-00',0,'Аксимед','http://pelovit.com/',0,1,'Дмитрий','Крицкий','Poomode@gmail.com','0674834660','','[]','Дмитрий','Крицкий','','110','','Одесса','','Украина',220,'',51,'','[]','Оплата при доставке','cod','','','','','','','','',0,'',0,'','[]','','','',178.0000,1,0,0.0000,0,'',1,3,'UAH',1.00000000,'176.119.105.188','176.119.105.188','Mozilla/5.0 (Linux; Android 7.1.2; Redmi 4X Build/N2G47H) AppleWebKit/537.36 (KHTML, like Gecko) Chrome/67.0.3396.87 Mobile Safari/537.36','ru-RU,ru;q=0.9,en-US;q=0.8,en;q=0.7,uk;q=0.6','2018-08-03 18:01:18','2018-08-03 18:01:23'),(317,0,'INV-2013-00',0,'Аксимед','http://pelovit.com/',0,1,'Максим','Олександрович','Makc_mail@ukr.net','0679008560','','[]','Максим','Олександрович','','8','','Ровно','','Украина',220,'',51,'','[]','Оплата при доставке','cod','','','','','','','','',0,'',0,'','[]','','','Отправка город Ровно Нова Пошта 8 відділення Київська 21',293.0000,1,0,0.0000,0,'',1,3,'UAH',1.00000000,'46.211.122.143','46.211.122.143','Mozilla/5.0 (Linux; Android 8.0.0; FIG-LX1 Build/HUAWEIFIG-LX1) AppleWebKit/537.36 (KHTML, like Gecko) Chrome/65.0.3325.109 Mobile Safari/537.36','uk-UA,uk;q=0.9,ru;q=0.8,en-US;q=0.7,en;q=0.6','2018-08-04 15:03:18','2018-08-04 15:03:43'),(318,0,'INV-2013-00',0,'Аксимед','http://pelovit.com/',0,1,'Сергей','Demchenko','sd9413314@gmail.com','0979413314','','[]','Сергей','Demchenko','','150','','Київ','','Украина',220,'',51,'','[]','Оплата при доставке','cod','','','','','','','','',0,'',0,'','[]','','','',314.0000,1,0,0.0000,0,'',1,3,'UAH',1.00000000,'66.249.81.12','37.73.194.27, 66.249.81.12','Mozilla/5.0 (Linux; Android 7.0; SM-G570F Build/NRD90M) AppleWebKit/537.36 (KHTML, like Gecko) Chrome/67.0.3396.87 Mobile Safari/537.36','ru-RU,ru;q=0.9,en-US;q=0.8,en;q=0.7,uk;q=0.6','2018-08-05 11:51:18','2018-08-05 11:51:52'),(319,0,'INV-2013-00',0,'Аксимед','http://pelovit.com/',0,1,'Антонина','Иваненко','','0487004340','','[]','Антонина','Иваненко','','72','','Одесса','','Украина',220,'',51,'','[]','Оплата при доставке','cod','','','','','','','','',0,'',0,'','[]','','','',100.0000,1,0,0.0000,0,'',1,3,'UAH',1.00000000,'85.238.101.65','85.238.101.65','Mozilla/5.0 (iPhone; CPU iPhone OS 11_4 like Mac OS X) AppleWebKit/605.1.15 (KHTML, like Gecko) Version/11.0 Mobile/15E148 Safari/604.1','ru','2018-08-06 16:14:10','2018-08-06 16:14:17'),(320,0,'INV-2013-00',0,'Аксимед','http://pelovit.com/',15,1,'елена','сыроветник','olenin86@ukr.net','0937673270','','','Олена','Сироветник','','#10','','Киев','','Украина',220,'Киев',3490,'','[]','Оплата при доставке','cod','','','','','','','','',0,'',0,'','[]','','','',499.0000,1,0,0.0000,0,'',1,3,'UAH',1.00000000,'109.251.117.46','109.251.117.46','Mozilla/5.0 (Windows NT 10.0; Win64; x64) AppleWebKit/537.36 (KHTML, like Gecko) Chrome/64.0.3282.140 Safari/537.36 Edge/17.17134','ru-UA,ru;q=0.8,en-US;q=0.6,en;q=0.4,uk;q=0.2','2018-08-07 17:29:40','2018-08-07 17:30:03'),(321,0,'INV-2013-00',0,'Аксимед','http://pelovit.com/',0,1,'Татьяна','Головко','golovkotatyana1978@gmail.com','0972527296','','[]','Татьяна','Головко','','отд.№1, ул.Соборная,113','','пгт.Покровское, Днепропетровская обл','','Украина',220,'',51,'','[]','Оплата при доставке','cod','','','','','','','','',0,'',0,'','[]','','','',178.0000,1,0,0.0000,0,'',1,3,'UAH',1.00000000,'176.122.100.101','176.122.100.101','Mozilla/5.0 (Windows NT 6.1) AppleWebKit/537.36 (KHTML, like Gecko) Chrome/67.0.3396.87 Safari/537.36 OPR/54.0.2952.64','ru-RU,ru;q=0.9,en-US;q=0.8,en;q=0.7','2018-08-14 14:50:21','2018-08-14 14:50:30'),(322,0,'INV-2013-00',0,'Аксимед','http://pelovit.com/',0,1,'Павел','Васильев','v.p.crew.off@gmail.com','80930368874','','[]','Павел','Васильев','','23','','Одесса','','Украина',220,'',51,'','[]','Оплата при доставке','cod','','','','','','','','',0,'',0,'','[]','','','',140.0000,1,0,0.0000,0,'',1,3,'UAH',1.00000000,'94.74.96.241','94.74.96.241','Mozilla/5.0 (Linux; Android 6.0; M5s Build/MRA58K) AppleWebKit/537.36 (KHTML, like Gecko) Chrome/65.0.3325.109 Mobile Safari/537.36','ru-RU,ru;q=0.9,en-US;q=0.8,en;q=0.7','2018-08-17 01:38:49','2018-08-17 01:39:05'),(323,0,'INV-2013-00',0,'Аксимед','http://pelovit.com/',89,1,'ирина','дроздова','dia-lg@ukr.net','0982882599','','','ирина','дроздова','','НОВА ПОШТА, ОТДЕЛЕНИЕ № 11','','Кривий Ріг ','','Украина',220,'Днепропетровская область',3484,'','[]','Оплата на карту Приватбанка','bank_transfer','','','','','','','','',0,'',0,'','[]','','','хочу предварительно уточнить сроки годности товара',816.0000,7,0,0.0000,0,'',1,3,'UAH',1.00000000,'188.163.40.73','188.163.40.73','Mozilla/5.0 (Windows NT 10.0; Win64; x64) AppleWebKit/537.36 (KHTML, like Gecko) Chrome/67.0.3396.87 Safari/537.36 OPR/54.0.2952.71','ru-RU,ru;q=0.9,en-US;q=0.8,en;q=0.7','2018-08-17 16:55:10','2018-08-17 16:55:28'),(324,0,'INV-2013-00',0,'Аксимед','http://pelovit.com/',0,1,'Елена ','Дмитриева','e.dmitrieva2868@gmail.com','+380506379976 ','','[]','Елена ','Дмитриева','','1','','Мерефа','','Украина',220,'',51,'','[]','Оплата на карту Приватбанка','bank_transfer','','','','','','','','',0,'',0,'','[]','','','',503.0000,7,0,0.0000,0,'',1,3,'UAH',1.00000000,'66.102.9.144','94.178.207.176, 66.102.9.144','Mozilla/5.0 (Linux; Android 4.4.4; GT-I9300I Build/KTU84P) AppleWebKit/537.36 (KHTML, like Gecko) Chrome/68.0.3440.91 Mobile Safari/537.36','ru-RU,ru;q=0.9,en-US;q=0.8,en;q=0.7,uk;q=0.6','2018-08-18 14:45:57','2018-08-18 14:46:24'),(325,0,'INV-2013-00',0,'Аксимед','http://pelovit.com/',0,1,'Юлия','Шаповалова','cirko3428@gmail.com','+380685917258','','[]','Юлия','Шаповалова','','Отделение №2 ул.Соборна,13','','г.Пирятин Полтавская область','','Украина',220,'',51,'','[]','Оплата при доставке','cod','','','','','','','','',0,'',0,'','[]','','','',100.0000,1,0,0.0000,0,'',1,3,'UAH',1.00000000,'192.162.115.78','192.162.115.78','Mozilla/5.0 (Windows NT 6.1; WOW64) AppleWebKit/537.36 (KHTML, like Gecko) Chrome/56.0.2924.197 Amigo/56.0.2924.197 MRCHROME SOC Safari/537.36','ru-RU,ru;q=0.8,en-US;q=0.6,en;q=0.4','2018-08-20 09:03:57','2018-08-20 09:04:15'),(326,0,'INV-2013-00',0,'Аксимед','http://pelovit.com/',0,1,'Наталья','Земляк','natasha-kucheryavaya@mail.ru','0954698655','','[]','Наталья','Земляк','','1','','Балта','','Украина',220,'',51,'','[]','Оплата при доставке','cod','','','','','','','','',0,'',0,'','[]','','','',280.0000,1,0,0.0000,0,'',1,3,'UAH',1.00000000,'91.124.30.60','91.124.30.60','Mozilla/5.0 (Linux; Android 6.0; M5c Build/MRA58K) AppleWebKit/537.36 (KHTML, like Gecko) Chrome/65.0.3325.109 Mobile Safari/537.36','ru-RU,ru;q=0.9,en-US;q=0.8,en;q=0.7','2018-08-24 17:20:15','2018-08-24 17:20:32'),(327,0,'INV-2013-00',0,'Аксимед','http://pelovit.com/',91,1,'Галина','Орлова','pti4kagalka13@gmail.com','0663397585','','','Галина','Орлова','','Токмак','','Токмак','','Украина',220,'Запорожская область',3504,'','[]','Оплата на карту Приватбанка','bank_transfer','','','','','','','','',0,'',0,'','[]','','','',170.0000,7,0,0.0000,0,'',1,3,'UAH',1.00000000,'195.191.25.194','176.122.109.77','Mozilla/5.0 (Linux; Android 4.4.4; SM-G360H Build/KTU84P) AppleWebKit/537.36 (KHTML, like Gecko) Chrome/68.0.3440.91 Mobile Safari/537.36','ru-RU,ru;q=0.9,en-US;q=0.8,en;q=0.7','2018-08-30 06:11:01','2018-08-30 06:11:09'),(328,0,'INV-2013-00',0,'Аксимед','http://pelovit.com/',0,1,'юлия','лавриненко','yra.lav@ukr.net','0664551859','','[]','юлия','лавриненко','','4','','сумы','','Украина',220,'',51,'','[]','Оплата на карту Приватбанка','bank_transfer','','','','','','','','',0,'',0,'','[]','','','',184.0000,7,0,0.0000,0,'',1,3,'UAH',1.00000000,'31.135.142.32','31.135.142.32','Mozilla/5.0 (Windows NT 6.1; Win64; x64) AppleWebKit/537.36 (KHTML, like Gecko) Chrome/68.0.3440.106 Safari/537.36','ru-RU,ru;q=0.9,en-US;q=0.8,en;q=0.7','2018-08-31 16:23:50','2018-08-31 16:24:01'),(329,0,'INV-2013-00',0,'Аксимед','http://pelovit.com/',0,1,'Александр','Харченко','alexanderk2957@gmail.com','0980079857','','[]','Александр','Харченко','','Отделение №1','','Ромны','','Украина',220,'',51,'','[]','Оплата при доставке','cod','','','','','','','','',0,'',0,'','[]','','','',486.0000,1,0,0.0000,0,'',1,3,'UAH',1.00000000,'91.207.245.194','91.207.245.194','Opera/9.80 (Windows NT 5.1) Presto/2.12.388 Version/12.17','ru-RU,ru;q=0.9,en;q=0.8','2018-09-01 21:48:05','2018-09-01 21:48:44'),(330,0,'INV-2013-00',0,'Аксимед','http://pelovit.com/',0,1,'Татьяна','Макеева','mta130175@gmail.com','+380672990532','','[]','Татьяна','Макеева','','46','','Харьков','','Украина',220,'',51,'','[]','Оплата при доставке','cod','','','','','','','','',0,'',0,'','[]','','','',403.0000,0,0,0.0000,0,'',1,3,'UAH',1.00000000,'93.77.117.211','93.77.117.211','Mozilla/5.0 (Windows NT 6.1) AppleWebKit/537.36 (KHTML, like Gecko) Chrome/68.0.3440.106 Safari/537.36','ru-RU,ru;q=0.9,en-US;q=0.8,en;q=0.7','2018-09-03 23:29:20','2018-09-03 23:29:20'),(331,0,'INV-2013-00',0,'Аксимед','http://pelovit.com/',0,1,'Татьяна','Макеева','mta130175@gmail.com','+380672990532','','[]','Татьяна','Макеева','','46','','Харьков','','Украина',220,'',51,'','[]','Оплата при доставке','cod','','','','','','','','',0,'',0,'','[]','','','',581.0000,1,0,0.0000,0,'',1,3,'UAH',1.00000000,'93.77.117.211','93.77.117.211','Mozilla/5.0 (Windows NT 6.1) AppleWebKit/537.36 (KHTML, like Gecko) Chrome/68.0.3440.106 Safari/537.36','ru-RU,ru;q=0.9,en-US;q=0.8,en;q=0.7','2018-09-03 23:30:51','2018-09-03 23:31:05'),(332,0,'INV-2013-00',0,'Аксимед','http://pelovit.com/',0,1,'Юрий','Ризванов','rizvanovur@tirotex.com','+37377791797','','[]','Юрий','Ризванов','','№1','','Кучурган','','Украина',220,'',51,'','[]','Оплата при доставке','cod','','','','','','','','',0,'',0,'','[]','','','Прошу информировать о номере накладной на электронную почту rizvanovur@tirotex.com',400.0000,1,0,0.0000,0,'',1,3,'UAH',1.00000000,'217.19.209.247','217.19.209.247','Mozilla/5.0 (Windows NT 6.1; Win64; x64) AppleWebKit/537.36 (KHTML, like Gecko) Chrome/68.0.3440.106 Safari/537.36','ru-RU,ru;q=0.9,en-US;q=0.8,en;q=0.7','2018-09-04 12:40:52','2018-09-04 12:41:03'),(333,0,'INV-2013-00',0,'Аксимед','http://pelovit.com/',92,1,'Юлия','Бурсаковская','yulechka1202@yandex.ru','+37377503111','','','Юлия','Бурсаковская','','Отделение 1','','Кучурган','','Украина',220,'Одесская область',3495,'','[]','Оплата при доставке','cod','','','','','','','','',0,'',0,'','[]','','','',314.0000,1,0,0.0000,0,'',1,3,'UAH',1.00000000,'66.249.81.16','217.19.208.98, 66.249.81.16','Mozilla/5.0 (Linux; Android 7.0; MI 5 Build/NRD90M) AppleWebKit/537.36 (KHTML, like Gecko) Chrome/68.0.3440.91 Mobile Safari/537.36','ru-RU,ru;q=0.9,en-US;q=0.8,en;q=0.7','2018-09-04 13:45:09','2018-09-04 13:47:05'),(334,0,'INV-2013-00',0,'Аксимед','http://pelovit.com/',75,1,'Павел','Худяков','h-paul@ukr.net','+380666363615','','','Павел','Худяков','','Набережная 4','','Энергодар','','Украина',220,'Запорожская область',3504,'','[]','Оплата на карту Приватбанка','bank_transfer','','','','','','','','',0,'',0,'','[]','','','',140.0000,0,0,0.0000,0,'',1,3,'UAH',1.00000000,'95.134.192.81','95.134.192.81','Mozilla/5.0 (Windows NT 6.1; Win64; x64) AppleWebKit/537.36 (KHTML, like Gecko) Chrome/68.0.3440.106 Safari/537.36','ru-RU,ru;q=0.9,en-US;q=0.8,en;q=0.7','2018-09-06 18:56:21','2018-09-06 18:56:21'),(335,0,'INV-2013-00',0,'Аксимед','http://pelovit.com/',75,1,'Павел','Худяков','h-paul@ukr.net','+380666363615','','','Павел','Худяков','','Набережная 4','','Энергодар','','Украина',220,'Запорожская область',3504,'','[]','Оплата на карту Приватбанка','bank_transfer','','','','','','','','',0,'',0,'','[]','','','',420.0000,0,0,0.0000,0,'',1,3,'UAH',1.00000000,'95.134.192.81','95.134.192.81','Mozilla/5.0 (Windows NT 6.1; Win64; x64) AppleWebKit/537.36 (KHTML, like Gecko) Chrome/68.0.3440.106 Safari/537.36','ru-RU,ru;q=0.9,en-US;q=0.8,en;q=0.7','2018-09-06 18:56:51','2018-09-06 18:56:51'),(336,0,'INV-2013-00',0,'Аксимед','http://pelovit.com/',75,1,'Павел','Худяков','h-paul@ukr.net','+380666363615','','','Павел','Худяков','','Отд 2','','Энергодар','','Украина',220,'Запорожская область',3504,'','[]','Оплата на карту Приватбанка','bank_transfer','','','','','','','','',0,'',0,'','[]','','','',604.0000,0,0,0.0000,0,'',1,3,'UAH',1.00000000,'95.134.192.81','95.134.192.81','Mozilla/5.0 (Windows NT 6.1; Win64; x64) AppleWebKit/537.36 (KHTML, like Gecko) Chrome/68.0.3440.106 Safari/537.36','ru-RU,ru;q=0.9,en-US;q=0.8,en;q=0.7','2018-09-06 18:59:28','2018-09-06 18:59:28'),(337,0,'INV-2013-00',0,'Аксимед','http://pelovit.com/',75,1,'Павел','Худяков','h-paul@ukr.net','+380666363615','','','Павел','Худяков','','Отд. 2','','Энергодар','','Украина',220,'Запорожская область',3504,'','[]','Оплата на карту Приватбанка','bank_transfer','','','','','','','','',0,'',0,'','[]','','','',604.0000,7,0,0.0000,0,'',1,3,'UAH',1.00000000,'95.134.192.81','95.134.192.81','Mozilla/5.0 (Windows NT 6.1; Win64; x64) AppleWebKit/537.36 (KHTML, like Gecko) Chrome/68.0.3440.106 Safari/537.36','ru-RU,ru;q=0.9,en-US;q=0.8,en;q=0.7','2018-09-06 21:03:52','2018-09-06 21:04:12'),(338,0,'INV-2013-00',0,'Аксимед','http://pelovit.com/',0,1,'Оксана','Цюман','fganasko@ukr.net','0665602054','','[]','Оксана','Цюман','','9','','Полтава','','Украина',220,'',51,'','[]','Оплата при доставке','cod','','','','','','','','',0,'',0,'','[]','','','',130.0000,1,0,0.0000,0,'',1,3,'UAH',1.00000000,'66.102.9.144','46.133.19.106, 66.102.9.144','Mozilla/5.0 (Linux; Android 5.1; Lenovo P1ma40 Build/LMY47D) AppleWebKit/537.36 (KHTML, like Gecko) Chrome/64.0.3282.137 Mobile Safari/537.36','ru-RU,ru;q=0.9,en-US;q=0.8,en;q=0.7,uk;q=0.6','2018-09-07 10:05:26','2018-09-07 10:05:33'),(339,0,'INV-2013-00',0,'Аксимед','http://pelovit.com/',0,1,'Виталий','Митрик','kolomiy.v@mail.ru','+38(068) 197-0995','','[]','Виталий','Митрик','','Еминеску 78 б','','Чудей','','Украина',220,'',51,'','[]','Оплата при доставке','cod','','','','','','','','',0,'',0,'','[]','','','',100.0000,1,0,0.0000,0,'',1,3,'UAH',1.00000000,'31.134.107.230','31.134.107.230','Mozilla/5.0 (Windows NT 6.1) AppleWebKit/537.36 (KHTML, like Gecko) Chrome/60.0.3112.113 YaBrowser/17.9.1.768 Yowser/2.5 Safari/537.36','ru,en;q=0.8,ro;q=0.6','2018-09-07 11:25:00','2018-09-07 11:25:03'),(340,0,'INV-2013-00',0,'Аксимед','http://pelovit.com/',0,1,'Валерия','Вакуленко','lera.modeler@gmail.com','096 4268169','','[]','Валерия','Вакуленко','','28','','Одесса','','Украина',220,'',51,'','[]','Оплата при доставке','cod','','','','','','','','',0,'',0,'','[]','','','',368.0000,1,0,0.0000,0,'',1,3,'UAH',1.00000000,'84.47.133.6','84.47.133.6','Mozilla/5.0 (Windows NT 6.1; Win64; x64) AppleWebKit/537.36 (KHTML, like Gecko) Chrome/68.0.3440.106 Safari/537.36','en-US,en;q=0.9','2018-09-07 11:50:08','2018-09-07 11:50:11'),(341,0,'INV-2013-00',0,'Аксимед','http://pelovit.com/',0,1,'Людмила','Чуприна','Nat17278278@mail.ru','+380955190524','','[]','Людмила','Чуприна','','1','','Курахово ','','Украина',220,'',51,'','[]','Оплата при доставке','cod','','','','','','','','',0,'',0,'','[]','','','',100.0000,1,0,0.0000,0,'',1,3,'UAH',1.00000000,'31.6.123.59','31.6.123.59','Mozilla/5.0 (iPhone; CPU iPhone OS 11_4_1 like Mac OS X) AppleWebKit/605.1.15 (KHTML, like Gecko) YaBrowser/16.3.3.4 YaApp_iOS/4.11 YaApp_iOS_Browser/4.11','ru','2018-09-08 11:23:18','2018-09-08 11:23:28'),(342,0,'INV-2013-00',0,'Аксимед','http://pelovit.com/',93,1,'Алёна ','Курганская ','betteranela@gmail.com','0662827007 ','','','Алёна ','Курганская ','','Второе отделение ','','Борисполь ','','Украина',220,'Киевская область',3491,'','[]','Оплата на карту Приватбанка','bank_transfer','','','','','','','','',0,'',0,'','[]','','','Здравствуйте!! Может и на карту, какие сроки доставки? ',293.0000,7,0,0.0000,0,'',1,3,'UAH',1.00000000,'46.175.23.27','46.175.23.27','Mozilla/5.0 (Linux; Android 8.0.0; G3412 Build/48.1.A.2.50) AppleWebKit/537.36 (KHTML, like Gecko) Chrome/69.0.3497.86 Mobile Safari/537.36','ru-RU,ru;q=0.9,en-US;q=0.8,en;q=0.7','2018-09-10 21:08:03','2018-09-10 21:08:17'),(343,0,'INV-2013-00',0,'Аксимед','http://pelovit.com/',0,1,'Марина','Кононова','kononova.marina@gmail.com','+380934109670','','[]','Марина','Кононова','','71 Варненская, 15','','одесса','','Украина',220,'',51,'','[]','Оплата на карту Приватбанка','bank_transfer','','','','','','','','',0,'',0,'','[]','','','',439.0000,0,0,0.0000,0,'',1,3,'UAH',1.00000000,'85.238.97.144','85.238.97.144','Mozilla/5.0 (X11; Linux i686) AppleWebKit/537.36 (KHTML, like Gecko) Ubuntu Chromium/60.0.3112.113 Chrome/60.0.3112.113 Safari/537.36','ru-RU,ru;q=0.8,en-US;q=0.6,en;q=0.4','2018-09-14 13:44:50','2018-09-14 13:44:50'),(344,0,'INV-2013-00',0,'Аксимед','http://pelovit.com/',94,1,'Марина','Кононова','kononova.marina@gmail.com','+380934109670','','','Марина','Кононова','','71 Варненская,15','','Одесса','','Украина',220,'Одесская область',3495,'','[]','Оплата на карту Приватбанка','bank_transfer','','','','','','','','',0,'',0,'','[]','','','',439.0000,7,0,0.0000,0,'',1,3,'UAH',1.00000000,'85.238.97.144','85.238.97.144','Mozilla/5.0 (X11; Linux i686) AppleWebKit/537.36 (KHTML, like Gecko) Ubuntu Chromium/60.0.3112.113 Chrome/60.0.3112.113 Safari/537.36','ru-RU,ru;q=0.8,en-US;q=0.6,en;q=0.4','2018-09-14 13:48:39','2018-09-14 13:48:44'),(345,0,'INV-2013-00',0,'Аксимед','http://pelovit.com/',0,1,'Жанна','Ковальчук','karelyanka@gmail.com','0936998291','','[]','Жанна','Ковальчук','','89','','Киев','','Украина',220,'',51,'','[]','Оплата при доставке','cod','','','','','','','','',0,'',0,'','[]','','','',178.0000,1,0,0.0000,0,'',1,3,'UAH',1.00000000,'78.27.154.60','78.27.154.60','Mozilla/5.0 (Linux; Android 7.0; SM-A510F Build/NRD90M) AppleWebKit/537.36 (KHTML, like Gecko) Chrome/69.0.3497.91 Mobile Safari/537.36','ru-RU,ru;q=0.9,en-US;q=0.8,en;q=0.7','2018-09-15 00:19:33','2018-09-15 00:19:40'),(346,0,'INV-2013-00',0,'Аксимед','http://pelovit.com/',95,1,'Евгений','Черняк ','chernyak73@gmail.com','0934440054','','','Евгений','Черняк ','','Поштове відділення №56','','Киев','','Украина',220,'Киев',3490,'','[]','Оплата при доставке','cod','','','','','','','','',0,'',0,'','[]','','','',333.0000,1,0,0.0000,0,'',1,3,'UAH',1.00000000,'109.197.220.116','109.197.220.116','Mozilla/5.0 (Windows NT 6.1; Win64; x64) AppleWebKit/537.36 (KHTML, like Gecko) Chrome/68.0.3440.106 Safari/537.36','ru-RU,ru;q=0.9,en-US;q=0.8,en;q=0.7','2018-09-17 10:31:59','2018-09-17 10:32:07'),(347,0,'INV-2013-00',0,'Аксимед','http://pelovit.com/',0,1,'Ольга','Кириченко','olha.kyrychenko.130@gmail.com','0938878892','','[]','Ольга','Кириченко','','7','','Винница','','Украина',220,'',51,'','[]','Оплата на карту Приватбанка','bank_transfer','','','','','','','','',0,'',0,'','[]','','','',170.0000,7,0,0.0000,0,'',1,3,'UAH',1.00000000,'141.138.122.124','141.138.122.124','Mozilla/5.0 (Windows NT 6.1; Win64; x64; rv:62.0) Gecko/20100101 Firefox/62.0','ru-RU,ru;q=0.8,en-US;q=0.5,en;q=0.3','2018-09-17 15:34:28','2018-09-17 15:34:38'),(348,0,'INV-2013-00',0,'Аксимед','http://pelovit.com/',4,1,'Руслан Анатольевич','Бааджи','mrleeps@gmail.com','0953380585','','','Давид','Бааджи','','№ 2','','Доброполье','','Украина',220,'Донецкая область',3485,'','[]','Оплата на карту Приватбанка','bank_transfer','','','','','','','','',0,'',0,'','[]','','','Оформляете доставку на номер 0958524635 Бааджи Давид \nПо оплате смс на номер 0953380585',973.0000,7,0,0.0000,0,'',1,3,'UAH',1.00000000,'151.0.14.149','151.0.14.149','Mozilla/5.0 (iPad; CPU OS 12_0 like Mac OS X) AppleWebKit/605.1.15 (KHTML, like Gecko) Version/12.0 Mobile/15E148 Safari/604.1','ru','2018-09-18 12:00:40','2018-09-18 12:00:44'),(349,0,'INV-2013-00',0,'Аксимед','http://pelovit.com/',0,1,'Яна','Белоус','','0997014547','','[]','Яна','Белоус','','35','','Харьков','','Украина',220,'',51,'','[]','Оплата при доставке','cod','','','','','','','','',0,'',0,'','[]','','','Добрый день.Это ваш постоянный клиент.Очень все довольны препаратами.Надеюсь на скидочку.Спасибо.',1896.0000,1,0,0.0000,0,'',1,3,'UAH',1.00000000,'46.211.136.36','46.211.136.36','Mozilla/5.0 (Linux; Android 8.0.0; SM-A520F Build/R16NW) AppleWebKit/537.36 (KHTML, like Gecko) Chrome/69.0.3497.100 Mobile Safari/537.36','ru-RU,ru;q=0.9,en-US;q=0.8,en;q=0.7,uk;q=0.6','2018-09-19 11:34:06','2018-09-19 11:34:12'),(350,0,'INV-2013-00',0,'Аксимед','http://pelovit.com/',0,1,'Юлия','Селютина','irinaselutina1404@gmail.com','0505596827','','[]','Юлия','Селютина','','47','','Киев','','Украина',220,'',51,'','[]','Оплата на карту Приватбанка','bank_transfer','','','','','','','','',0,'',0,'','[]','','','',584.0000,7,0,0.0000,0,'',1,3,'UAH',1.00000000,'109.254.183.87','109.254.183.87','Mozilla/5.0 (Linux; Android 7.0; Redmi Note 4 Build/NRD90M) AppleWebKit/537.36 (KHTML, like Gecko) Chrome/69.0.3497.100 Mobile Safari/537.36','ru-RU,ru;q=0.9,en-US;q=0.8,en;q=0.7,uk;q=0.6','2018-09-19 19:39:53','2018-09-19 19:40:06'),(351,0,'INV-2013-00',0,'Аксимед','http://pelovit.com/',0,1,'Людмила','Малькова','lluda19@yahoo.com','067284-6559','','[]','Людмила','Малькова','','125','','Одесса','','Украина',220,'',51,'','[]','Оплата на карту Приватбанка','bank_transfer','','','','','','','','',0,'',0,'','[]','','','',571.0000,7,0,0.0000,0,'',1,3,'UAH',1.00000000,'79.135.218.103','79.135.218.103','Mozilla/5.0 (Macintosh; Intel Mac OS X 10_10_5) AppleWebKit/537.36 (KHTML, like Gecko) Chrome/68.0.3440.106 Safari/537.36','ru-RU,ru;q=0.9,en-US;q=0.8,en;q=0.7','2018-09-19 22:54:25','2018-09-19 22:54:38'),(352,0,'INV-2013-00',0,'Аксимед','http://pelovit.com/',0,1,'Лариса ','Владиченко','','0634828328','','[]','Лариса ','Владиченко','','73','','Київ','','Украина',220,'',51,'','[]','Оплата при доставке','cod','','','','','','','','',0,'',0,'','[]','','','',712.0000,1,0,0.0000,0,'',1,3,'UAH',1.00000000,'94.244.27.15','94.244.27.15','Mozilla/5.0 (Macintosh; Intel Mac OS X 10_13_1) AppleWebKit/604.3.5 (KHTML, like Gecko) Version/11.0.1 Safari/604.3.5','uk-ua','2018-09-25 08:37:34','2018-09-25 08:37:52'),(353,0,'INV-2013-00',0,'Аксимед','http://pelovit.com/',69,1,'Елена','Герасимова','e.v.gerasimova@gmail.com','0676405551','','','Елена','Герасимова','','Г. Одесса, ул. Большая Арнаутская, 19, офис 803','','Одесса','','Украина',220,'Одесская область',3495,'','[]','Оплата на карту Приватбанка','bank_transfer','','','','','','','','',0,'',0,'','[]','','','',1132.0000,7,0,0.0000,0,'',1,3,'UAH',1.00000000,'176.119.83.169','176.119.83.169','Mozilla/5.0 (Windows NT 6.3; Win64; x64) AppleWebKit/537.36 (KHTML, like Gecko) Chrome/69.0.3497.100 Safari/537.36','ru-RU,ru;q=0.9,en-US;q=0.8,en;q=0.7,uk;q=0.6','2018-09-25 12:16:00','2018-09-25 12:16:08'),(354,0,'INV-2013-00',0,'Аксимед','http://pelovit.com/',97,1,'Намик','Нариманов','zvitnam80@ukr.net','+380671957665','','','Намик','Нариманов','','1 Мая 113/8','','Гайсин','','Украина',220,'Винницкая область',3501,'','[]','Оплата при доставке','cod','','','','','','','','',0,'',0,'','[]','','','',386.0000,1,0,0.0000,0,'',1,3,'UAH',1.00000000,'176.122.105.155','176.122.105.155','Mozilla/5.0 (Linux; Android 5.0.2; LG-D690 Build/LRX22G) AppleWebKit/537.36 (KHTML, like Gecko) Chrome/69.0.3497.100 Mobile Safari/537.36','ru-RU,ru;q=0.9,en-US;q=0.8,en;q=0.7,uk;q=0.6','2018-09-25 18:09:04','2018-09-25 18:09:09'),(355,0,'INV-2013-00',0,'Аксимед','http://pelovit.com/',0,1,'Наталия ','Боярчук ','tanasha06@ukr.net','0678804244','','[]','Наталия ','Боярчук ','','23 отделение ','','Одесса ','','Украина',220,'',51,'','[]','Оплата на карту Приватбанка','bank_transfer','','','','','','','','',0,'',0,'','[]','','','',299.0000,7,0,0.0000,0,'',1,3,'UAH',1.00000000,'66.102.9.28','94.74.90.147, 66.102.9.28','Mozilla/5.0 (Linux; Android 8.0.0; SM-A730F Build/R16NW) AppleWebKit/537.36 (KHTML, like Gecko) Chrome/69.0.3497.100 Mobile Safari/537.36','ru-RU,ru;q=0.9,en-US;q=0.8,en;q=0.7','2018-10-06 08:25:26','2018-10-06 08:25:43'),(356,0,'INV-2013-00',0,'Аксимед','http://pelovit.com/',0,1,'Константин ','Палій ',' narizaka1990@gmail.com ','+38 099 611-03-80 ','','[]','Константин ','Палій ','','7','','Полтава ','','Украина',220,'',51,'','[]','Оплата при доставке','cod','','','','','','','','',0,'',0,'','[]','','','',100.0000,0,0,0.0000,0,'',1,3,'UAH',1.00000000,'91.199.93.92','91.199.93.92','Mozilla/5.0 (Linux; Android 7.1.2; Redmi 4X Build/N2G47H) AppleWebKit/537.36 (KHTML, like Gecko) Chrome/69.0.3497.100 Mobile Safari/537.36','ru-RU,ru;q=0.9,en-US;q=0.8,en;q=0.7,uk;q=0.6','2018-10-11 11:10:19','2018-10-11 11:10:19'),(357,0,'INV-2013-00',0,'Аксимед','http://pelovit.com/',0,1,'Константин ','Палій ',' narizaka1990@gmail.com ','+38 099 611-03-80 ','','[]','Константин ','Палій ','','7','','Полтава ','','Украина',220,'',51,'','[]','Оплата при доставке','cod','','','','','','','','',0,'',0,'','[]','','','',200.0000,1,0,0.0000,0,'',1,3,'UAH',1.00000000,'91.199.93.92','91.199.93.92','Mozilla/5.0 (Linux; Android 7.1.2; Redmi 4X Build/N2G47H) AppleWebKit/537.36 (KHTML, like Gecko) Chrome/69.0.3497.100 Mobile Safari/537.36','ru-RU,ru;q=0.9,en-US;q=0.8,en;q=0.7,uk;q=0.6','2018-10-11 11:11:21','2018-10-11 11:11:27'),(358,0,'INV-2013-00',0,'Аксимед','http://pelovit.com/',88,1,'Татьяна','Масюта','masutatanya@gmail.com','0978029589','','','Татьяна','Масюта','','І Курсовой пер., 15/10, кв.63','','Белая Церковь','','Украина',220,'Киевская область',3491,'','[]','Оплата на карту Приватбанка','bank_transfer','','','','','','','','',0,'',0,'','[]','','','',420.0000,7,0,0.0000,0,'',1,3,'UAH',1.00000000,'178.54.144.237','178.54.144.237','Mozilla/5.0 (Windows NT 5.1; rv:52.0) Gecko/20100101 Firefox/52.0','ru-RU,ru;q=0.8,en-US;q=0.5,en;q=0.3','2018-10-11 15:12:44','2018-10-11 15:12:51'),(359,0,'INV-2013-00',0,'Аксимед','http://pelovit.com/',93,1,'Алёна ','Курганская ','betteranela@gmail.com','0662827007 ','','','Алёна ','Курганская ','','128','','Борисполь ','','Украина',220,'Киевская область',3491,'','[]','Оплата на карту Приватбанка','bank_transfer','','','','','','','','',0,'',0,'','[]','','','',383.0000,7,0,0.0000,0,'',1,3,'UAH',1.00000000,'77.120.242.132','77.120.242.132','Mozilla/5.0 (Linux; Android 8.0.0; G3412 Build/48.1.A.2.50) AppleWebKit/537.36 (KHTML, like Gecko) Chrome/69.0.3497.100 Mobile Safari/537.36','ru-RU,ru;q=0.9,en-US;q=0.8,en;q=0.7','2018-10-11 17:11:06','2018-10-11 17:11:09'),(360,0,'INV-2013-00',0,'Аксимед','http://pelovit.com/',99,1,'Ирина','Советкина','sovetkina@ukr.net','0665900400','','','Ирина','Советкина','','Новая почта 3','','Первомайск','','Украина',220,'Николаевская область',3494,'','[]','Оплата на карту Приватбанка','bank_transfer','','','','','','','','',0,'',0,'','[]','','','',689.0000,7,0,0.0000,0,'',1,3,'UAH',1.00000000,'91.217.61.6','91.217.61.6','Mozilla/5.0 (Windows NT 5.1) AppleWebKit/537.36 (KHTML, like Gecko) Chrome/49.0.2623.112 Safari/537.36 OPR/36.0.2130.80','ru-RU,ru;q=0.8,en-US;q=0.6,en;q=0.4','2018-10-11 23:20:37','2018-10-11 23:20:51'),(361,0,'INV-2013-00',0,'Аксимед','http://pelovit.com/',101,1,'Полина','Юрашева','4ipolinka@mail.ru','0963092155','','','Полина','Юрашева','','Отделение 1,ул.Рождественская,9','','Вилково','','Украина',220,'Одесская область',3495,'','[]','Оплата при доставке','cod','','','','','','','','',0,'',0,'','[]','','','',601.0000,1,0,0.0000,0,'',1,3,'UAH',1.00000000,'178.95.132.240','178.95.132.240','Mozilla/5.0 (Linux; Android 7.0; SAMSUNG SM-T825N0 Build/NRD90M) AppleWebKit/537.36 (KHTML, like Gecko) SamsungBrowser/7.4 Chrome/59.0.3071.125 Safari/537.36','ru-RU,ru;q=0.8,en-US;q=0.6,en;q=0.4','2018-10-13 22:10:18','2018-10-13 22:10:53'),(362,0,'INV-2013-00',0,'Аксимед','http://pelovit.com/',0,1,'Елена','Мамеева','Heĺena.mameeva@gmail.com','0679520511','','[]','Елена','Мамеева','','12','','Запорожье','','Украина',220,'',51,'','[]','Оплата на карту Приватбанка','bank_transfer','','','','','','','','',0,'',0,'','[]','','','',781.0000,7,0,0.0000,0,'',1,3,'UAH',1.00000000,'66.102.9.24','93.76.138.26, 66.102.9.24','Mozilla/5.0 (Linux; Android 4.4.2; Lenovo B8000-F Build/KOT49H) AppleWebKit/537.36 (KHTML, like Gecko) Chrome/69.0.3497.100 Safari/537.36','ru-RU,ru;q=0.9,en-US;q=0.8,en;q=0.7,uk;q=0.6','2018-10-14 21:45:49','2018-10-14 21:45:57'),(363,0,'INV-2013-00',0,'Аксимед','http://pelovit.com/',102,1,'Наталья','Орловская','natasha.orlovskaya@gmail.com','0632383779','','','Наталья','Орловская','','111','','Днепр','','Украина',220,'Днепропетровская область',3484,'','[]','Оплата при доставке','cod','','','','','','','','',0,'',0,'','[]','','','',785.0000,1,0,0.0000,0,'',1,3,'UAH',1.00000000,'188.163.45.215','188.163.45.215','Mozilla/5.0 (iPhone; CPU iPhone OS 11_4 like Mac OS X) AppleWebKit/605.1.15 (KHTML, like Gecko) Version/11.0 Mobile/15E148 Safari/604.1','ru','2018-10-15 21:15:04','2018-10-15 21:15:42'),(364,0,'INV-2013-00',0,'Аксимед','http://pelovit.com/',0,1,'мс','ти','','мьи','','[]','мс','ти','','ит','','мит','','Украина',220,'',51,'','[]','Оплата на карту Приватбанка','bank_transfer','','','','','','','','',0,'',0,'','[]','','','',492.0000,0,0,0.0000,0,'',1,3,'UAH',1.00000000,'194.54.160.88','194.54.160.88','Mozilla/5.0 (Macintosh; Intel Mac OS X 10_12_6) AppleWebKit/605.1.15 (KHTML, like Gecko) Version/12.0 Safari/605.1.15','ru','2018-10-16 11:20:11','2018-10-16 11:20:11'),(365,0,'INV-2013-00',0,'Аксимед','http://pelovit.com/',103,1,'Анастасия','Кучеренко','knastia94@ukr.net','0977479608','','','Анастасия','Кучеренко','','Номер отделения 36','','Киев','','Украина',220,'Киев',3490,'','[]','Оплата при доставке','cod','','','','','','','','',0,'',0,'','[]','','','',295.0000,1,0,0.0000,0,'',1,3,'UAH',1.00000000,'37.55.132.46','37.55.132.46','Mozilla/5.0 (Windows NT 5.1) AppleWebKit/537.36 (KHTML, like Gecko) Chrome/49.0.2623.112 Safari/537.36 OPR/36.0.2130.80','ru-RU,ru;q=0.8,en-US;q=0.6,en;q=0.4','2018-10-17 14:35:19','2018-10-17 14:35:22'),(366,0,'INV-2013-00',0,'Аксимед','http://pelovit.com/',0,1,'Даниил','Белоус','Dany99@ukr.net','0509738188','','[]','Даниил','Белоус','','116','','Харьков','','Украина',220,'',51,'','[]','Оплата при доставке','cod','','','','','','','','',0,'',0,'','[]','','','',184.0000,1,0,0.0000,0,'',1,3,'UAH',1.00000000,'178.165.35.219','178.165.35.219','Mozilla/5.0 (Windows NT 6.1; Win64; x64) AppleWebKit/537.36 (KHTML, like Gecko) Chrome/69.0.3497.100 Safari/537.36','ru-RU,ru;q=0.9,en-US;q=0.8,en;q=0.7','2018-10-17 23:00:05','2018-10-17 23:00:30'),(367,0,'INV-2013-00',0,'Аксимед','http://pelovit.com/',104,1,'Елена','Герман','elenagerman@ukr.net','0679408598','','','Елена','Герман','','126','','Одесса','','Украина',220,'Одесская область',3495,'','[]','Оплата при доставке','cod','','','','','','','','',0,'',0,'','[]','','','',485.0000,1,0,0.0000,0,'',1,3,'UAH',1.00000000,'78.26.198.88','78.26.198.88','Mozilla/5.0 (Windows NT 10.0; Win64; x64) AppleWebKit/537.36 (KHTML, like Gecko) Chrome/69.0.3497.100 Safari/537.36','ru-RU,ru;q=0.9,en-US;q=0.8,en;q=0.7','2018-10-18 11:45:32','2018-10-18 11:46:20'),(368,0,'INV-2013-00',0,'Аксимед','http://pelovit.com/',0,1,'zdvv','zdvzv','zvdvzv','vzvzv','','[]','zdvv','zdvzv','','zvzv','','zvzv','','Украина',220,'',51,'','[]','Оплата на карту Приватбанка','bank_transfer','','','','','','','','',0,'',0,'','[]','','','',110.0000,0,0,0.0000,0,'',1,3,'UAH',1.00000000,'212.178.16.41','212.178.16.41','Mozilla/5.0 (Windows NT 6.1; rv:62.0) Gecko/20100101 Firefox/62.0','ru-RU,ru;q=0.8,en-US;q=0.5,en;q=0.3','2018-10-21 15:48:38','2018-10-21 15:48:38'),(369,0,'INV-2013-00',0,'Аксимед','http://pelovit.com/',0,1,'Маргарита','Гришаева','rita-ks@yandex.ru','0992679989','','[]','Маргарита','Гришаева','','1','','Брилевка','','Украина',220,'',51,'','[]','Оплата при доставке','cod','','','','','','','','',0,'',0,'','[]','','','',395.0000,1,0,0.0000,0,'',1,3,'UAH',1.00000000,'194.50.254.169','194.50.254.169','Mozilla/5.0 (Windows NT 6.1; WOW64; rv:62.0) Gecko/20100101 Firefox/62.0','ru-RU,ru;q=0.8,en-US;q=0.5,en;q=0.3','2018-10-22 10:46:23','2018-10-22 10:46:32'),(370,0,'INV-2013-00',0,'Аксимед','http://pelovit.com/',0,1,'Екатерина','Онуфриенко','kimaonu82@gmail.com','0501672297','','[]','Екатерина','Онуфриенко','','18','','Одесса','','Украина',220,'',51,'','[]','Оплата при доставке','cod','','','','','','','','',0,'',0,'','[]','','','',549.0000,1,0,0.0000,0,'',1,3,'UAH',1.00000000,'188.115.144.80','188.115.144.80','Mozilla/5.0 (Windows NT 6.1) AppleWebKit/537.36 (KHTML, like Gecko) Chrome/69.0.3497.100 Safari/537.36','ru-RU,ru;q=0.9,en-US;q=0.8,en;q=0.7','2018-10-22 13:58:09','2018-10-22 13:58:11'),(371,0,'INV-2013-00',0,'Аксимед','http://pelovit.com/',4,1,'Руслан Анатольевич','Бааджи','mrleeps@gmail.com','0953380585','','','Давид','Бааджи','','№ 2','','Доброполье','','Украина',220,'Донецкая область',3485,'','[]','Оплата при доставке','cod','','','','','','','','',0,'',0,'','[]','','','Отправляете на номер 0958524635 Бааджи Давид',708.0000,1,0,0.0000,0,'',1,3,'UAH',1.00000000,'46.133.68.117','46.133.68.117','Mozilla/5.0 (Linux; Android 8.0.0; TA-1032 Build/O00623) AppleWebKit/537.36 (KHTML, like Gecko) Chrome/67.0.3396.123 Mobile Safari/537.36 EdgA/42.0.0.2549','ru-UA,ru;q=0.9,en-US;q=0.8,en;q=0.7','2018-10-22 21:02:56','2018-10-22 21:03:05'),(372,0,'INV-2013-00',0,'Аксимед','http://pelovit.com/',105,1,'Алла','Грицюк','allagricyuk@ukr.net','0951808305','','','Алла','Грицюк','','1 ,Соборная 194 а','','Подольск','','Украина',220,'Одесская область',3495,'','[]','Оплата при доставке','cod','','','','','','','','',0,'',0,'','[]','','','',668.0000,1,0,0.0000,0,'',1,3,'UAH',1.00000000,'178.133.102.230','178.133.102.230','Mozilla/5.0 (Linux; U; Android 8.1.0; ru-ru; Redmi 5 Plus Build/OPM1.171019.019) AppleWebKit/537.36 (KHTML, like Gecko) Version/4.0 Chrome/61.0.3163.128 Mobile Safari/537.36 XiaoMi/MiuiBrowser/10.1.2','ru-RU,en-US;q=0.8','2018-10-25 11:23:15','2018-10-25 11:23:54'),(373,0,'INV-2013-00',0,'Аксимед','http://pelovit.com/',0,1,'Sergey','K','serpost@gmail.com','911','','[]','Sergey','K','','1','','днепр','','Украина',220,'',51,'','[]','Оплата при доставке','cod','','','','','','','','',0,'',0,'','[]','','','',110.0000,0,0,0.0000,0,'',1,3,'UAH',1.00000000,'37.57.145.177','37.57.145.177','Mozilla/5.0 (Windows NT 10.0; Win64; x64) AppleWebKit/537.36 (KHTML, like Gecko) Chrome/70.0.3538.77 Safari/537.36','ru-RU,ru;q=0.9,en-US;q=0.8,en;q=0.7','2018-10-25 17:28:24','2018-10-25 17:28:24'),(374,0,'INV-2013-00',0,'Аксимед','http://pelovit.com/',93,1,'Алёна ','Курганская ','betteranela@gmail.com','0662827007 ','','','Алёна ','Курганская ','','Второе отделение ','','Борисполь ','','Украина',220,'Киевская область',3491,'','[]','Оплата на карту Приватбанка','bank_transfer','','','','','','','','',0,'',0,'','[]','','','',195.0000,7,0,0.0000,0,'',1,3,'UAH',1.00000000,'77.120.242.132','77.120.242.132','Mozilla/5.0 (Linux; Android 8.0.0; G3412 Build/48.1.A.2.50) AppleWebKit/537.36 (KHTML, like Gecko) Chrome/69.0.3497.100 Mobile Safari/537.36','ru-RU,ru;q=0.9,en-US;q=0.8,en;q=0.7','2018-10-27 13:33:40','2018-10-27 13:33:46'),(375,0,'INV-2013-00',0,'Аксимед','http://pelovit.com/',88,1,'Татьяна','Масюта','masutatanya@gmail.com','0978029589','','','Татьяна','Масюта','','І Курсовой пер., 15/10, кв.63','','Белая Церковь','','Украина',220,'Киевская область',3491,'','[]','Оплата на карту Приватбанка','bank_transfer','','','','','','','','',0,'',0,'','[]','','','',780.0000,0,0,0.0000,0,'',1,3,'UAH',1.00000000,'178.54.144.237','178.54.144.237','Mozilla/5.0 (Windows NT 5.1; rv:52.0) Gecko/20100101 Firefox/52.0','ru-RU,ru;q=0.8,en-US;q=0.5,en;q=0.3','2018-11-06 10:44:14','2018-11-06 10:44:14'),(376,0,'INV-2013-00',0,'Аксимед','http://pelovit.com/',15,1,'елена','сыроветник','olenin86@ukr.net','0937673270','','','Олена','Сироветник','','#10','','Киев','','Украина',220,'Киев',3490,'','[]','Оплата при доставке','cod','','','','','','','','',0,'',0,'','[]','','','',255.0000,1,0,0.0000,0,'',1,3,'UAH',1.00000000,'109.251.117.46','109.251.117.46','Mozilla/5.0 (Windows NT 10.0; Win64; x64) AppleWebKit/537.36 (KHTML, like Gecko) Chrome/64.0.3282.140 Safari/537.36 Edge/17.17134','ru-UA,ru;q=0.8,en-US;q=0.6,en;q=0.4,uk;q=0.2','2018-11-07 10:01:40','2018-11-07 10:01:46'),(377,0,'INV-2013-00',0,'Аксимед','http://pelovit.com/',110,1,'Лидия','Евсюкова','ivano7676@ukr.net','0955007903','','','Лидия','Евсюкова','','ул. Полтавская, 115 кв 6 ','','Красноград','','Украина',220,'Харьковская область',4224,'','[]','Оплата при доставке','cod','','','','','','','','',0,'',0,'','[]','','','',335.0000,1,0,0.0000,0,'',1,3,'UAH',1.00000000,'46.201.254.55','46.201.254.55','Mozilla/5.0 (Windows NT 6.1; WOW64) AppleWebKit/537.36 (KHTML, like Gecko) Chrome/68.0.3440.106 YaBrowser/18.9.1.954 Yowser/2.5 Safari/537.36','uk,ru;q=0.9,en;q=0.8','2018-11-13 16:14:30','2018-11-13 16:14:49'),(378,0,'INV-2013-00',0,'Аксимед','http://pelovit.com/',111,1,'Марина ','Козлова','kovalmarina13@gmail.com','+380505250216','','','Марина ','Козлова','','НП 3','','Сумы','','Украина',220,'Сумская область',3499,'','[]','Оплата на карту Приватбанка','bank_transfer','','','','','','','','',0,'',0,'','[]','','','',184.0000,7,0,0.0000,0,'',1,3,'UAH',1.00000000,'93.79.43.224','93.79.43.224','Mozilla/5.0 (Linux; Android 8.0.0; G3112) AppleWebKit/537.36 (KHTML, like Gecko) Chrome/70.0.3538.80 Mobile Safari/537.36','ru-RU,ru;q=0.9,en-US;q=0.8,en;q=0.7','2018-11-15 13:20:18','2018-11-15 13:20:46'),(379,0,'INV-2013-00',0,'Аксимед','http://pelovit.com/',112,1,'Ирина','Гирнык','iiggsv@gmail.com','0994110171','','','Ирина','Гирнык','','г. Кропивницкий','','г. Кропивницкий','','Украина',220,'Кировоградская область',3489,'','[]','Оплата на карту Приватбанка','bank_transfer','','','','','','','','',0,'',0,'','[]','','','',184.0000,0,0,0.0000,0,'',1,3,'UAH',1.00000000,'91.202.135.13','91.202.135.13','Mozilla/5.0 (Windows NT 10.0; Win64; x64) AppleWebKit/537.36 (KHTML, like Gecko) Chrome/70.0.3538.102 Safari/537.36','ru-RU,ru;q=0.9,en-US;q=0.8,en;q=0.7,uk;q=0.6','2018-11-17 09:40:37','2018-11-17 09:40:37'),(380,0,'INV-2013-00',0,'Аксимед','http://pelovit.com/',112,1,'Ирина','Гирнык','iiggsv@gmail.com','0994110171','','','Ирина','Гирнык','','г. Кропивницкий','','г. Кропивницкий','','Украина',220,'Кировоградская область',3489,'','[]','Оплата при доставке','cod','','','','','','','','',0,'',0,'','[]','','','',184.0000,0,0,0.0000,0,'',1,3,'UAH',1.00000000,'91.202.135.13','91.202.135.13','Mozilla/5.0 (Windows NT 10.0; Win64; x64) AppleWebKit/537.36 (KHTML, like Gecko) Chrome/70.0.3538.102 Safari/537.36','ru-RU,ru;q=0.9,en-US;q=0.8,en;q=0.7,uk;q=0.6','2018-11-17 09:41:16','2018-11-17 09:41:16'),(381,0,'INV-2013-00',0,'Аксимед','http://pelovit.com/',112,1,'Ирина','Гирнык','iiggsv@gmail.com','0994110171','','','Ирина','Гирнык','','г. Кропивницкий','','г. Кропивницкий','','Украина',220,'Кировоградская область',3489,'','[]','Оплата при доставке','cod','','','','','','','','',0,'',0,'','[]','','','',184.0000,1,0,0.0000,0,'',1,3,'UAH',1.00000000,'91.202.135.13','91.202.135.13','Mozilla/5.0 (Windows NT 10.0; Win64; x64) AppleWebKit/537.36 (KHTML, like Gecko) Chrome/70.0.3538.102 Safari/537.36','ru-RU,ru;q=0.9,en-US;q=0.8,en;q=0.7,uk;q=0.6','2018-11-17 09:42:57','2018-11-17 09:43:04'),(382,0,'INV-2013-00',0,'Аксимед','http://pelovit.com/',112,1,'Ирина','Гирнык','iiggsv@gmail.com','0994110171','','','Ирина','Гирнык','','склад №7','','г. Кропивницкий','','Украина',220,'Кировоградская область',3489,'','[]','Оплата при доставке','cod','','','','','','','','',0,'',0,'','[]','','','',184.0000,1,0,0.0000,0,'',1,3,'UAH',1.00000000,'91.202.135.195','91.202.135.195','Mozilla/5.0 (Windows NT 10.0; Win64; x64) AppleWebKit/537.36 (KHTML, like Gecko) Chrome/70.0.3538.102 Safari/537.36','ru-RU,ru;q=0.9,en-US;q=0.8,en;q=0.7,uk;q=0.6','2018-11-18 18:41:55','2018-11-18 18:41:58'),(383,0,'INV-2013-00',0,'Аксимед','http://pelovit.com/',113,1,'Марина','Григорьева','maralisshop@gmail.com','0957884858','','','Марина','Григорьева','','Номер 2','','Никополь','','Украина',220,'Днепропетровская область',3484,'','[]','Оплата на карту Приватбанка','bank_transfer','','','','','','','','',0,'',0,'','[]','','','',373.0000,7,0,0.0000,0,'',1,3,'UAH',1.00000000,'188.163.109.101','188.163.109.101','Mozilla/5.0 (iPhone; CPU iPhone OS 11_2_2 like Mac OS X) AppleWebKit/604.4.7 (KHTML, like Gecko) Version/11.0 Mobile/15C202 Safari/604.1','ru','2018-11-25 09:45:36','2018-11-25 09:45:39'),(384,0,'INV-2013-00',0,'Аксимед','http://pelovit.com/',115,1,'Елена','Павшенюк','Olena.Pavshenyuk@papir.kiev','067 232 92 72','','','Елена','Павшенюк','','Киевская область, г.Обухов, ул.Киевская, 115, кв.285','',' г.Обухов, ','','Украина',220,'Киевская область',3491,'','[]','Оплата при доставке','cod','','','','','','','','',0,'',0,'','[]','','','',850.0000,1,0,0.0000,0,'',1,3,'UAH',1.00000000,'91.214.16.28','91.214.16.28','Mozilla/5.0 (Windows NT 6.1; Win64; x64) AppleWebKit/537.36 (KHTML, like Gecko) Chrome/71.0.3578.80 Safari/537.36','uk-UA,uk;q=0.9,ru;q=0.8,en-US;q=0.7,en;q=0.6','2018-12-07 16:41:59','2018-12-07 16:42:03'),(385,0,'INV-2013-00',0,'Аксимед','http://pelovit.com/',49,1,'Роман','Кулькин','j1012290475@gmail.com','380676317315','','','Роман','Кулькин','','Днепр, отделение 39','','Днепр','','Украина',220,'Днепропетровская область',3484,'','[]','Оплата на карту Приватбанка','bank_transfer','','','','','','','','',0,'',0,'','[]','','','',178.0000,7,0,0.0000,0,'',1,3,'UAH',1.00000000,'46.119.90.218','46.119.90.218','Mozilla/5.0 (Linux; U; Android 6.0.1; ru-ru; Redmi Note 3 Build/MMB29M) AppleWebKit/537.36 (KHTML, like Gecko) Version/4.0 Chrome/61.0.3163.128 Mobile Safari/537.36 XiaoMi/MiuiBrowser/10.2.5-g','ru-RU,en-US;q=0.8','2018-12-07 18:12:14','2018-12-07 18:12:20'),(386,0,'INV-2013-00',0,'Аксимед','http://pelovit.com/',116,1,'Елена','Михайлова-Краснова','elenkakrass@gmail.com','0673038194','','','Елена','Михайлова-Краснова','','новая почта №99','','Одесса','','Украина',220,'Одесская область',3495,'','[]','Оплата при доставке','cod','','','','','','','','',0,'',0,'','[]','','','',305.0000,1,0,0.0000,0,'',1,3,'UAH',1.00000000,'85.238.102.83','85.238.102.83','Mozilla/5.0 (Windows NT 10.0; Win64; x64) AppleWebKit/537.36 (KHTML, like Gecko) Chrome/71.0.3578.80 Safari/537.36','en-US,en;q=0.9,ru;q=0.8','2018-12-10 11:29:08','2018-12-10 11:30:10'),(387,0,'INV-2013-00',0,'Аксимед','http://pelovit.com/',117,1,'Сергей','Савин','sergey00@gmail.com','0933918600','','','Сергей','Савин','','ул. Добровольческих Батальонов 6/1. кв.1','','Киев','','Украина',220,'Киев',3490,'','[]','Оплата на карту Приватбанка','bank_transfer','','','','','','','','',0,'',0,'','[]','','','',398.0000,7,0,0.0000,0,'',1,3,'UAH',1.00000000,'46.219.217.71','46.219.217.71','Mozilla/5.0 (Windows NT 10.0; Win64; x64) AppleWebKit/537.36 (KHTML, like Gecko) Chrome/70.0.3538.110 Safari/537.36','ru-RU,ru;q=0.9,en-US;q=0.8,en;q=0.7,uk;q=0.6','2018-12-14 11:43:32','2018-12-14 11:43:36'),(388,0,'INV-2013-00',0,'Аксимед','http://pelovit.com/',4,1,'Руслан Анатольевич','Бааджи','mrleeps@gmail.com','0953380585','','','Давид','Бааджи','','№ 2','','Доброполье','','Украина',220,'Донецкая область',3485,'','[]','Оплата на карту Приватбанка','bank_transfer','','','','','','','','',0,'',0,'','[]','','','В подарок положите Скраб , посылку отправляйте на номер 0958524635\n',1170.0000,0,0,0.0000,0,'',1,3,'UAH',1.00000000,'151.0.1.97','151.0.1.97','Mozilla/5.0 (iPad; CPU OS 12_1_1 like Mac OS X) AppleWebKit/605.1.15 (KHTML, like Gecko) Version/12.0 Mobile/15E148 Safari/604.1','ru','2018-12-15 15:32:29','2018-12-15 15:32:29'),(389,0,'INV-2013-00',0,'Аксимед','http://pelovit.com/',4,1,'Даниил Анатольевич','Бааджи','mrleeps@gmail.com','0953380585','','','Давид','Бааджи','','№ 2','','Доброполье','','Украина',220,'Донецкая область',3485,'','[]','Оплата на карту Приватбанка','bank_transfer','','','','','','','','',0,'',0,'','[]','','','В подарок положите Скраб , посылку отправляйте на номер 0958524635\n',585.0000,7,0,0.0000,0,'',1,3,'UAH',1.00000000,'151.0.1.97','151.0.1.97','Mozilla/5.0 (iPad; CPU OS 12_1_1 like Mac OS X) AppleWebKit/605.1.15 (KHTML, like Gecko) Version/12.0 Mobile/15E148 Safari/604.1','ru','2018-12-15 15:35:02','2018-12-15 15:35:09'),(390,0,'INV-2013-00',0,'Аксимед','http://pelovit.com/',118,1,'Павел','Гороховский','nolan5@ya.ru','0941320070','','','Павел','Гороховский','','ул. Успенская, д. 49, кв. 26','','Одесса','','Украина',220,'Одесская область',3495,'','[]','Оплата при доставке','cod','','','','','','','','',0,'',0,'','[]','','','',420.0000,1,0,0.0000,0,'',1,3,'UAH',1.00000000,'46.17.243.223','46.17.243.223','Mozilla/5.0 (Macintosh; Intel Mac OS X 10_13_6) AppleWebKit/537.36 (KHTML, like Gecko) Chrome/71.0.3578.98 Safari/537.36','ru,en;q=0.9,en-US;q=0.8,ru-RU;q=0.7','2018-12-23 14:37:18','2018-12-23 14:37:20'),(391,0,'INV-2013-00',0,'Аксимед','http://pelovit.com/',121,1,'Ульяна','Калиниченко','ulyakalinichenko1990@gmail.com','0965476017','','','Ульяна','Калиниченко','','ул. Лисового 42','','Кривий Ріг','','Украина',220,'Днепропетровская область',3484,'','[]','Оплата при доставке','cod','','','','','','','','',0,'',0,'','[]','','','',620.0000,1,0,0.0000,0,'',1,3,'UAH',1.00000000,'176.100.162.164','176.100.162.164','Mozilla/5.0 (Windows NT 10.0; Win64; x64) AppleWebKit/537.36 (KHTML, like Gecko) Chrome/71.0.3578.98 Safari/537.36','ru-RU,ru;q=0.9,en-US;q=0.8,en;q=0.7','2019-01-14 20:52:06','2019-01-14 20:57:47'),(392,0,'INV-2013-00',0,'Аксимед','http://pelovit.com/',124,1,'ВИТАЛИЯ','Яценко','ya.vitochka.kvitochka@gmail.com','0503832267','','','ВИТАЛИЯ','Яценко','','Шевченка 268,17','','Черкассы','','Украина',220,'Черкасская область',3480,'','[]','Оплата на карту Приватбанка','bank_transfer','','','','','','','','',0,'',0,'','[]','','','',155.0000,0,0,0.0000,0,'',1,3,'UAH',1.00000000,'109.227.85.64','109.227.85.64','Mozilla/5.0 (Linux; Android 8.0.0; SM-G950F) AppleWebKit/537.36 (KHTML, like Gecko) Chrome/71.0.3578.99 Mobile Safari/537.36','ru-RU,ru;q=0.9,en-US;q=0.8,en;q=0.7,uk;q=0.6','2019-02-05 17:22:08','2019-02-05 17:22:08'),(393,0,'INV-2013-00',0,'Аксимед','http://pelovit.com/',124,1,'ВИТАЛИЯ','Яценко','ya.vitochka.kvitochka@gmail.com','0503832267','','','ВИТАЛИЯ','Яценко','','Шевченка 268,17','','Черкассы','','Украина',220,'Черкасская область',3480,'','[]','Оплата на карту Приватбанка','bank_transfer','','','','','','','','',0,'',0,'','[]','','','',155.0000,7,0,0.0000,0,'',1,3,'UAH',1.00000000,'109.227.85.64','109.227.85.64','Mozilla/5.0 (Linux; Android 8.0.0; SM-G950F) AppleWebKit/537.36 (KHTML, like Gecko) Chrome/71.0.3578.99 Mobile Safari/537.36','ru-RU,ru;q=0.9,en-US;q=0.8,en;q=0.7,uk;q=0.6','2019-02-05 17:23:10','2019-02-05 17:23:12'),(394,0,'INV-2013-00',0,'Аксимед','http://pelovit.com/',125,1,'Антон','Кузнецов','anton.kuznetsov.mail@gmail.com','0734044717','','','Антон','Кузнецов','','новая почта № 86','','Одесса','','Украина',220,'Одесская область',3495,'','[]','Оплата при доставке','cod','','','','','','','','',0,'',0,'','[]','','','',555.0000,1,0,0.0000,0,'',1,3,'UAH',1.00000000,'85.238.101.69','85.238.101.69','Mozilla/5.0 (Macintosh; Intel Mac OS X 10_14_3) AppleWebKit/605.1.15 (KHTML, like Gecko) Version/12.0.3 Safari/605.1.15','ru','2019-02-11 18:46:27','2019-02-11 18:46:32'),(395,0,'INV-2013-00',0,'Аксимед','http://pelovit.com/',126,1,'Зореслава','Ковальчук','Zoreslava09@gmail.com','380635295727','','','Зореслава','Ковальчук','','288','','Київ','','Украина',220,'Киев',3490,'','[]','Оплата на карту Приватбанка','bank_transfer','','','','','','','','',0,'',0,'','[]','','','',195.0000,7,0,0.0000,0,'',1,3,'UAH',1.00000000,'62.80.171.118','62.80.171.118','Mozilla/5.0 (Windows NT 10.0; Win64; x64) AppleWebKit/537.36 (KHTML, like Gecko) Chrome/72.0.3626.96 Safari/537.36','ru-RU,ru;q=0.9,en-US;q=0.8,en;q=0.7','2019-02-12 11:07:10','2019-02-12 11:07:13'),(396,0,'INV-2013-00',0,'Аксимед','http://pelovit.com/',58,1,'людмила','карнаух','milka20281@gmail.com','0677608405','','','людмила','карнаух','','№10','','каменское ','','Украина',220,'Днепропетровская область',3484,'','[]','Оплата на карту Приватбанка','bank_transfer','','','','','','','','',0,'',0,'','[]','','','',195.0000,7,0,0.0000,0,'',1,3,'UAH',1.00000000,'46.98.124.120','46.98.124.120','Mozilla/5.0 (Windows NT 6.3; Win64; x64) AppleWebKit/537.36 (KHTML, like Gecko) Chrome/70.0.3538.102 Safari/537.36 OPR/57.0.3098.116','ru-RU,ru;q=0.9,en-US;q=0.8,en;q=0.7','2019-02-12 16:11:38','2019-02-12 16:11:52'),(397,0,'INV-2013-00',0,'Аксимед','http://pelovit.com/',4,1,'Даниил Анатольевич','Бааджи','mrleeps@gmail.com','0953380585','','','Давид','Бааджи','','№ 2','','Доброполье','','Украина',220,'Донецкая область',3485,'','[]','Оплата на карту Приватбанка','bank_transfer','','','','','','','','',0,'',0,'','[]','','','Если можно положите в подарок остео гель 1 шт , если нет то тогда 2 шт скраба )))',1200.0000,7,0,0.0000,0,'',1,3,'UAH',1.00000000,'151.0.11.137','151.0.11.137','Mozilla/5.0 (iPad; CPU OS 12_1_4 like Mac OS X) AppleWebKit/605.1.15 (KHTML, like Gecko) Version/12.0 Mobile/15E148 Safari/604.1','ru','2019-02-13 21:03:45','2019-02-13 21:03:54'),(398,0,'INV-2013-00',0,'Аксимед','http://pelovit.com/',127,1,'Андрей','Кулеша','ernestochuguevara@gmail.com','+380673620727','','','Андрей','Кулеша','','ул. Е. Коновальца, 18, кв. 50','','Ровно','','Украина',220,'Ровенская область',3497,'','[]','Оплата на карту Приватбанка','bank_transfer','','','','','','','','',0,'',0,'','[]','','','',405.0000,7,0,0.0000,0,'',1,3,'UAH',1.00000000,'188.163.26.51','188.163.26.51','Mozilla/5.0 (Windows NT 10.0; Win64; x64; rv:65.0) Gecko/20100101 Firefox/65.0','ru-RU,ru;q=0.8,en-US;q=0.5,en;q=0.3','2019-02-15 11:04:19','2019-02-15 11:04:27'),(399,0,'INV-2013-00',0,'Аксимед','http://pelovit.com/',93,1,'Алёна ','Курганская ','betteranela@gmail.com','0662827007 ','','','Алёна ','Курганская ','','Второе отделение ','','Борисполь ','','Украина',220,'Киевская область',3491,'','[]','Оплата на карту Приватбанка','bank_transfer','','','','','','','','',0,'',0,'','[]','','','Здравствуйте! Доставка у Вас будет в понедельник, в воскресенье оплачу.. За три единицы подарок, а можно скраб.. Спасибо большое!)) ',783.0000,7,0,0.0000,0,'',1,3,'UAH',1.00000000,'195.3.130.23','195.3.130.23','Mozilla/5.0 (Linux; Android 8.0.0; G3412) AppleWebKit/537.36 (KHTML, like Gecko) Chrome/72.0.3626.105 Mobile Safari/537.36','ru-RU,ru;q=0.9,en-US;q=0.8,en;q=0.7','2019-02-21 20:56:59','2019-02-21 20:57:08'),(400,0,'INV-2013-00',0,'Аксимед','http://pelovit.com/',58,1,'людмила','карнаух','milka20281@gmail.com','0677608405','','','людмила','карнаух','','№10','','каменское ','','Украина',220,'Днепропетровская область',3484,'','[]','Оплата на карту Приватбанка','bank_transfer','','','','','','','','',0,'',0,'','[]','','','',195.0000,7,0,0.0000,0,'',1,3,'UAH',1.00000000,'46.98.124.181','46.98.124.181','Mozilla/5.0 (Windows NT 6.3; Win64; x64) AppleWebKit/537.36 (KHTML, like Gecko) Chrome/71.0.3578.98 Safari/537.36 OPR/58.0.3135.68','ru-RU,ru;q=0.9,en-US;q=0.8,en;q=0.7','2019-02-25 19:17:19','2019-02-25 19:17:22'),(401,0,'INV-2013-00',0,'Аксимед','http://pelovit.com/',130,1,'Ирина','Прокопчук','irina.jer79@gmail.com','+380672872339','','','Ирина','Прокопчук','','Планетная 8','','Одесса','','Украина',220,'Одесская область',3495,'','[]','Оплата при доставке','cod','','','','','','','','',0,'',0,'','[]','','','',465.0000,1,0,0.0000,0,'',1,3,'UAH',1.00000000,'195.78.246.248','195.78.246.248','Mozilla/5.0 (Windows NT 10.0; Win64; x64) AppleWebKit/537.36 (KHTML, like Gecko) Chrome/72.0.3626.119 Safari/537.36','ru-RU,ru;q=0.9,en-US;q=0.8,en;q=0.7','2019-02-27 17:31:00','2019-02-27 17:31:41'),(402,0,'INV-2013-00',0,'Аксимед','http://pelovit.com/',132,1,'Инна','Белая','innaakkord@gmail.com','+380689703492','','','Инна','Белая','','119','','Одесса','','Украина',220,'Одесская область',3495,'','[]','Оплата при доставке','cod','','','','','','','','',0,'',0,'','[]','','','',765.0000,1,0,0.0000,0,'',1,3,'UAH',1.00000000,'78.26.130.188','78.26.130.188','Mozilla/5.0 (Windows NT 10.0; Win64; x64) AppleWebKit/537.36 (KHTML, like Gecko) Chrome/72.0.3626.119 Safari/537.36','ru-UA,ru;q=0.9,uk-UA;q=0.8,uk;q=0.7,en-CA;q=0.6,en;q=0.5,ru-RU;q=0.4,en-US;q=0.3','2019-03-02 19:04:00','2019-03-02 19:04:07'),(403,0,'INV-2013-00',0,'Аксимед','http://pelovit.com/',97,1,'Намик','Нариманов','zvitnam80@ukr.net','+380671957665','','','Намик','Нариманов','','1 Мая 113/8','','Гайсин','','Украина',220,'Винницкая область',3501,'','[]','Оплата при доставке','cod','','','','','','','','',0,'',0,'','[]','','','',155.0000,1,0,0.0000,0,'',1,3,'UAH',1.00000000,'91.124.4.163','91.124.4.163','Mozilla/5.0 (Windows NT 10.0) AppleWebKit/537.36 (KHTML, like Gecko) Chrome/71.0.3578.98 Safari/537.36 OPR/58.0.3135.79','ru-RU,ru;q=0.9,en-US;q=0.8,en;q=0.7','2019-03-04 12:12:22','2019-03-04 12:12:24'),(404,0,'INV-2013-00',0,'Аксимед','http://pelovit.com/',133,1,'Лиза','Блакитная','elizaveta.blakitnaya@gmail.com','380992884275','','','Лиза','Блакитная','','Ул.М.Грушевского 16 кв.42','','Знаменка','','Украина',220,'Кировоградская область',3489,'','[]','Оплата при доставке','cod','','','','','','','','',0,'',0,'','[]','','','',198.0000,0,0,0.0000,0,'',1,3,'UAH',1.00000000,'178.133.106.204','178.133.106.204','Mozilla/5.0 (Linux; Android 6.0.1; SM-J500H Build/MMB29M) AppleWebKit/537.36 (KHTML, like Gecko) Chrome/55.0.2883.91 Mobile Safari/537.36','ru-RU,ru;q=0.8,en-US;q=0.6,en;q=0.4,uk;q=0.2,pl;q=0.2','2019-03-04 19:50:38','2019-03-04 19:50:38'),(405,0,'INV-2013-00',0,'Аксимед','http://pelovit.com/',133,1,'Лиза','Блакитная','elizaveta.blakitnaya@gmail.com','380992884275','','','Лиза','Блакитная','','Ул.М.Грушевского 16 кв.42','','Знаменка','','Украина',220,'Кировоградская область',3489,'','[]','Оплата при доставке','cod','','','','','','','','',0,'',0,'','[]','','','',198.0000,1,0,0.0000,0,'',1,3,'UAH',1.00000000,'178.133.106.204','178.133.106.204','Mozilla/5.0 (Linux; Android 6.0.1; SM-J500H Build/MMB29M) AppleWebKit/537.36 (KHTML, like Gecko) Chrome/55.0.2883.91 Mobile Safari/537.36','ru-RU,ru;q=0.8,en-US;q=0.6,en;q=0.4,uk;q=0.2,pl;q=0.2','2019-03-04 19:51:13','2019-03-04 19:51:19'),(406,0,'INV-2013-00',0,'Аксимед','http://pelovit.com/',127,1,'Андрей','Кулеша','ernestochuguevara@gmail.com','+380673620727','','','Андрей','Кулеша','','ул. Е. Коновальца, 18, кв. 50','','Ровно','','Украина',220,'Ровенская область',3497,'','[]','Оплата при доставке','cod','','','','','','','','',0,'',0,'','[]','','','',450.0000,1,0,0.0000,0,'',1,3,'UAH',1.00000000,'188.163.26.51','188.163.26.51','Mozilla/5.0 (Windows NT 10.0; Win64; x64; rv:65.0) Gecko/20100101 Firefox/65.0','ru-RU,ru;q=0.8,en-US;q=0.5,en;q=0.3','2019-03-15 12:47:01','2019-03-15 12:47:53'),(407,0,'INV-2013-00',0,'Аксимед','http://pelovit.com/',105,1,'Алла','Грицюк','allagricyuk@ukr.net','0951808305','','','Алла','Грицюк','','1 ,Соборная 194 а','','Подольск','','Украина',220,'Одесская область',3495,'','[]','Оплата на карту Приватбанка','bank_transfer','','','','','','','','',0,'',0,'','[]','','','',265.0000,7,0,0.0000,0,'',1,3,'UAH',1.00000000,'46.133.16.131','46.133.16.131','Mozilla/5.0 (Linux; Android 8.1.0; Redmi 5 Plus) AppleWebKit/537.36 (KHTML, like Gecko) Chrome/72.0.3626.121 Mobile Safari/537.36','ru-RU,ru;q=0.9,en-US;q=0.8,en;q=0.7','2019-03-18 11:55:37','2019-03-18 11:55:51'),(408,0,'INV-2013-00',0,'Аксимед','http://pelovit.com/',134,1,'Marina','Bolz','marinabolts35@gmail.com','0677113240','','','Marina','Bolz','','budarina9','','kiev','','Украина',220,'Киев',3490,'','[]','Оплата на карту Приватбанка','bank_transfer','','','','','','','','',0,'',0,'','[]','','','',605.0000,7,0,0.0000,0,'',1,3,'UAH',1.00000000,'185.11.28.5','185.11.28.5','Mozilla/5.0 (Windows NT 5.1) AppleWebKit/537.36 (KHTML, like Gecko) Chrome/49.0.2623.112 Safari/537.36','ru-RU,ru;q=0.8,en-US;q=0.6,en;q=0.4','2019-03-22 21:34:39','2019-03-22 21:34:48'),(409,0,'INV-2013-00',0,'Аксимед','http://pelovit.com/',135,1,'Diana','Зейкан','zeikandiana1@gmail.com','+380985896581','','','Diana','Зейкан','','Вул. Центральна 1','','Білки','','Украина',220,'Закарпатская область',3503,'','[]','Оплата при доставке','cod','','','','','','','','',0,'',0,'','[]','','','',450.0000,1,0,0.0000,0,'',1,3,'UAH',1.00000000,'31.41.94.148','31.41.94.148','Mozilla/5.0 (Linux; Android 8.0.0; SM-A605FN) AppleWebKit/537.36 (KHTML, like Gecko) Chrome/73.0.3683.75 Mobile Safari/537.36','uk-UA,uk;q=0.9,ru-RU;q=0.8,ru;q=0.7,en-US;q=0.6,en;q=0.5','2019-03-23 21:18:06','2019-03-23 21:18:09'),(410,0,'INV-2013-00',0,'Аксимед','http://pelovit.com/',136,1,'Денис','Писецкий','dnsukrned@gmail.com','0953503859','','','Денис','Писецкий','','Шевченко 63','','Никополь','','Украина',220,'Днепропетровская область',3484,'','[]','Оплата на карту Приватбанка','bank_transfer','','','','','','','','',0,'',0,'','[]','','','Новая Почта, отделение 2',398.0000,7,0,0.0000,0,'',1,3,'UAH',1.00000000,'213.111.223.173','213.111.223.173','Mozilla/5.0 (Linux; Android 6.0; Lenovo TAB 2 A10-70L) AppleWebKit/537.36 (KHTML, like Gecko) Chrome/71.0.3578.99 Safari/537.36','ru-RU,ru;q=0.9,en-US;q=0.8,en;q=0.7,uk;q=0.6','2019-03-24 10:12:40','2019-03-24 10:12:53'),(411,0,'INV-2013-00',0,'Аксимед','http://pelovit.com/',139,1,'Марина','Уварова','emmrvt@ukr.net','0996140609','','','Марина','Уварова','','Святошинская,1','','Киев','','Украина',220,'Киевская область',3491,'','[]','Оплата на карту Приватбанка','bank_transfer','','','','','','','','',0,'',0,'','[]','','','Если будет подарок -выбираю скраб :)',1131.0000,7,0,0.0000,0,'',1,3,'UAH',1.00000000,'66.102.9.20','213.111.90.131, 66.102.9.20','Mozilla/5.0 (Linux; Android 7.1.1; Lenovo YT-X703F) AppleWebKit/537.36 (KHTML, like Gecko) Chrome/72.0.3626.121 Safari/537.36','ru-RU,ru;q=0.9,en-US;q=0.8,en;q=0.7,uk;q=0.6','2019-03-31 22:20:02','2019-03-31 22:20:10'),(412,0,'INV-2013-00',0,'Аксимед','http://pelovit.com/',140,1,'Екатерина','Сыч-Поденная','katerina11189.89@gmail.com','0939113476','','','Екатерина','Сыч-Поденная','','Иванова 20 кв.239','','Южный','','Украина',220,'Одесская область',3495,'','[]','Оплата на карту Приватбанка','bank_transfer','','','','','','','','',0,'',0,'','[]','','','Перезвонить',715.0000,7,0,0.0000,0,'',1,3,'UAH',1.00000000,'193.178.51.129','193.178.51.129','Mozilla/5.0 (iPhone; CPU iPhone OS 12_2 like Mac OS X) AppleWebKit/605.1.15 (KHTML, like Gecko) Version/12.1 Mobile/15E148 Safari/604.1','ru','2019-04-04 15:55:26','2019-04-04 15:55:56'),(413,0,'INV-2013-00',0,'Аксимед','http://pelovit.com/',93,1,'Алёна ','Курганская ','betteranela@gmail.com','0662827007 ','','','Алёна ','Курганская ','','Второе отделение ','','Борисполь ','','Украина',220,'Киевская область',3491,'','[]','Оплата на карту Приватбанка','bank_transfer','','','','','','','','',0,'',0,'','[]','','','Здравствуйте!при заказе трёх единиц подарок на выбор, можно пожалуйста скраб. Спасибо!) ',578.0000,7,0,0.0000,0,'',1,3,'UAH',1.00000000,'195.3.130.23','195.3.130.23','Mozilla/5.0 (Linux; Android 8.0.0; G3412) AppleWebKit/537.36 (KHTML, like Gecko) Chrome/73.0.3683.90 Mobile Safari/537.36','ru-RU,ru;q=0.9,en-US;q=0.8,en;q=0.7','2019-04-05 09:09:46','2019-04-05 09:09:56'),(414,0,'INV-2013-00',0,'Аксимед','http://pelovit.com/',139,1,'Марина','Уварова','emmrvt@ukr.net','0996140609','','','Марина','Уварова','','Святошинская,1','','Киев','','Украина',220,'Киевская область',3491,'','[]','Оплата на карту Приватбанка','bank_transfer','','','','','','','','',0,'',0,'','[]','','','Доставка в Киев,отд.206',1100.0000,7,0,0.0000,0,'',1,3,'UAH',1.00000000,'66.102.9.24','213.111.90.131, 66.102.9.24','Mozilla/5.0 (Linux; Android 7.1.1; Lenovo YT-X703F) AppleWebKit/537.36 (KHTML, like Gecko) Chrome/73.0.3683.90 Safari/537.36','ru-RU,ru;q=0.9,en-US;q=0.8,en;q=0.7,uk;q=0.6','2019-04-06 22:28:41','2019-04-06 22:29:10'),(415,0,'INV-2013-00',0,'Аксимед','http://pelovit.com/',141,1,'Юлия','Жушман','zhushman.julia@gmail.com','0970780613','','','Юлия','Жушман','','Тесленка 23','','Кривой Рог','','Украина',220,'Днепропетровская область',3484,'','[]','Оплата на карту Приватбанка','bank_transfer','','','','','','','','',0,'',0,'','[]','','','',155.0000,7,0,0.0000,0,'',1,3,'UAH',1.00000000,'188.163.41.173','188.163.41.173','Mozilla/5.0 (Windows NT 10.0; Win64; x64) AppleWebKit/537.36 (KHTML, like Gecko) Chrome/73.0.3683.86 Safari/537.36','ru-RU,ru;q=0.9,en-US;q=0.8,en;q=0.7','2019-04-07 22:59:52','2019-04-07 22:59:58'),(416,0,'INV-2013-00',0,'Аксимед','http://pelovit.com/',58,1,'людмила','карнаух','milka20281@gmail.com','0677608405','','','людмила','карнаух','','№10','','каменское ','','Украина',220,'Днепропетровская область',3484,'','[]','Оплата на карту Приватбанка','bank_transfer','','','','','','','','',0,'',0,'','[]','','','',350.0000,7,0,0.0000,0,'',1,3,'UAH',1.00000000,'46.98.124.19','46.98.124.19','Mozilla/5.0 (Windows NT 6.3; Win64; x64) AppleWebKit/537.36 (KHTML, like Gecko) Chrome/71.0.3578.98 Safari/537.36 OPR/58.0.3135.127','ru-RU,ru;q=0.9,en-US;q=0.8,en;q=0.7','2019-04-10 15:08:07','2019-04-10 15:08:13'),(417,0,'INV-2013-00',0,'Аксимед','http://pelovit.com/',144,1,'Александра','Мирошник','andra.a232@gmail.com','0965373878','','','Александра','Мирошник','','ул. Республиканская, д. 62','','Запорожье','','Украина',220,'Запорожская область',3504,'','[]','Оплата на карту Приватбанка','bank_transfer','','','','','','','','',0,'',0,'','[]','','','',310.0000,7,0,0.0000,0,'',1,3,'UAH',1.00000000,'46.211.91.65','46.211.91.65','Mozilla/5.0 (Windows NT 10.0; Win64; x64) AppleWebKit/537.36 (KHTML, like Gecko) Chrome/73.0.3683.86 Safari/537.36','ru,en-US;q=0.9,en;q=0.8,uk;q=0.7','2019-04-12 09:15:00','2019-04-12 09:15:03'),(418,0,'INV-2013-00',0,'Аксимед','http://pelovit.com/',4,1,'Даниил Анатольевич','Бааджи','mrleeps@gmail.com','0953380585','','','Даниил','Бааджи','','№ 2','','Доброполье','','Украина',220,'Донецкая область',3485,'','[]','Оплата на карту Приватбанка','bank_transfer','','','','','','','','',0,'',0,'','[]','','','',3150.0000,7,0,0.0000,0,'',1,3,'UAH',1.00000000,'151.0.22.184','151.0.22.184','Mozilla/5.0 (iPad; CPU OS 12_2 like Mac OS X) AppleWebKit/605.1.15 (KHTML, like Gecko) Version/12.1 Mobile/15E148 Safari/604.1','ru','2019-04-13 11:01:18','2019-04-13 11:01:29'),(419,0,'INV-2013-00',0,'Аксимед','http://pelovit.com/',93,1,'Алёна ','Курганская ','betteranela@gmail.com','0662827007 ','','','Алёна ','Курганская ','','Второе отделение ','','Борисполь ','','Украина',220,'Киевская область',3491,'','[]','Оплата на карту Приватбанка','bank_transfer','','','','','','','','',0,'',0,'','[]','','','',380.0000,7,0,0.0000,0,'',1,3,'UAH',1.00000000,'46.211.55.31','46.211.55.31','Mozilla/5.0 (Linux; Android 8.0.0; G3412) AppleWebKit/537.36 (KHTML, like Gecko) Chrome/73.0.3683.90 Mobile Safari/537.36','ru-RU,ru;q=0.9,en-US;q=0.8,en;q=0.7','2019-04-16 21:27:04','2019-04-16 21:27:13'),(420,0,'INV-2013-00',0,'Аксимед','http://pelovit.com/',146,1,'Анна ','Суханова ','jeanvi.makeup@gmail.com','0939584144','','','Анна ','Суханова ','','Отделение Новой почты 2, улица Мореходная ','','Николаев ','','Украина',220,'Николаевская область',3494,'','[]','Оплата при доставке','cod','','','','','','','','',0,'',0,'','[]','','','',605.0000,0,0,0.0000,0,'',1,3,'UAH',1.00000000,'46.33.239.117','46.33.239.117','Mozilla/5.0 (Linux; Android 8.1.0; SM-J710F) AppleWebKit/537.36 (KHTML, like Gecko) Chrome/71.0.3578.99 Mobile Safari/537.36','uk-UA,uk;q=0.9,ru;q=0.8,en-US;q=0.7,en;q=0.6','2019-04-18 15:46:42','2019-04-18 15:46:42'),(421,0,'INV-2013-00',0,'Аксимед','http://pelovit.com/',146,1,'Анна ','Суханова ','jeanvi.makeup@gmail.com','0939584144','','','Анна ','Суханова ','','Отделение Новой почты 2, улица Мореходная ','','Николаев ','','Украина',220,'Николаевская область',3494,'','[]','Оплата при доставке','cod','','','','','','','','',0,'',0,'','[]','','','Еще нужен Пеловит Гастро,  но не нашла его. Если есть, положите его тоже. ',605.0000,1,0,0.0000,0,'',1,3,'UAH',1.00000000,'46.33.239.117','46.33.239.117','Mozilla/5.0 (Linux; Android 8.1.0; SM-J710F) AppleWebKit/537.36 (KHTML, like Gecko) Chrome/71.0.3578.99 Mobile Safari/537.36','uk-UA,uk;q=0.9,ru;q=0.8,en-US;q=0.7,en;q=0.6','2019-04-18 15:47:24','2019-04-18 15:47:27'),(422,0,'INV-2013-00',0,'Аксимед','http://pelovit.com/',147,1,'Людмила','Лужанская','niilit83@ukr.net','0954742389','','','Людмила','Лужанская','','Бочарова','','Одесса','','Украина',220,'Одесская область',3495,'','[]','Оплата при доставке','cod','','','','','','','','',0,'',0,'','[]','','','',185.0000,0,0,0.0000,0,'',1,3,'UAH',1.00000000,'66.102.9.24','213.231.28.53, 66.102.9.24','Mozilla/5.0 (Linux; Android 6.0.1; Redmi 3S) AppleWebKit/537.36 (KHTML, like Gecko) Chrome/73.0.3683.90 Mobile Safari/537.36','ru-RU,ru;q=0.9,en-US;q=0.8,en;q=0.7,uk;q=0.6','2019-04-19 23:21:24','2019-04-19 23:21:24'),(423,0,'INV-2013-00',0,'Аксимед','http://pelovit.com/',127,1,'Андрей','Кулеша','ernestochuguevara@gmail.com','+380673620727','','','Андрей','Кулеша','','№ 9','','Ровно','','Украина',220,'Ровенская область',3497,'','[]','Оплата на карту Приватбанка','bank_transfer','','','','','','','','',0,'',0,'','[]','','','Прошу сообщить номер карты Приватбанка на почту или в WhatsApp (Viber, Telegram) по номеру 0638860259.\n\nОтправить в г. Ровно Новой почтой, отделение № 9\n\nС ув. Кулеша А.',225.0000,7,0,0.0000,0,'',1,3,'UAH',1.00000000,'188.163.26.51','188.163.26.51','Mozilla/5.0 (Windows NT 10.0; Win64; x64; rv:66.0) Gecko/20100101 Firefox/66.0','ru-RU,ru;q=0.8,en-US;q=0.5,en;q=0.3','2019-04-23 10:13:08','2019-04-23 10:13:13'),(424,0,'INV-2013-00',0,'Аксимед','http://pelovit.com/',149,1,'Оксана','Андреева','illada10@ukr.net','0630477171','','','Оксана','Андреева','','ул Парусная 13 кв 25','','Черноморск','','Украина',220,'Одесская область',3495,'','[]','Оплата на карту Приватбанка','bank_transfer','','','','','','','','',0,'',0,'','[]','','','',287.0000,7,0,0.0000,0,'',1,3,'UAH',1.00000000,'178.93.40.20','178.93.40.20','Mozilla/5.0 (Windows NT 5.1; rv:52.0) Gecko/20100101 Firefox/52.0','ru-RU,ru;q=0.8,en-US;q=0.5,en;q=0.3','2019-04-24 16:25:26','2019-04-24 16:25:33'),(425,0,'INV-2013-00',0,'Аксимед','http://pelovit.com/',93,1,'Алёна ','Курганская ','betteranela@gmail.com','0662827007 ','','','Алёна ','Курганская ','','Второе отделение ','','Борисполь ','','Украина',220,'Киевская область',3491,'','[]','Оплата при доставке','cod','','','','','','','','',0,'',0,'','[]','','','',783.0000,1,0,0.0000,0,'',1,3,'UAH',1.00000000,'195.3.130.23','195.3.130.23','Mozilla/5.0 (Linux; Android 8.0.0; G3412) AppleWebKit/537.36 (KHTML, like Gecko) Chrome/73.0.3683.90 Mobile Safari/537.36','ru-RU,ru;q=0.9,en-US;q=0.8,en;q=0.7','2019-04-30 10:13:20','2019-04-30 10:13:29'),(426,0,'INV-2013-00',0,'Аксимед','http://pelovit.com/',150,1,'Леонид Валентинович','Максименко','lenmax@ukr.net','+380632612944','','','Леонид Валентинович','Максименко','','Княжеский переулок 38','','Одесса','','Украина',220,'Одесская область',3495,'','[]','Оплата на карту Приватбанка','bank_transfer','','','','','','','','',0,'',0,'','[]','','','',375.0000,7,0,0.0000,0,'',1,3,'UAH',1.00000000,'78.26.198.144','78.26.198.144','Mozilla/5.0 (Windows NT 10.0; Win64; x64) AppleWebKit/537.36 (KHTML, like Gecko) Chrome/73.0.3683.103 Safari/537.36','ru-RU,ru;q=0.9,en-US;q=0.8,en;q=0.7','2019-05-03 14:07:29','2019-05-03 14:07:57'),(427,0,'INV-2013-00',0,'Аксимед','http://pelovit.com/',152,1,'Геннадий','Давыдов','david.gena80@gmail.com','+380999841745','','','Геннадий','Давыдов','','ул.Донецкая д.13','','Волноваха','','Украина',220,'Донецкая область',3485,'','[]','Оплата на карту Приватбанка','bank_transfer','','','','','','','','',0,'',0,'','[]','','','',375.0000,7,0,0.0000,0,'',1,3,'UAH',1.00000000,'194.187.28.63','194.187.28.63','Mozilla/5.0 (Windows NT 10.0; WOW64) AppleWebKit/537.36 (KHTML, like Gecko) Chrome/71.0.3578.98 Safari/537.36 OPR/58.0.3135.132','ru-RU,ru;q=0.9,en-US;q=0.8,en;q=0.7','2019-05-05 17:32:34','2019-05-05 17:32:57'),(428,0,'INV-2013-00',0,'Аксимед','http://pelovit.com/',153,1,'Алина ','Минчева','alina-mincheva@ukr.net','0965247588','','','Алина ','Минчева','','0965247588','','Одесса','','Украина',220,'Одесская область',3495,'','[]','Оплата при доставке','cod','','','','','','','','',0,'',0,'','[]','','','',535.0000,1,0,0.0000,0,'',1,3,'UAH',1.00000000,'188.130.179.18','188.130.179.18','Mozilla/5.0 (Windows NT 10.0; Win64; x64) AppleWebKit/537.36 (KHTML, like Gecko) Chrome/73.0.3683.103 Safari/537.36','ru-RU,ru;q=0.9,en-US;q=0.8,en;q=0.7','2019-05-06 10:26:25','2019-05-06 10:26:39'),(429,0,'INV-2013-00',0,'Аксимед','http://pelovit.com/',154,1,'Алина ','Чопенко ','mirchaalina2@gmail.com','0991555627','','','Алина ','Чопенко ','','Харьковская область, город Красноград ','','Красноград ','','Украина',220,'Харьковская область',4224,'','[]','Оплата при доставке','cod','','','','','','','','',0,'',0,'','[]','','','',315.0000,1,0,0.0000,0,'',1,3,'UAH',1.00000000,'46.133.18.86','46.133.18.86','Mozilla/5.0 (Linux; Android 7.0; MI MAX) AppleWebKit/537.36 (KHTML, like Gecko) Chrome/73.0.3683.75 Mobile Safari/537.36','ru-RU,ru;q=0.9,en-US;q=0.8,en;q=0.7','2019-05-08 14:37:52','2019-05-08 14:38:04'),(430,0,'INV-2013-00',0,'Аксимед','http://pelovit.com/',155,1,'Антон','Качинський','antklik@ukr.net','067 288 61 93','','','Антон','Качинський','','пять','','Бердичів','','Украина',220,'Житомирская область',3505,'','[]','Оплата на карту Приватбанка','bank_transfer','','','','','','','','',0,'',0,'','[]','','','Отделение НП №5',655.0000,7,0,0.0000,0,'',1,3,'UAH',1.00000000,'93.171.248.19','93.171.248.19','Mozilla/5.0 (Windows NT 6.1; Win64; x64) AppleWebKit/537.36 (KHTML, like Gecko) Chrome/71.0.3578.98 Safari/537.36 OPR/58.0.3135.132','uk-UA,uk;q=0.9,ru;q=0.8,en-US;q=0.7,en;q=0.6','2019-05-08 16:39:58','2019-05-08 16:40:04'),(431,0,'INV-2013-00',0,'Аксимед','http://pelovit.com/',156,1,'Ирина','Пыхтина','irina80939557305@gmail.com','0939557305','','','Ирина','Пыхтина','','Чайковского 6/35','','Бахмут','','Украина',220,'Донецкая область',3485,'','[]','Оплата на карту Приватбанка','bank_transfer','','','','','','','','',0,'',0,'','[]','','','',150.0000,0,0,0.0000,0,'',1,3,'UAH',1.00000000,'198.16.70.53','198.16.70.53','Mozilla/5.0 (Windows NT 6.1) AppleWebKit/537.36 (KHTML, like Gecko) Chrome/73.0.3683.86 YaBrowser/19.4.0.2397 Yowser/2.5 Safari/537.36','uk,ru;q=0.9,en;q=0.8','2019-05-17 14:44:42','2019-05-17 14:44:42'),(432,0,'INV-2013-00',0,'Аксимед','http://pelovit.com/',156,1,'Ирина','Пыхтина','irina80939557305@gmail.com','0939557305','','','Ирина','Пыхтина','','Чайковского 6/35','','Бахмут','','Украина',220,'Донецкая область',3485,'','[]','Оплата на карту Приватбанка','bank_transfer','','','','','','','','',0,'',0,'','[]','','','',150.0000,7,0,0.0000,0,'',1,3,'UAH',1.00000000,'198.16.70.53','198.16.70.53','Mozilla/5.0 (Windows NT 6.1) AppleWebKit/537.36 (KHTML, like Gecko) Chrome/73.0.3683.86 YaBrowser/19.4.0.2397 Yowser/2.5 Safari/537.36','uk,ru;q=0.9,en;q=0.8','2019-05-17 14:44:43','2019-05-17 14:44:54'),(433,0,'INV-2013-00',0,'Аксимед','http://pelovit.com/',93,1,'Алёна ','Курганская ','betteranela@gmail.com','0662827007 ','','','Алёна ','Курганская ','','Второе отделение ','','Борисполь ','','Украина',220,'Киевская область',3491,'','[]','Оплата на карту Приватбанка','bank_transfer','','','','','','','','',0,'',0,'','[]','','','Здравствуйте!! Скраб лучше  из двух предложенных вариантов!))) ',1120.0000,0,0,0.0000,0,'',1,3,'UAH',1.00000000,'46.211.98.136','46.211.98.136','Mozilla/5.0 (Linux; Android 8.0.0; G3412) AppleWebKit/537.36 (KHTML, like Gecko) Chrome/74.0.3729.136 Mobile Safari/537.36','ru-RU,ru;q=0.9,en-US;q=0.8,en;q=0.7','2019-05-22 15:18:50','2019-05-22 15:18:50'),(434,0,'INV-2013-00',0,'Аксимед','http://pelovit.com/',93,1,'Алёна ','Курганская ','betteranela@gmail.com','0662827007 ','','','Алёна ','Курганская ','','Второе отделение ','','Борисполь ','','Украина',220,'Киевская область',3491,'','[]','Оплата на карту Приватбанка','bank_transfer','','','','','','','','',0,'',0,'','[]','','','Здравствуйте!! Скраб лучше  из двух предложенных вариантов!))) ',585.0000,7,0,0.0000,0,'',1,3,'UAH',1.00000000,'46.211.98.136','46.211.98.136','Mozilla/5.0 (Linux; Android 8.0.0; G3412) AppleWebKit/537.36 (KHTML, like Gecko) Chrome/74.0.3729.136 Mobile Safari/537.36','ru-RU,ru;q=0.9,en-US;q=0.8,en;q=0.7','2019-05-22 15:20:03','2019-05-22 15:20:30'),(435,0,'INV-2013-00',0,'Аксимед','http://pelovit.com/',77,1,'Наталия','Дихтяренко','d.n.s.3011@gmail.com','0963514889','','','Наталия','Дихтяренко','','Отделение 94','','Киев','','Украина',220,'Киев',3490,'','[]','Оплата на карту Приватбанка','bank_transfer','','','','','','','','',0,'',0,'','[]','','','',760.0000,7,0,0.0000,0,'',1,3,'UAH',1.00000000,'213.160.145.133','209.141.53.254, 213.160.145.133','Mozilla/5.0 (Windows NT 6.1; Win64; x64) AppleWebKit/537.36 (KHTML, like Gecko) Chrome/74.0.3729.169 Safari/537.36','ru-RU,ru;q=0.9,en-US;q=0.8,en;q=0.7','2019-05-27 10:35:49','2019-05-27 10:35:54'),(436,0,'INV-2013-00',0,'Аксимед','http://pelovit.com/',157,1,'Дмитро','Anashkin','dmytro.anashkin@gmail.com','+380663596702','','','Дмитро','Анашкін','','Отделение №19 Адрес: просп. Ушакова, 49 (ТЦ &quot;Цум&quot;)','','Херсон','','Украина',220,'Херсонская область',3487,'','[]','Оплата на карту Приватбанка','bank_transfer','','','','','','','','',0,'',0,'','[]','','','',910.0000,7,0,0.0000,0,'',1,3,'UAH',1.00000000,'188.163.65.54','188.163.65.54','Mozilla/5.0 (Windows NT 10.0; Win64; x64) AppleWebKit/537.36 (KHTML, like Gecko) Chrome/74.0.3729.169 Safari/537.36','ru-RU,ru;q=0.9,en-US;q=0.8,en;q=0.7','2019-06-01 18:39:09','2019-06-01 18:39:14'),(437,0,'INV-2013-00',0,'Аксимед','http://pelovit.com/',158,1,'Элеонора ','Приймак','elyapriimak@gmail.com','0965308379','','','Элеонора ','Приймак','','Армейская 21','','Одесса ','','Украина',220,'Одесская область',3495,'','[]','Оплата на карту Приватбанка','bank_transfer','','','','','','','','',0,'',0,'','[]','','','',605.0000,0,0,0.0000,0,'',1,3,'UAH',1.00000000,'78.26.151.75','78.26.151.75','Mozilla/5.0 (iPad; CPU OS 10_3_3 like Mac OS X) AppleWebKit/603.3.8 (KHTML, like Gecko) Version/10.0 Mobile/14G60 Safari/602.1','ru','2019-06-02 14:51:09','2019-06-02 14:51:09'),(438,0,'INV-2013-00',0,'Аксимед','http://pelovit.com/',15,1,'елена','сыроветник','olenin86@ukr.net','0937673270','','','Олена','Сироветник','','#10','','Киев','','Украина',220,'Киев',3490,'','[]','Оплата при доставке','cod','','','','','','','','',0,'',0,'','[]','','','',350.0000,1,0,0.0000,0,'',1,3,'UAH',1.00000000,'109.251.117.46','109.251.117.46','Mozilla/5.0 (Linux; Android 9; Mi A2) AppleWebKit/537.36 (KHTML, like Gecko) Chrome/74.0.3729.157 Mobile Safari/537.36','ru-UA,ru-RU;q=0.9,ru;q=0.8,en-US;q=0.7,en;q=0.6','2019-06-04 17:08:47','2019-06-04 17:08:51'),(439,0,'INV-2013-00',0,'Аксимед','http://pelovit.com/',27,1,'Галина','Прозоря','pgi2709@ukr.net','0508160809','','','Галина','Прозоря','','№ 22','','Черкассы','','Украина',220,'Черкасская область',3480,'','[]','Оплата на карту Приватбанка','bank_transfer','','','','','','','','',0,'',0,'','[]','','','',773.0000,7,0,0.0000,0,'',1,3,'UAH',1.00000000,'193.108.250.218','193.108.250.218','Mozilla/5.0 (Windows NT 10.0; Win64; x64; rv:67.0) Gecko/20100101 Firefox/67.0','ru-RU,ru;q=0.8,en-US;q=0.5,en;q=0.3','2019-06-06 08:04:51','2019-06-06 08:05:26'),(440,0,'INV-2013-00',0,'Аксимед','http://pelovit.com/',159,1,'Анна','Островская ','annasushimaster@gmail.com','+380676161215','','','Анна','Островская ','','Проспект Маяковского 1в','','Киев','','Украина',220,'Киев',3490,'','[]','Оплата при доставке','cod','','','','','','','','',0,'',0,'','[]','','','',618.0000,1,0,0.0000,0,'',1,3,'UAH',1.00000000,'212.90.63.134','212.90.63.134','Mozilla/5.0 (iPhone; CPU iPhone OS 12_2 like Mac OS X) AppleWebKit/605.1.15 (KHTML, like Gecko) Version/12.1 Mobile/15E148 Safari/604.1','ru','2019-06-09 17:05:00','2019-06-09 17:05:15'),(441,0,'INV-2013-00',0,'Аксимед','http://pelovit.com/',159,1,'Анна','Островская ','annasushimaster@gmail.com','+380676161215','','','Анна','Островская ','','Проспект Маяковского 1в','','Киев','','Украина',220,'Киев',3490,'','[]','Оплата на карту Приватбанка','bank_transfer','','','','','','','','',0,'',0,'','[]','','','Отделение новой почты Киев 295',1345.0000,7,0,0.0000,0,'',1,3,'UAH',1.00000000,'46.211.100.214','46.211.100.214','Mozilla/5.0 (iPhone; CPU iPhone OS 12_2 like Mac OS X) AppleWebKit/605.1.15 (KHTML, like Gecko) Version/12.1 Mobile/15E148 Safari/604.1','ru','2019-06-12 09:55:15','2019-06-12 09:55:20'),(442,0,'INV-2013-00',0,'Аксимед','http://pelovit.com/',160,1,' Елена','Петриченко','Elena.Petrichenko@i.ua','0663425831','','',' Елена','Петриченко','','светлицкого дом 21 квартира 50','','Киев','','Украина',220,'Киев',3490,'','[]','Оплата на карту Приватбанка','bank_transfer','','','','','','','','',0,'',0,'','[]','','','В подарок скраб за покупку трех единиц',1168.0000,7,0,0.0000,0,'',1,3,'UAH',1.00000000,'95.158.60.27','95.158.60.27','Mozilla/5.0 (Windows NT 6.3) AppleWebKit/537.36 (KHTML, like Gecko) Chrome/74.0.3729.169 Safari/537.36','ru-RU,ru;q=0.9,en-US;q=0.8,en;q=0.7','2019-06-14 15:25:45','2019-06-14 15:26:04'),(443,0,'INV-2013-00',0,'Аксимед','http://pelovit.com/',161,1,'Анна','Нестеренко ','lady-ann@ukr.net','0979441533','','','Анна','Нестеренко ','','Загородняя 15','','Киев','','Украина',220,'Киев',3490,'','[]','Оплата при доставке','cod','','','','','','','','',0,'',0,'','[]','','','',185.0000,1,0,0.0000,0,'',1,3,'UAH',1.00000000,'193.194.107.75','193.194.107.75','Mozilla/5.0 (iPhone; CPU iPhone OS 12_0_1 like Mac OS X) AppleWebKit/605.1.15 (KHTML, like Gecko) Version/12.0 Mobile/15E148 Safari/604.1','uk-ua','2019-06-18 23:13:44','2019-06-18 23:13:52'),(444,0,'INV-2013-00',0,'Аксимед','http://pelovit.com/',128,1,'Оксана','Ташпулатова','giginbottom@i.ua','+380503903975','','','Оксана','Ташпулатова','','Одесса 65072 площадь Б.Деревянко 3 кв.9','','Одесса','','Украина',220,'Одесская область',3495,'','[]','Оплата на карту Приватбанка','bank_transfer','','','','','','','','',0,'',0,'','[]','','','',565.0000,7,0,0.0000,0,'',1,3,'UAH',1.00000000,'78.26.151.242','78.26.151.242','Mozilla/5.0 (iPad; CPU OS 12_3_1 like Mac OS X) AppleWebKit/605.1.15 (KHTML, like Gecko) GSA/74.1.250942683 Mobile/16F203 Safari/604.1','ru','2019-06-19 11:07:09','2019-06-19 11:07:57'),(445,0,'INV-2013-00',0,'Аксимед','http://pelovit.com/',162,1,'Ирина','Молибога','irishecka69@gmail.com','+380660467852','','','Ирина','Молибога','','Молодогвардейская 22','','Киев','','Украина',220,'Киев',3490,'','[]','Оплата на карту Приватбанка','bank_transfer','','','','','','','','',0,'',0,'','[]','','','',195.0000,7,0,0.0000,0,'',1,3,'UAH',1.00000000,'82.196.9.195','82.196.9.195','Mozilla/5.0 (Linux; Android 7.1.1; MI MAX 2) AppleWebKit/537.36 (KHTML, like Gecko) Chrome/75.0.3770.101 Mobile Safari/537.36','ru-RU,ru;q=0.9,en-US;q=0.8,en;q=0.7','2019-06-23 12:43:20','2019-06-23 12:43:23'),(446,0,'INV-2013-00',0,'Аксимед','http://pelovit.com/',156,1,'Ирина','Пыхтина','irina80939557305@gmail.com','0992963130','','','Ирина','Пыхтина','','Чайковского 6/35','','Бахмут','','Украина',220,'Донецкая область',3485,'','[]','Оплата на карту Приватбанка','bank_transfer','','','','','','','','',0,'',0,'','[]','','','',618.0000,7,0,0.0000,0,'',1,3,'UAH',1.00000000,'77.111.244.56','77.111.244.56','Mozilla/5.0 (Windows NT 6.1; Win64; x64) AppleWebKit/537.36 (KHTML, like Gecko) Chrome/73.0.3683.103 Safari/537.36 OPR/60.0.3255.170','ru-RU,ru;q=0.9,en-US;q=0.8,en;q=0.7','2019-06-24 15:07:59','2019-06-24 15:10:12'),(447,0,'INV-2013-00',0,'Аксимед','http://pelovit.com/',163,1,'Ярослав ','Яненко ','Yaroslavvv70@ukr.net','80505938303','','','Ярослав ','Яненко ','','Макаренка','','Ковель ','','Украина',220,'Волынская область',3502,'','[]','Оплата при доставке','cod','','','','','','','','',0,'',0,'','[]','','','',390.0000,1,0,0.0000,0,'',1,3,'UAH',1.00000000,'95.47.249.121','95.47.249.121','Mozilla/5.0 (Linux; Android 7.0; Redmi Note 4) AppleWebKit/537.36 (KHTML, like Gecko) Chrome/75.0.3770.101 Mobile Safari/537.36','uk-UA,uk;q=0.9,ru;q=0.8,en-US;q=0.7,en;q=0.6','2019-06-24 20:00:15','2019-06-24 20:00:20'),(448,0,'INV-2013-00',0,'Аксимед','http://pelovit.com/',140,1,'Екатерина','Сыч-Поденная','katerina11189.89@gmail.com','0939113476','','','Екатерина','Сыч-Поденная','','Иванова 20 кв.239','','Южный','','Украина',220,'Одесская область',3495,'','[]','Оплата на карту Приватбанка','bank_transfer','','','','','','','','',0,'',0,'','[]','','','Доброе утро)перезвоните)',795.0000,7,0,0.0000,0,'',1,3,'UAH',1.00000000,'193.178.51.128','193.178.51.128','Mozilla/5.0 (iPhone; CPU iPhone OS 12_3_2 like Mac OS X) AppleWebKit/605.1.15 (KHTML, like Gecko) Version/12.1.1 Mobile/15E148 Safari/604.1','ru','2019-06-26 00:54:43','2019-06-26 00:54:49'),(449,0,'INV-2013-00',0,'Аксимед','http://pelovit.com/',157,1,'Дмитро','Anashkin','dmytro.anashkin@gmail.com','+380663596702','','','Дмитро','Анашкін','','Херсон. Отделение №7 (просп. 200 лет Херсона, 30)','','Херсон','','Украина',220,'Херсонская область',3487,'','[]','Оплата на карту Приватбанка','bank_transfer','','','','','','','','',0,'',0,'','[]','','','',740.0000,7,0,0.0000,0,'',1,3,'UAH',1.00000000,'188.163.65.54','188.163.65.54','Mozilla/5.0 (Windows NT 10.0; Win64; x64) AppleWebKit/537.36 (KHTML, like Gecko) Chrome/75.0.3770.100 Safari/537.36','ru-RU,ru;q=0.9,en-US;q=0.8,en;q=0.7','2019-07-01 15:56:25','2019-07-01 15:56:29'),(450,0,'INV-2013-00',0,'Аксимед','http://pelovit.com/',164,1,'Марина','Микитенко','nepromorg@gmail.com','097-599-09-12','','','Марина','Микитенко','','Позняки','','Киев','','Украина',220,'Киев',3490,'','[]','Оплата при доставке','cod','','','','','','','','',0,'',0,'','[]','','','',618.0000,1,0,0.0000,0,'',1,3,'UAH',1.00000000,'212.90.62.135','212.90.62.135','Mozilla/5.0 (Linux; Android 5.1; m3 note) AppleWebKit/537.36 (KHTML, like Gecko) Chrome/75.0.3770.101 Mobile Safari/537.36','uk-UA,uk;q=0.9,ru;q=0.8,en-US;q=0.7,en;q=0.6','2019-07-06 01:22:38','2019-07-06 01:22:44'),(451,0,'INV-2013-00',0,'Аксимед','http://pelovit.com/',142,1,'Ирина','Цитульская','ms.ira0312@gmail.com','0957938790','','','Ирина','Цитульская','','Софиевская Борщаговка','','Киев','','Украина',220,'Киевская область',3491,'','[]','Оплата на карту Приватбанка','bank_transfer','','','','','','','','',0,'',0,'','[]','','','',1560.0000,0,0,0.0000,0,'',1,3,'UAH',1.00000000,'31.134.121.64','31.134.121.64','Mozilla/5.0 (Linux; Android 5.1; XT1254) AppleWebKit/537.36 (KHTML, like Gecko) Chrome/75.0.3770.101 Mobile Safari/537.36','ru-RU,ru;q=0.9,en-US;q=0.8,en;q=0.7,uk;q=0.6','2019-07-11 21:29:43','2019-07-11 21:29:43'),(452,0,'INV-2013-00',0,'Аксимед','http://pelovit.com/',165,1,'Анна','Пасенченко ','Pasenchenko.anna@gmail.com','0968484071','','','Анна','Пасенченко ','','144','','Киев','','Украина',220,'Киев',3490,'','[]','Оплата на карту Приватбанка','bank_transfer','','','','','','','','',0,'',0,'','[]','','','',680.0000,7,0,0.0000,0,'',1,3,'UAH',1.00000000,'31.172.136.160','31.172.136.160','Mozilla/5.0 (Linux; Android 6.0.1; SM-A500H) AppleWebKit/537.36 (KHTML, like Gecko) Chrome/75.0.3770.101 Mobile Safari/537.36','ru-RU,ru;q=0.9,en-US;q=0.8,en;q=0.7','2019-07-12 21:00:20','2019-07-12 21:00:59'),(453,0,'INV-2013-00',0,'Аксимед','http://pelovit.com/',159,1,'Анна','Островская ','annasushimaster@gmail.com','+380676161215','','','Анна','Островская ','','Проспект Маяковского 1в','','Киев','','Украина',220,'Киев',3490,'','[]','Оплата на карту Приватбанка','bank_transfer','','','','','','','','',0,'',0,'','[]','','','',603.0000,7,0,0.0000,0,'',1,3,'UAH',1.00000000,'212.90.63.134','212.90.63.134','Mozilla/5.0 (iPhone; CPU iPhone OS 12_3 like Mac OS X) AppleWebKit/605.1.15 (KHTML, like Gecko) CriOS/75.0.3770.103 Mobile/15E148 Safari/605.1','ru','2019-07-13 09:01:13','2019-07-13 09:01:16'),(454,0,'INV-2013-00',0,'Аксимед','http://pelovit.com/',166,1,'Виктория','Осинцева','vikaosintseva@ukr.net','+38(063)9133533','','','Виктория','Осинцева','','улица Успенская 39, кв.31','','Одесса','','Украина',220,'Одесская область',3495,'','[]','Оплата при доставке','cod','','','','','','','','',0,'',0,'','[]','','','В заказе 6 единиц. Правильно я понимаю, что автоматически получу 2 подарка: Пеловит-Р стоматология, и скраб, а также спрей?\nСпасибо. ',1096.0000,1,0,0.0000,0,'',1,3,'UAH',1.00000000,'130.0.50.15','130.0.50.15','Mozilla/5.0 (Windows NT 10.0; Win64; x64; rv:68.0) Gecko/20100101 Firefox/68.0','ru-RU,ru;q=0.8,en-US;q=0.5,en;q=0.3','2019-07-13 10:06:24','2019-07-13 10:06:36'),(455,0,'INV-2013-00',0,'Аксимед','http://pelovit.com/',167,1,'Светлана','Гуринець','guric-sveta@ukr.net','0960840408','','','Светлана','Гуринець','','Дружби 5','','Бахмач','','Украина',220,'Черниговская область',3481,'','[]','Оплата на карту Приватбанка','bank_transfer','','','','','','','','',0,'',0,'','[]','','','',180.0000,7,0,0.0000,0,'',1,3,'UAH',1.00000000,'31.128.252.141','31.128.252.141','Mozilla/5.0 (Linux; Android 9; SAMSUNG SM-A750FN Build/PPR1.180610.011) AppleWebKit/537.36 (KHTML, like Gecko) SamsungBrowser/9.2 Chrome/67.0.3396.87 Mobile Safari/537.36','uk-UA,ru-RU;q=0.9,uk;q=0.8,ru;q=0.7,en-US;q=0.6,en;q=0.5','2019-07-14 18:08:21','2019-07-14 18:08:26'),(456,0,'INV-2013-00',0,'Аксимед','http://pelovit.com/',163,1,'Ярослав ','Яненко ','Yaroslavvv70@ukr.net','80505938303','','','Ярослав ','Яненко ','','Макаренка','','Ковель ','','Украина',220,'Волынская область',3502,'','[]','Оплата при доставке','cod','','','','','','','','',0,'',0,'','[]','','','',195.0000,0,0,0.0000,0,'',1,3,'UAH',1.00000000,'95.47.249.121','95.47.249.121','Mozilla/5.0 (Linux; Android 7.0; Redmi Note 4) AppleWebKit/537.36 (KHTML, like Gecko) Chrome/75.0.3770.101 Mobile Safari/537.36','uk-UA,uk;q=0.9,ru;q=0.8,en-US;q=0.7,en;q=0.6','2019-07-15 15:26:54','2019-07-15 15:26:54'),(457,0,'INV-2013-00',0,'Аксимед','http://pelovit.com/',163,1,'Ярослав ','Яненко ','Yaroslavvv70@ukr.net','80505938303','','','Ярослав ','Яненко ','','Макаренка','','Ковель ','','Украина',220,'Волынская область',3502,'','[]','Оплата при доставке','cod','','','','','','','','',0,'',0,'','[]','','','',585.0000,1,0,0.0000,0,'',1,3,'UAH',1.00000000,'95.47.249.121','95.47.249.121','Mozilla/5.0 (Linux; Android 7.0; Redmi Note 4) AppleWebKit/537.36 (KHTML, like Gecko) Chrome/75.0.3770.101 Mobile Safari/537.36','uk-UA,uk;q=0.9,ru;q=0.8,en-US;q=0.7,en;q=0.6','2019-07-15 15:28:48','2019-07-15 15:28:57'),(458,0,'INV-2013-00',0,'Аксимед','http://pelovit.com/',168,1,'Нина','Адианова','adianova1979@ukr.net','+380675573455','','','Нина','Адианова','','ул. Большая Арнаутская, 19. ','','Одесса','','Украина',220,'Одесская область',3495,'','[]','Оплата при доставке','cod','','','','','','','','',0,'',0,'','[]','','','',615.0000,1,0,0.0000,0,'',1,3,'UAH',1.00000000,'31.31.98.187','31.31.98.187','Mozilla/5.0 (Windows NT 6.3; Win64; x64; rv:68.0) Gecko/20100101 Firefox/68.0','ru-RU,ru;q=0.8,en-US;q=0.5,en;q=0.3','2019-07-18 11:51:47','2019-07-18 11:51:54'),(459,0,'INV-2013-00',0,'Аксимед','http://pelovit.com/',166,1,'Виктория','Осинцева','vikaosintseva@ukr.net','+38(063)9133533','','','Виктория','Осинцева','','улица Успенская 39, кв.31','','Одесса','','Украина',220,'Одесская область',3495,'','[]','Оплата на карту Приватбанка','bank_transfer','','','','','','','','',0,'',0,'','[]','','','',1005.0000,7,0,0.0000,0,'',1,3,'UAH',1.00000000,'212.178.28.94','212.178.28.94','Mozilla/5.0 (Windows NT 10.0; Win64; x64; rv:68.0) Gecko/20100101 Firefox/68.0','ru-RU,ru;q=0.8,en-US;q=0.5,en;q=0.3','2019-07-19 19:00:08','2019-07-19 19:00:12'),(460,0,'INV-2013-00',0,'Аксимед','http://pelovit.com/',93,1,'Алёна ','Курганская ','betteranela@gmail.com','0680150071','','','Алёна ','Курганская ','','Второе отделение ','','Борисполь ','','Украина',220,'Киевская область',3491,'','[]','Оплата на карту Приватбанка','bank_transfer','','','','','','','','',0,'',0,'','[]','','','',789.0000,0,0,0.0000,0,'',1,3,'UAH',1.00000000,'66.102.9.22','46.175.23.27, 66.102.9.22','Mozilla/5.0 (Linux; Android 8.0.0; G3412) AppleWebKit/537.36 (KHTML, like Gecko) Chrome/74.0.3729.157 Mobile Safari/537.36','ru-RU,ru;q=0.9,en-US;q=0.8,en;q=0.7','2019-07-19 23:15:54','2019-07-19 23:15:54'),(461,0,'INV-2013-00',0,'Аксимед','http://pelovit.com/',93,1,'Алёна ','Курганская ','betteranela@gmail.com','0680150071','','','Алёна ','Курганская ','','Второе отделение ','','Борисполь ','','Украина',220,'Киевская область',3491,'','[]','Оплата на карту Приватбанка','bank_transfer','','','','','','','','',0,'',0,'','[]','','','',594.0000,7,0,0.0000,0,'',1,3,'UAH',1.00000000,'66.102.9.22','46.175.23.27, 66.102.9.22','Mozilla/5.0 (Linux; Android 8.0.0; G3412) AppleWebKit/537.36 (KHTML, like Gecko) Chrome/74.0.3729.157 Mobile Safari/537.36','ru-RU,ru;q=0.9,en-US;q=0.8,en;q=0.7','2019-07-19 23:16:38','2019-07-19 23:16:42'),(462,0,'INV-2013-00',0,'Аксимед','http://pelovit.com/',171,1,'виктория','косьмина','wredf@ukr.net','0674185933','','','виктория','косьмина','','ул.ахсарова 3','','харьков','','Украина',220,'Харьковская область',4224,'','[]','Оплата при доставке','cod','','','','','','','','',0,'',0,'','[]','','','',475.0000,1,0,0.0000,0,'',1,3,'UAH',1.00000000,'37.57.86.146','37.57.86.146','Mozilla/5.0 (Windows NT 6.1; WOW64) AppleWebKit/537.36 (KHTML, like Gecko) Chrome/61.0.3163.69 Freeu/61.0.3163.69 MRCHROME SOC Safari/537.36','ru-RU,ru;q=0.8,en-US;q=0.6,en;q=0.4','2019-07-23 14:35:36','2019-07-23 14:36:20'),(463,0,'INV-2013-00',0,'Аксимед','http://pelovit.com/',172,1,'Anna','Zakharova','an.zakhr@gmail.com','0638740646','','','Anna','Zakharova','','---','','Киев','','Украина',220,'Киевская область',3491,'','[]','Оплата при доставке','cod','','','','','','','','',0,'',0,'','[]','','','',205.0000,1,0,0.0000,0,'',1,3,'UAH',1.00000000,'37.73.136.125','37.73.136.125','Mozilla/5.0 (Linux; Android 5.0.1; HUAWEI GRA-UL00) AppleWebKit/537.36 (KHTML, like Gecko) Chrome/75.0.3770.143 Mobile Safari/537.36','ru-UA,ru;q=0.9,ru-RU;q=0.8,en-US;q=0.7,en;q=0.6,uk;q=0.5,de;q=0.4','2019-07-27 11:42:07','2019-07-27 11:42:20'),(464,0,'INV-2013-00',0,'Аксимед','http://pelovit.com/',173,1,'Лилия','Недялкова','liliya.nld@ukr.net','0677086306','','','Лилия','Недялкова','','Вильямса','','Одессп','','Украина',220,'Одесская область',3495,'','[]','Оплата при доставке','cod','','','','','','','','',0,'',0,'','[]','','','Я бы хотела забрать заказ в санатории Белая Акация и расчитаться на месте. В подарок я выбираю скраб',493.0000,1,0,0.0000,0,'',1,3,'UAH',1.00000000,'195.138.82.230','195.138.82.230','Mozilla/5.0 (Linux; Android 4.1.1; M040 Build/JRO03H) AppleWebKit/535.19 (KHTML, like Gecko) Chrome/57.0.2987.108 Mobile Safari/537.36','ru-RU,en-US;q=0.8','2019-07-29 09:57:08','2019-07-29 09:57:16'),(465,0,'INV-2013-00',0,'Аксимед','http://pelovit.com/',174,1,'Сергей','Шумаков','silverhydro2@gmail.com','0965490016','','','Сергей','Шумаков','','Виноградная 17','','Вилково','','Украина',220,'Одесская область',3495,'','[]','Оплата на карту Приватбанка','bank_transfer','','','','','','','','',0,'',0,'','[]','','','',523.0000,7,0,0.0000,0,'',1,3,'UAH',1.00000000,'83.143.233.131','83.143.233.131','Mozilla/5.0 (Windows NT 5.1) AppleWebKit/537.36 (KHTML, like Gecko) Chrome/49.0.2623.112 Safari/537.36','ru-RU,ru;q=0.8,en-US;q=0.6,en;q=0.4','2019-07-30 10:06:22','2019-07-30 10:06:27'),(466,0,'INV-2013-00',0,'Аксимед','http://pelovit.com/',139,1,'Марина','Уварова','emmrvt@ukr.net','0996140609','','','Марина','Уварова','','Святошинская,1','','Киев','','Украина',220,'Киевская область',3491,'','[]','Оплата на карту Приватбанка','bank_transfer','','','','','','','','',0,'',0,'','[]','','','В подарок -скраб.Спасибо!',1348.0000,7,0,0.0000,0,'',1,3,'UAH',1.00000000,'66.102.9.20','213.111.90.108, 66.102.9.20','Mozilla/5.0 (Linux; Android 7.1.1; Lenovo YT-X703F) AppleWebKit/537.36 (KHTML, like Gecko) Chrome/75.0.3770.143 Safari/537.36','ru-RU,ru;q=0.9,en-US;q=0.8,en;q=0.7,uk;q=0.6','2019-07-31 22:05:11','2019-07-31 22:05:35'),(467,0,'INV-2013-00',0,'Аксимед','http://pelovit.com/',175,1,'Валерий','Скляренко','rajc@ukr.net','0507123073','','','Валерий','Скляренко','','Ул. Заболотного,8, кв.16','','Киев','','Украина',220,'Киев',3490,'','[]','Оплата на карту Приватбанка','bank_transfer','','','','','','','','',0,'',0,'','[]','','','',746.0000,7,0,0.0000,0,'',1,3,'UAH',1.00000000,'178.151.51.182','178.151.51.182','Mozilla/5.0 (Windows NT 10.0; Win64; x64) AppleWebKit/537.36 (KHTML, like Gecko) Chrome/75.0.3770.142 Safari/537.36','ru-RU,ru;q=0.9,en-US;q=0.8,en;q=0.7','2019-08-02 20:49:01','2019-08-02 20:49:18'),(468,0,'INV-2013-00',0,'Аксимед','http://pelovit.com/',166,1,'Виктория','Осинцева','vikaosintseva@ukr.net','+38(063)9133533','','','Виктория','Осинцева','','улица Успенская 39, кв.31','','Одесса','','Украина',220,'Одесская область',3495,'','[]','Оплата на карту Приватбанка','bank_transfer','','','','','','','','',0,'',0,'','[]','','','',3006.0000,7,0,0.0000,0,'',1,3,'UAH',1.00000000,'185.177.241.183','185.177.241.183','Mozilla/5.0 (Windows NT 10.0; Win64; x64; rv:68.0) Gecko/20100101 Firefox/68.0','ru-RU,ru;q=0.8,en-US;q=0.5,en;q=0.3','2019-08-05 20:21:44','2019-08-05 20:21:57'),(469,0,'INV-2013-00',0,'Аксимед','http://pelovit.com/',177,1,'Ирина ','Езус','irinochka16111992@gmail.com','0733224307','','','Ирина ','Езус','','1 мая 40','','Черноморск ','','Украина',220,'Одесская область',3495,'','[]','Оплата при доставке','cod','','','','','','','','',0,'',0,'','[]','','','',335.0000,1,0,0.0000,0,'',1,3,'UAH',1.00000000,'85.238.102.83','85.238.102.83','Mozilla/5.0 (Linux; Android 9; INE-LX1) AppleWebKit/537.36 (KHTML, like Gecko) Chrome/76.0.3809.89 Mobile Safari/537.36','ru-RU,ru;q=0.9,en-US;q=0.8,en;q=0.7,uk;q=0.6','2019-08-12 20:47:02','2019-08-12 20:47:12'),(470,0,'INV-2013-00',0,'Аксимед','http://pelovit.com/',89,1,'ирина','дроздова','dia-lg@ukr.net','0982882599','','','ирина','дроздова','','НОВА ПОШТА, ОТДЕЛЕНИЕ № 11','','Кривий Ріг ','','Украина',220,'Днепропетровская область',3484,'','[]','Оплата на карту Приватбанка','bank_transfer','','','','','','','','',0,'',0,'','[]','','','',709.0000,7,0,0.0000,0,'',1,3,'UAH',1.00000000,'188.163.40.80','188.163.40.80','Mozilla/5.0 (Windows NT 10.0; Win64; x64) AppleWebKit/537.36 (KHTML, like Gecko) Chrome/75.0.3770.142 Safari/537.36 OPR/62.0.3331.116','ru-RU,ru;q=0.9,en-US;q=0.8,en;q=0.7','2019-08-15 11:30:08','2019-08-15 11:30:17'),(471,0,'INV-2013-00',0,'Аксимед','http://pelovit.com/',155,1,'Антон','Качинський','antklik@ukr.net','067 288 61 93','','','Антон','Качинський','','вул. Прорізна, 46','','Бердичів','','Украина',220,'Житомирская область',3505,'','[]','Оплата на карту Приватбанка','bank_transfer','','','','','','','','',0,'',0,'','[]','','','Доставка:\nм. Бердичів, Нова пошта №5\nАнтон Качинський\n067 288 61 93\n',585.0000,7,0,0.0000,0,'',1,3,'UAH',1.00000000,'93.171.248.19','93.171.248.19','Mozilla/5.0 (Windows NT 6.1; Win64; x64) AppleWebKit/537.36 (KHTML, like Gecko) Chrome/75.0.3770.142 Safari/537.36 OPR/62.0.3331.116','uk-UA,uk;q=0.9,ru;q=0.8,en-US;q=0.7,en;q=0.6','2019-08-15 15:11:20','2019-08-15 15:11:23'),(472,0,'INV-2013-00',0,'Аксимед','http://pelovit.com/',178,1,'Marina','Isadchenko','urievna88877@gmail.com','0677458758','','','Marina','Isadchenko','','Улица Заречная,3-а','','Киев ','','Украина',220,'Киев',3490,'','[]','Оплата на карту Приватбанка','bank_transfer','','','','','','','','',0,'',0,'','[]','','','',810.0000,7,0,0.0000,0,'',1,3,'UAH',1.00000000,'176.37.8.173','176.37.8.173','Mozilla/5.0 (iPhone; CPU iPhone OS 12_4 like Mac OS X) AppleWebKit/605.1.15 (KHTML, like Gecko) Version/12.1.2 Mobile/15E148 Safari/604.1','ru','2019-08-16 11:32:09','2019-08-16 11:32:16'),(473,0,'INV-2013-00',0,'Аксимед','http://pelovit.com/',179,1,'Іван','Лубів','Vanja_lubiv@ukr.net','+380979308919','','','Іван','Лубів','','Делятин','','Делятин','','Украина',220,'Ивано-Франк. область',3486,'','[]','Оплата при доставке','cod','','','','','','','','',0,'',0,'','[]','','','',200.0000,1,0,0.0000,0,'',1,3,'UAH',1.00000000,'93.170.116.194','93.170.116.194','Mozilla/5.0 (Windows NT 6.1) AppleWebKit/537.36 (KHTML, like Gecko) Chrome/57.19.2987.98 Safari/537.36','uk-UA,uk;q=0.8,ru;q=0.6,en-US;q=0.4,en;q=0.2','2019-08-16 11:46:20','2019-08-16 11:46:23'),(474,0,'INV-2013-00',0,'Аксимед','http://pelovit.com/',180,1,'Олег','Горескул','goreskul.oleg@rambler.ru','+380676122049','','','Олег','Горескул','','Одесса, отд.80Новая Почта','','Одесса','','Украина',220,'Одесская область',3495,'','[]','Оплата на карту Приватбанка','bank_transfer','','','','','','','','',0,'',0,'','[]','','','',792.0000,7,0,0.0000,0,'',1,3,'UAH',1.00000000,'78.26.209.125','78.26.209.125','Mozilla/5.0 (Windows NT 6.3; Win64; x64) AppleWebKit/537.36 (KHTML, like Gecko) Chrome/75.0.3770.142 Safari/537.36 OPR/62.0.3331.116','ru-RU,ru;q=0.9,en-US;q=0.8,en;q=0.7','2019-08-16 16:11:52','2019-08-16 16:11:58'),(475,0,'INV-2013-00',0,'Аксимед','http://pelovit.com/',181,1,'Светлана','Вербило','kristin199337@gmail.com','0963375899','','','Светлана','Вербило','','Овидиополь, ул. Соборная 37а, кв.73','','Одесса','','Украина',220,'Одесская область',3495,'','[]','Оплата при доставке','cod','','','','','','','','',0,'',0,'','[]','','','',705.0000,1,0,0.0000,0,'',1,3,'UAH',1.00000000,'66.249.81.146','188.130.178.66, 66.249.81.146','Mozilla/5.0 (Linux; Android 5.0.2; PSP3530DUO Build/LRX22L) AppleWebKit/537.36 (KHTML, like Gecko) Chrome/56.0.2924.87 Mobile Safari/537.36','ru-RU,ru;q=0.8,en-US;q=0.6,en;q=0.4,uk;q=0.2','2019-08-17 11:53:34','2019-08-17 11:53:55'),(476,0,'INV-2013-00',0,'Аксимед','http://pelovit.com/',182,1,'Виталик','Москалик','vitalikmoskalik@gmail.com','502090950','','','Виталик','Москалик','','Мукачевский','','Одесса','','Украина',220,'Одесская область',3495,'','[]','Оплата при доставке','cod','','','','','','','','',0,'',0,'','[]','','','Мукачевский переулок, 6/3 кВ 62, 11 этаж, консьерж',765.0000,1,0,0.0000,0,'',1,3,'UAH',1.00000000,'37.203.16.148','37.203.16.148','Mozilla/5.0 (iPhone; CPU iPhone OS 12_3_1 like Mac OS X) AppleWebKit/605.1.15 (KHTML, like Gecko) Version/12.1.1 Mobile/15E148 Safari/604.1','ru','2019-08-17 19:03:02','2019-08-17 19:03:12'),(477,0,'INV-2013-00',0,'Аксимед','http://pelovit.com/',182,1,'Виталик','Москалик','vitalikmoskalik@gmail.com','502090950','','','Виталик','Москалик','','Мукачевский','','Одесса','','Украина',220,'Одесская область',3495,'','[]','Оплата при доставке','cod','','','','','','','','',0,'',0,'','[]','','','Мукачевский переулок, 6/3 кВ 62, 11 этаж ( констерж)',195.0000,1,0,0.0000,0,'',1,3,'UAH',1.00000000,'37.203.16.148','37.203.16.148','Mozilla/5.0 (iPhone; CPU iPhone OS 12_3_1 like Mac OS X) AppleWebKit/605.1.15 (KHTML, like Gecko) Version/12.1.1 Mobile/15E148 Safari/604.1','ru','2019-08-17 19:07:45','2019-08-17 19:07:47'),(478,0,'INV-2013-00',0,'Аксимед','http://pelovit.com/',177,1,'Ирина ','Езус','irinochka16111992@gmail.com','0733224307','','','Ирина ','Езус','','1 мая 40','','Черноморск ','','Украина',220,'Одесская область',3495,'','[]','Оплата при доставке','cod','','','','','','','','',0,'',0,'','[]','','','',568.0000,1,0,0.0000,0,'',1,3,'UAH',1.00000000,'83.142.111.197','83.142.111.197','Mozilla/5.0 (Linux; Android 9; INE-LX1) AppleWebKit/537.36 (KHTML, like Gecko) Chrome/76.0.3809.111 Mobile Safari/537.36','ru-RU,ru;q=0.9,en-US;q=0.8,en;q=0.7,uk;q=0.6','2019-08-22 13:56:16','2019-08-22 13:56:27'),(479,0,'INV-2013-00',0,'Аксимед','http://pelovit.com/',183,1,'Виктория','Осипенко','vika.osipenko21@gmail.com','+380673138197','','','Виктория','Осипенко','','ул. Драгоманова 27-а','','Киев','','Украина',220,'Киев',3490,'','[]','Оплата на карту Приватбанка','bank_transfer','','','','','','','','',0,'',0,'','[]','','','Добрый день. Подскажите, пожалуйста, будет учтен в подарок Пеловит-Р Стоматология. Спасибо',580.0000,7,0,0.0000,0,'',1,3,'UAH',1.00000000,'95.164.44.104','95.164.44.104','Mozilla/5.0 (Windows NT 10.0; Win64; x64; rv:68.0) Gecko/20100101 Firefox/68.0','ru-RU,ru;q=0.8,en-US;q=0.5,en;q=0.3','2019-08-23 12:47:55','2019-08-23 12:48:04'),(480,0,'INV-2013-00',0,'Аксимед','http://pelovit.com/',184,1,'Виктория','Косаченко','vkconsult@ukr.net','0677927962','','','Виктория','Косаченко','','Одесса','','Одеса','','Украина',220,'Одесская область',3495,'','[]','Оплата на карту Приватбанка','bank_transfer','','','','','','','','',0,'',0,'','[]','','','Подарок за каждую единицу - спрей Доктор Лорис+ 10мл\nв качестве подарка за 3 единицы : Пеловит-Р Скраб 250г.',755.0000,7,0,0.0000,0,'',1,3,'UAH',1.00000000,'79.142.207.69','79.142.207.69','Mozilla/5.0 (Windows NT 6.3; Win64; x64) AppleWebKit/537.36 (KHTML, like Gecko) Chrome/76.0.3809.100 Safari/537.36','ru-RU,ru;q=0.9,en-US;q=0.8,en;q=0.7,uk;q=0.6','2019-08-24 18:41:56','2019-08-24 18:42:02'),(481,0,'INV-2013-00',0,'Аксимед','http://pelovit.com/',77,1,'Наталия','Дихтяренко','d.n.s.3011@gmail.com','0963514889','','','Наталия','Дихтяренко','','Отделение 94','','Киев','','Украина',220,'Киев',3490,'','[]','Оплата на карту Приватбанка','bank_transfer','','','','','','','','',0,'',0,'','[]','','','',760.0000,7,0,0.0000,0,'',1,3,'UAH',1.00000000,'109.207.199.88','109.207.199.88','Mozilla/5.0 (iPad; CPU OS 12_1 like Mac OS X) AppleWebKit/605.1.15 (KHTML, like Gecko) CriOS/76.0.3809.123 Mobile/15E148 Safari/605.1','ru','2019-09-02 21:15:49','2019-09-02 21:15:55'),(482,0,'INV-2013-00',0,'Аксимед','http://pelovit.com/',185,1,'Мария ','Пахольчук','jagodka1981@gmail.com','0971501635','','','Мария ','Пахольчук','','Є.Коновальця 26','','Ровно','','Украина',220,'Ровенская область',3497,'','[]','Оплата на карту Приватбанка','bank_transfer','','','','','','','','',0,'',0,'','[]','','','',820.0000,7,0,0.0000,0,'',1,3,'UAH',1.00000000,'193.104.16.14','193.104.16.14','Mozilla/5.0 (Linux; Android 9; SM-G955F) AppleWebKit/537.36 (KHTML, like Gecko) Chrome/76.0.3809.132 Mobile Safari/537.36','ru-RU,ru;q=0.9,en-US;q=0.8,en;q=0.7,uk;q=0.6','2019-09-04 17:27:36','2019-09-04 17:27:38'),(483,0,'INV-2013-00',0,'Аксимед','http://pelovit.com/',186,1,'Eлена','Лазаренко','llazarenko11122222@gmail.com','0983548402','','','Eлена','Лазаренко','','вул. Шевченка 4','','Коростень','','Украина',220,'Житомирская область',3505,'','[]','Оплата при доставке','cod','','','','','','','','',0,'',0,'','[]','','','',675.0000,1,0,0.0000,0,'',1,3,'UAH',1.00000000,'178.251.109.248','178.251.109.248','Mozilla/5.0 (Windows NT 6.1; Win64; x64) AppleWebKit/537.36 (KHTML, like Gecko) Chrome/76.0.3809.132 Safari/537.36','ru-RU,ru;q=0.9,en-US;q=0.8,en;q=0.7,uk;q=0.6','2019-09-05 10:57:49','2019-09-05 10:57:55'),(484,0,'INV-2013-00',0,'Аксимед','http://pelovit.com/',187,1,'Наталія','Петриченко','shuhnatti@gmail.com','0931463518','','','Наталія','Петриченко','','ул. Светлицкого','','Киев','','Украина',220,'Киев',3490,'','[]','Оплата на карту Приватбанка','bank_transfer','','','','','','','','',0,'',0,'','[]','','','Добрый день! При оформлении заказа прочла информацию о подарке - если можно выбрать можно мне Пеловит-Р скраб - буду очень рада. Ранее заказывала его у вас, очень понравился.',495.0000,7,0,0.0000,0,'',1,3,'UAH',1.00000000,'217.20.173.81','217.20.173.81','Mozilla/5.0 (Windows NT 10.0; Win64; x64) AppleWebKit/537.36 (KHTML, like Gecko) Chrome/76.0.3809.132 Safari/537.36','ru-RU,ru;q=0.9,en-US;q=0.8,en;q=0.7','2019-09-05 16:05:40','2019-09-05 16:05:50'),(485,0,'INV-2013-00',0,'Аксимед','http://pelovit.com/',183,1,'Виктория','Осипенко','vika.osipenko21@gmail.com','+380673138197','','','Виктория','Осипенко','','ул. Драгоманова 27-а','','Киев','','Украина',220,'Киев',3490,'','[]','Оплата на карту Приватбанка','bank_transfer','','','','','','','','',0,'',0,'','[]','','','',195.0000,7,0,0.0000,0,'',1,3,'UAH',1.00000000,'46.219.221.196','46.219.221.196','Mozilla/5.0 (Linux; Android 9; SM-A505FM) AppleWebKit/537.36 (KHTML, like Gecko) Chrome/76.0.3809.132 Mobile Safari/537.36','ru-RU,ru;q=0.9,uk-UA;q=0.8,uk;q=0.7,en-US;q=0.6,en;q=0.5','2019-09-06 20:15:06','2019-09-06 20:15:11'),(486,0,'INV-2013-00',0,'Аксимед','http://pelovit.com/',188,1,'Марина','Романюкина','chernigova@yahoo.com','+380631944075','','','Марина','Романюкина','','Ул Т.Шевченко, д.1','','Южное','','Украина',220,'Одесская область',3495,'','[]','Оплата при доставке','cod','','','','','','','','',0,'',0,'','[]','','','Новая почта, отделение #3, г.Южное, Одесская область',780.0000,1,0,0.0000,0,'',1,3,'UAH',1.00000000,'37.73.202.84','37.73.202.84','Mozilla/5.0 (Linux; Android 9; Mi A2) AppleWebKit/537.36 (KHTML, like Gecko) Chrome/76.0.3809.132 Mobile Safari/537.36','ru-UA,ru;q=0.9,uk-UA;q=0.8,uk;q=0.7,ru-RU;q=0.6,en-US;q=0.5,en;q=0.4','2019-09-08 17:24:34','2019-09-08 17:25:09'),(487,0,'INV-2013-00',0,'Аксимед','http://pelovit.com/',189,1,'Влад','Бутковский','vlad.butkovskii1@gmail.com','0987748122','','','Влад','Бутковский','','123','','Одесса','','Украина',220,'Одесская область',3495,'','[]','Оплата на карту Приватбанка','bank_transfer','','','','','','','','',0,'',0,'','[]','','','',3790.0000,7,0,0.0000,0,'',1,3,'UAH',1.00000000,'46.211.238.134','46.211.238.134','Mozilla/5.0 (Windows NT 6.1) AppleWebKit/537.36 (KHTML, like Gecko) Chrome/77.0.3865.75 Safari/537.36','ru-RU,ru;q=0.9,en-US;q=0.8,en;q=0.7','2019-09-16 09:17:38','2019-09-16 09:18:33'),(488,0,'INV-2013-00',0,'Аксимед','http://pelovit.com/',190,1,'Мария','Бондаренко','vistamen@gmail.com','+380949535152','','','Мария','Бондаренко','','ул. Павла Каплуна 71','','Кучурган','','Украина',220,'Одесская область',3495,'','[]','Оплата при доставке','cod','','','','','','','','',0,'',0,'','[]','','','г. Кучурган (одесская область), 1 отделение Новой почты',718.0000,1,0,0.0000,0,'',1,3,'UAH',1.00000000,'217.19.216.226','217.19.216.226','Mozilla/5.0 (Windows NT 10.0; Win64; x64) AppleWebKit/537.36 (KHTML, like Gecko) Chrome/76.0.3809.132 Safari/537.36','ru-RU,ru;q=0.9,en-US;q=0.8,en;q=0.7','2019-09-18 11:16:26','2019-09-18 11:18:14'),(489,0,'INV-2013-00',0,'Аксимед','http://pelovit.com/',191,1,'Кристина','Никитина','kristia111@mail.ru','0633021047','','','Кристина','Никитина','','Новая почта 57 ','','Киев','','Украина',220,'Киев',3490,'','[]','Оплата на карту Приватбанка','bank_transfer','','','','','','','','',0,'',0,'','[]','','','',615.0000,7,0,0.0000,0,'',1,3,'UAH',1.00000000,'195.216.206.3','195.216.206.3','Mozilla/5.0 (iPhone; CPU iPhone OS 12_4_1 like Mac OS X) AppleWebKit/605.1.15 (KHTML, like Gecko) Version/12.1.2 Mobile/15E148 Safari/604.1','ru','2019-09-19 12:55:34','2019-09-19 12:55:36'),(490,0,'INV-2013-00',0,'Аксимед','http://pelovit.com/',118,1,'Павел','Гороховский','nolan5@ya.ru','0941320070','','','Павел','Гороховский','','ул. Успенская, д. 49, кв. 26','','Одесса','','Украина',220,'Одесская область',3495,'','[]','Оплата на карту Приватбанка','bank_transfer','','','','','','','','',0,'',0,'','[]','','','',195.0000,7,0,0.0000,0,'',1,3,'UAH',1.00000000,'46.17.240.19','46.17.240.19','Mozilla/5.0 (Linux; Android 7.1.2; LG-US998) AppleWebKit/537.36 (KHTML, like Gecko) Chrome/76.0.3809.132 Mobile Safari/537.36','ru-RU,ru;q=0.9,en-US;q=0.8,en;q=0.7','2019-09-19 13:14:44','2019-09-19 13:14:46'),(491,0,'INV-2013-00',0,'Аксимед','http://pelovit.com/',192,1,'Елена','Осокина','eseniya_ora15@ukr.net','+380937946551','','','Елена','Осокина','','Оболонский проспект, 37 кв.226','','Киев','','Украина',220,'Киев',3490,'','[]','Оплата при доставке','cod','','','','','','','','',0,'',0,'','[]','','','Прошу заказ отправить наложным платежем в Киев на отлеление Новой почты 178, находящееся на Оболонском проспекте. Спасибо.',270.0000,1,0,0.0000,0,'',1,3,'UAH',1.00000000,'193.106.139.229','193.106.139.229','Mozilla/5.0 (Linux; Android 7.0; SAMSUNG SM-A710F) AppleWebKit/537.36 (KHTML, like Gecko) SamsungBrowser/10.1 Chrome/71.0.3578.99 Mobile Safari/537.36','ru-RU,ru;q=0.9,en-US;q=0.8,en;q=0.7','2019-09-19 21:08:01','2019-09-19 21:08:08'),(492,0,'INV-2013-00',0,'Аксимед','http://pelovit.com/',95,1,'Евгений','Черняк ','chernyak73@gmail.com','0934440054','','','Евгений','Черняк','','124','','Киев','','Украина',220,'Киев',3490,'','[]','Оплата при доставке','cod','','','','','','','','',0,'',0,'','[]','','','',375.0000,1,0,0.0000,0,'',1,3,'UAH',1.00000000,'37.73.142.157','37.73.142.157','Mozilla/5.0 (Linux; Android 8.0.0; SM-A530F) AppleWebKit/537.36 (KHTML, like Gecko) Chrome/76.0.3809.132 Mobile Safari/537.36','en-US,en;q=0.9,ru;q=0.8,uk;q=0.7','2019-09-23 09:36:24','2019-09-23 09:36:46'),(493,0,'INV-2013-00',0,'Аксимед','http://pelovit.com/',166,1,'Виктория','Осинцева','vikaosintseva@ukr.net','+380949523596','','','Виктория','Осинцева','','улица Успенская 39, кв.31','','Одесса','','Украина',220,'Одесская область',3495,'','[]','Оплата на карту Приватбанка','bank_transfer','','','','','','','','',0,'',0,'','[]','','','',3176.0000,7,0,0.0000,0,'',1,3,'UAH',1.00000000,'188.115.163.246','188.115.163.246','Mozilla/5.0 (Windows NT 10.0; Win64; x64; rv:69.0) Gecko/20100101 Firefox/69.0','ru-RU,ru;q=0.8,en-US;q=0.5,en;q=0.3','2019-09-24 07:48:11','2019-09-24 07:48:23'),(494,0,'INV-2013-00',0,'Аксимед','http://pelovit.com/',194,1,'Мария','Иванова','Masha301090@gmail.com','0664711306','','','Мария','Иванова','','Отделение Новой Почты #3','','Сумы','','Украина',220,'Сумская область',3499,'','[]','Оплата на карту Приватбанка','bank_transfer','','','','','','','','',0,'',0,'','[]','','','',225.0000,7,0,0.0000,0,'',1,3,'UAH',1.00000000,'95.47.150.168','95.47.150.168','Mozilla/5.0 (iPhone; CPU iPhone OS 12_2 like Mac OS X) AppleWebKit/605.1.15 (KHTML, like Gecko) CriOS/77.0.3865.69 Mobile/15E148 Safari/605.1','ru','2019-09-25 17:05:54','2019-09-25 17:06:04'),(495,0,'INV-2013-00',0,'Аксимед','http://pelovit.com/',195,1,'Ольга','Шершун','belkaolga943@gmail.com','+380679007561','','','Ольга','Шершун','','Одесса','','Одесса','','Украина',220,'Одесская область',3495,'','[]','Оплата на карту Приватбанка','bank_transfer','','','','','','','','',0,'',0,'','[]','','','',618.0000,0,0,0.0000,0,'',1,3,'UAH',1.00000000,'66.102.9.74','37.73.215.71, 66.102.9.74','Mozilla/5.0 (Linux; Android 6.0.1; LEX722) AppleWebKit/537.36 (KHTML, like Gecko) Chrome/77.0.3865.92 Mobile Safari/537.36','ru-RU,ru;q=0.9,en-US;q=0.8,en;q=0.7,uk;q=0.6','2019-09-25 22:56:39','2019-09-25 22:56:39'),(496,0,'INV-2013-00',0,'Аксимед','http://pelovit.com/',195,1,'Ольга','Шершун','belkaolga943@gmail.com','+380679007561','','','Миланья','Зинина','','Отделение #3','','Белгород-Днестровский','','Украина',220,'Одесская область',3495,'','[]','Оплата на карту Приватбанка','bank_transfer','','','','','','','','',0,'',0,'','[]','','','',618.0000,0,0,0.0000,0,'',1,3,'UAH',1.00000000,'66.102.9.76','37.73.215.71, 66.102.9.76','Mozilla/5.0 (Linux; Android 6.0.1; LEX722) AppleWebKit/537.36 (KHTML, like Gecko) Chrome/77.0.3865.92 Mobile Safari/537.36','ru-RU,ru;q=0.9,en-US;q=0.8,en;q=0.7,uk;q=0.6','2019-09-25 22:59:24','2019-09-25 22:59:24'),(497,0,'INV-2013-00',0,'Аксимед','http://pelovit.com/',195,1,'Ольга','Шершун','belkaolga943@gmail.com','+380679007561','','','Миланья','Зинина','','Отделение #3','','Белгород-Днестровский','','Украина',220,'Одесская область',3495,'','[]','Оплата на карту Приватбанка','bank_transfer','','','','','','','','',0,'',0,'','[]','','','Подарок за каждую единицу - спрей Доктор Лорис+ 10мл',618.0000,7,0,0.0000,0,'',1,3,'UAH',1.00000000,'66.102.9.74','37.73.215.71, 66.102.9.74','Mozilla/5.0 (Linux; Android 6.0.1; LEX722) AppleWebKit/537.36 (KHTML, like Gecko) Chrome/77.0.3865.92 Mobile Safari/537.36','ru-RU,ru;q=0.9,en-US;q=0.8,en;q=0.7,uk;q=0.6','2019-09-25 23:00:39','2019-09-25 23:00:47'),(498,0,'INV-2013-00',0,'Аксимед','http://pelovit.com/',196,1,'Людмила','Самойленко','Camolenko22@gmail.com','+380997420628','','','Людмила','Самойленко','','Леваневцев 25/5','','Николаев ','','Украина',220,'Николаевская область',3494,'','[]','Оплата на карту Приватбанка','bank_transfer','','','','','','','','',0,'',0,'','[]','','','',430.0000,7,0,0.0000,0,'',1,3,'UAH',1.00000000,'217.77.212.75','217.77.212.75','Mozilla/5.0 (Linux; Android 9; SAMSUNG SM-A600FN) AppleWebKit/537.36 (KHTML, like Gecko) SamsungBrowser/10.1 Chrome/71.0.3578.99 Mobile Safari/537.36','ru-RU,ru;q=0.9,uk-UA;q=0.8,uk;q=0.7,en-US;q=0.6,en;q=0.5','2019-10-02 20:22:54','2019-10-02 20:23:03'),(499,0,'INV-2013-00',0,'Аксимед','http://pelovit.com/',163,1,'Ярослав ','Яненко ','Yaroslavvv70@ukr.net','80505938303','','','Ярослав ','Яненко ','','Макаренка','','Ковель ','','Украина',220,'Волынская область',3502,'','[]','Оплата при доставке','cod','','','','','','','','',0,'',0,'','[]','','','',780.0000,1,0,0.0000,0,'',1,3,'UAH',1.00000000,'31.41.71.217','31.41.71.217','Mozilla/5.0 (Linux; Android 7.0; Redmi Note 4) AppleWebKit/537.36 (KHTML, like Gecko) Chrome/77.0.3865.92 Mobile Safari/537.36','uk-UA,uk;q=0.9,ru;q=0.8,en-US;q=0.7,en;q=0.6','2019-10-05 17:49:51','2019-10-05 17:49:56'),(500,0,'INV-2013-00',0,'Аксимед','http://pelovit.com/',197,1,'Кирилл','Белы','vdvs03b@gmail.com','+380730210093','','','Кирилл','Белы','','Бабеля 2','','Одесса','','Украина',220,'Одесская область',3495,'','[]','Оплата при доставке','cod','','','','','','','','',0,'',0,'','[]','','','',540.0000,1,0,0.0000,0,'',1,3,'UAH',1.00000000,'95.134.189.17','95.134.189.17','Mozilla/5.0 (Windows NT 10.0; Win64; x64) AppleWebKit/537.36 (KHTML, like Gecko) Chrome/77.0.3865.90 Safari/537.36','ru-RU,ru;q=0.9,uk-UA;q=0.8,uk;q=0.7,en-US;q=0.6,en;q=0.5','2019-10-07 12:41:44','2019-10-07 12:41:53'),(501,0,'INV-2013-00',0,'Аксимед','http://pelovit.com/',194,1,'Мария','Иванова','Masha301090@gmail.com','0664711306','','','Мария','Иванова','','Отделение Новой Почты #3','','Сумы','','Украина',220,'Сумская область',3499,'','[]','Оплата на карту Приватбанка','bank_transfer','','','','','','','','',0,'',0,'','[]','','','',450.0000,7,0,0.0000,0,'',1,3,'UAH',1.00000000,'95.47.150.168','95.47.150.168','Mozilla/5.0 (iPhone; CPU iPhone OS 12_2 like Mac OS X) AppleWebKit/605.1.15 (KHTML, like Gecko) CriOS/77.0.3865.103 Mobile/15E148 Safari/605.1','ru','2019-10-08 12:59:20','2019-10-08 12:59:27'),(502,0,'INV-2013-00',0,'Аксимед','http://pelovit.com/',146,1,'Анна ','Суханова ','jeanvi.makeup@gmail.com','0939584144','','','Анна ','Суханова ','','Отделение Новой почты 2, улица Мореходная ','','Николаев ','','Украина',220,'Николаевская область',3494,'','[]','Оплата на карту Приватбанка','bank_transfer','','','','','','','','',0,'',0,'','[]','','','В подарок Пеловит Стомат ',945.0000,7,0,0.0000,0,'',1,3,'UAH',1.00000000,'46.33.239.117','46.33.239.117','Mozilla/5.0 (Linux; Android 8.1.0; SM-J710F) AppleWebKit/537.36 (KHTML, like Gecko) Chrome/75.0.3770.143 Mobile Safari/537.36','uk-UA,uk;q=0.9,ru;q=0.8,en-US;q=0.7,en;q=0.6','2019-10-08 14:56:40','2019-10-08 14:56:46'),(503,0,'INV-2013-00',0,'Аксимед','http://pelovit.com/',83,1,'Алла','Криль','alla.kril2015@gmail.com','(068) 115-74-31','','','Алла','Криль','','№ 6','','Николаев','','Украина',220,'Николаевская область',3494,'','[]','Оплата на карту Приватбанка','bank_transfer','','','','','','','','',0,'',0,'','[]','','','',540.0000,7,0,0.0000,0,'',1,3,'UAH',1.00000000,'31.3.192.16','31.3.192.16','Mozilla/5.0 (Windows NT 6.2) AppleWebKit/537.36 (KHTML, like Gecko) Chrome/77.0.3865.90 Safari/537.36','ru-RU,ru;q=0.9,en-US;q=0.8,en;q=0.7','2019-10-15 14:56:46','2019-10-15 14:56:51'),(504,0,'INV-2013-00',0,'Аксимед','http://pelovit.com/',189,1,'Влад','Бутковский','vlad.butkovskii1@gmail.com','0987748122','','','Влад','Бутковский','','123','','Одесса','','Украина',220,'Одесская область',3495,'','[]','Оплата на карту Приватбанка','bank_transfer','','','','','','','','',0,'',0,'','[]','','','',1291.0000,7,0,0.0000,0,'',1,3,'UAH',1.00000000,'46.211.247.53','46.211.247.53','Mozilla/5.0 (Windows NT 6.1) AppleWebKit/537.36 (KHTML, like Gecko) Chrome/77.0.3865.90 Safari/537.36','ru-RU,ru;q=0.9,en-US;q=0.8,en;q=0.7','2019-10-16 09:08:36','2019-10-16 09:08:52'),(505,0,'INV-2013-00',0,'Аксимед','http://pelovit.com/',199,1,'Юлия','Дрига','driga.julia@gmail.com','0501033811','','','Юлия','Дрига','','№29, Одесса, Говорова,7а','','Odessa','','Украина',220,'Одесская область',3495,'','[]','Оплата при доставке','cod','','','','','','','','',0,'',0,'','[]','','','',773.0000,1,0,0.0000,0,'',1,3,'UAH',1.00000000,'195.138.85.156','195.138.85.156','Mozilla/5.0 (Windows NT 10.0; Win64; x64) AppleWebKit/537.36 (KHTML, like Gecko) Chrome/77.0.3865.120 Safari/537.36','ru-RU,ru;q=0.9,en-US;q=0.8,en;q=0.7','2019-10-17 10:50:43','2019-10-17 10:51:26'),(506,0,'INV-2013-00',0,'Аксимед','http://pelovit.com/',200,1,'Татьяна','Синицкая','megy65@ukr.net','380672708560','','','Татьяна','Синицкая','','ул. К. Данькевича 12, кв.30','','Киев','','Украина',220,'Киев',3490,'','[]','Оплата при доставке','cod','','','','','','','','',0,'',0,'','[]','','','',688.0000,1,0,0.0000,0,'',1,3,'UAH',1.00000000,'195.20.4.66','195.20.4.66','Mozilla/5.0 (Windows NT 10.0; Win64; x64) AppleWebKit/537.36 (KHTML, like Gecko) Chrome/77.0.3865.120 Safari/537.36','uk-UA,uk;q=0.9,ru;q=0.8,en-US;q=0.7,en;q=0.6','2019-10-18 11:15:36','2019-10-18 11:15:51'),(507,0,'INV-2013-00',0,'Аксимед','http://pelovit.com/',201,1,'Юрий','Березовский','u.berezovskiy@gmail.com','0976058814','','','Юрий','Березовский','','Грушевского 32','','Умань','','Украина',220,'Черкасская область',3480,'','[]','Оплата на карту Приватбанка','bank_transfer','','','','','','','','',0,'',0,'','[]','','','',705.0000,7,0,0.0000,0,'',1,3,'UAH',1.00000000,'37.73.242.94','37.73.242.94','Mozilla/5.0 (Linux; U; Android 9; ru-ru; Redmi Note 6 Pro Build/PKQ1.180904.001) AppleWebKit/537.36 (KHTML, like Gecko) Version/4.0 Chrome/71.0.3578.141 Mobile Safari/537.36 XiaoMi/MiuiBrowser/10.9.7-g','ru-RU,en-US;q=0.9','2019-10-20 07:49:28','2019-10-20 07:50:13'),(508,0,'INV-2013-00',0,'Аксимед','http://pelovit.com/',4,1,'Даниил Анатольевич','Бааджи','daniilbaadzhi@gmail.com','0953380585','','','Даниил','Бааджи','','№ 2','','Доброполье','','Украина',220,'Донецкая область',3485,'','[]','Оплата на карту Приватбанка','bank_transfer','','','','','','','','',0,'',0,'','[]','','','',3046.0000,7,0,0.0000,0,'',1,3,'UAH',1.00000000,'151.0.30.89','151.0.30.89','Mozilla/5.0 (Linux; Android 9; TA-1032) AppleWebKit/537.36 (KHTML, like Gecko) Chrome/73.0.3683.90 Mobile Safari/537.36 EdgA/42.0.4.3931','ru-RU,ru;q=0.9,en-US;q=0.8,en;q=0.7,uk;q=0.6','2019-10-21 18:45:53','2019-10-21 18:46:20'),(509,0,'INV-2013-00',0,'Аксимед','http://pelovit.com/',93,1,'Алёна ','Курганская ','betteranela@gmail.com','0680150071','','','Алёна ','Курганская ','','Второе отделение ','','Борисполь ','','Украина',220,'Киевская область',3491,'','[]','Оплата на карту Приватбанка','bank_transfer','','','','','','','','',0,'',0,'','[]','','','',630.0000,7,0,0.0000,0,'',1,3,'UAH',1.00000000,'46.175.23.27','46.175.23.27','Mozilla/5.0 (Linux; Android 9; SM-G965F) AppleWebKit/537.36 (KHTML, like Gecko) Chrome/77.0.3865.116 Mobile Safari/537.36','ru-RU,ru;q=0.9,en-US;q=0.8,en;q=0.7','2019-10-21 22:21:15','2019-10-21 22:21:23'),(510,0,'INV-2013-00',0,'Аксимед','http://pelovit.com/',202,1,'Леся','Панчишина','froxy82@gmail.com','0675590730','','','Леся','Панчишина','','Одесса','','Одесса','','Украина',220,'Одесская область',3495,'','[]','Оплата на карту Приватбанка','bank_transfer','','','','','','','','',0,'',0,'','[]','','','',465.0000,0,0,0.0000,0,'',1,3,'UAH',1.00000000,'94.179.147.160','94.179.147.160','Mozilla/5.0 (Windows NT 6.1) AppleWebKit/537.36 (KHTML, like Gecko) Chrome/77.0.3865.120 Safari/537.36','ru-RU,ru;q=0.9,en-US;q=0.8,en;q=0.7','2019-10-22 09:10:31','2019-10-22 09:10:31'),(511,0,'INV-2013-00',0,'Аксимед','http://pelovit.com/',202,1,'Леся','Панчишина','froxy82@gmail.com','0675590730','','','Леся','Панчишина','','Маланова,6  НП №129','','Одесса','','Украина',220,'Одесская область',3495,'','[]','Оплата на карту Приватбанка','bank_transfer','','','','','','','','',0,'',0,'','[]','','','',465.0000,7,0,0.0000,0,'',1,3,'UAH',1.00000000,'94.179.147.160','94.179.147.160','Mozilla/5.0 (Windows NT 6.1) AppleWebKit/537.36 (KHTML, like Gecko) Chrome/77.0.3865.120 Safari/537.36','ru-RU,ru;q=0.9,en-US;q=0.8,en;q=0.7','2019-10-22 09:11:59','2019-10-22 09:12:09');

--
